{"id":3997,"date":"2021-12-18T21:00:36","date_gmt":"2021-12-18T20:00:36","guid":{"rendered":"http:\/\/grupo.us.es\/newiwpr\/?page_id=3997"},"modified":"2022-02-05T13:03:00","modified_gmt":"2022-02-05T12:03:00","slug":"la-reforma-de-la-contratacion-temporal","status":"publish","type":"page","link":"https:\/\/grupo.us.es\/iwpr\/la-reforma-de-la-contratacion-temporal\/","title":{"rendered":"La reforma de la contrataci\u00f3n laboral"},"content":{"rendered":"<p><img data-recalc-dims=\"1\" loading=\"lazy\" decoding=\"async\" class=\"\" src=\"https:\/\/i0.wp.com\/cdn.pixabay.com\/photo\/2016\/03\/15\/09\/08\/looking-for-a-job-1257233_960_720.jpg?resize=463%2C315&#038;ssl=1\" alt=\"contratos reforma laboral\" width=\"463\" height=\"315\" \/><\/p>\n<p>Uno de los temas m\u00e1s controvertidos de todo el proceso de di\u00e1logo social es el de la contrataci\u00f3n temporal. En este punto las posiciones estaban muy enfrentadas: el Gobierno present\u00f3 unas propuestas realmente incisivas, que cortaban sustancialmente las posibilidades de contrataci\u00f3n temporal. Frente a \u00e9stas, la oposici\u00f3n de la representaci\u00f3n empresarial ha sido muy fuerte; mientras que los sindicatos las apoyaron desde un primer momento, oponi\u00e9ndose a cualquier intento de reducci\u00f3n de su alcance durante la negociaci\u00f3n.<\/p>\n<p>En este punto el proceso de 2021 tiene poco de \u201ccontrarreforma\u201d en relaci\u00f3n con la reforma laboral de 2012. \u00c9sta, en efecto, no prest\u00f3 mucha atenci\u00f3n a los contratos temporales; y no lo hizo porque no fue necesario, dada la oferta de figuras contractuales disponibles, que eran ampliamente usadas por las empresas. Nuestro modelo de flexibilidad se basaba en la de entrada, por lo que en 2012 se puso \u00e9nfasis en la interna y en la salarial. De hecho, algunas de las medidas introducidas entonces en el campo de la contrataci\u00f3n laboral no llegaron a 2021, desapareciendo del ordenamiento jur\u00eddico antes de este a\u00f1o, tal como ocurri\u00f3 con el contrato de fomento para emprendedores y el contrato de nuevo empleo juvenil.<\/p>\n<p>Como consecuencia de estas dificultades para llegar a un acuerdo, las propuestas del Gobierno han ido cambiando a lo largo del proceso, abandon\u00e1ndose algunas muy vistosas como la limitaci\u00f3n absoluta del volumen de contrataci\u00f3n temporal al 15%, que apareci\u00f3 al principio del proyecto. El resultado final, en todo caso, tiene menos alcance que el originalmente previsto.<\/p>\n<p>El punto de partida es la existencia de tres modalidades contractuales, el indefinido, el temporal y el formativo. Esto se presenta como una limitaci\u00f3n de la pluralidad de figuras tradicionalmente presentes en nuestro Derecho; pero se trata m\u00e1s bien de una reorganizaci\u00f3n de la pluralidad de contratos en tres grandes categor\u00edas, algo que de facto ya exist\u00eda antes.<\/p>\n<p>Ahora habr\u00e1 s\u00f3lo dos grandes modalidades, una para para la sustituci\u00f3n de trabajadores y otra por circunstancias de la producci\u00f3n. Dentro de estas circunstancias de la producci\u00f3n se distinguen la \u00abimprevisibles\u00bb, picos inesperados de producci\u00f3n y las \u00abprevisibles\u00bb, que deber\u00e1n ser de muy corta duraci\u00f3n. Desaparece, de esta manera, uno de los instrumentos m\u00e1s utilizados para las empresas, el contrato de obra o servicio determinado, que deja de ser una opci\u00f3n para \u00e9stas. En las disposiciones no articuladas de la norma se habilitan otros supuestos de contrataci\u00f3n, espec\u00edficos del sector p\u00fablico, vinculados con la ejecuci\u00f3n de programas temporales.<\/p>\n<p>Para los dos que quedan se imponen tambi\u00e9n limitaciones. De esta manera, el contrato por circunstancias de la producci\u00f3n podr\u00e1 tener una duraci\u00f3n m\u00e1xima de seis meses, ampliable a un a\u00f1o por la negociaci\u00f3n colectiva. El mecanismo de conversi\u00f3n de los contratos temporales en indefinidos se potencia tambi\u00e9n, ya que ahora bastar\u00e1 con 18 meses de empleo en un per\u00edodo de 24; adem\u00e1s de recogerse expresamente otras causas hasta ahora admitidas por los tribunales, como la falta de concreci\u00f3n de la causa que justifique la temporalidad.<\/p>\n<p>La alternativa que se ofrece a las empresas es el contrato de fijos discontinuos, cuyo r\u00e9gimen se modifica igualmente para hacerlo m\u00e1s \u00fatil a las empresas en todos los sectores, unificando en una misma regulaci\u00f3n los previsibles y los imprevisibles (hasta ahora se regulaban de dos maneras distintas, en los art\u00edculos 12 y 16 del Estatuto). Se permitir\u00e1, por ejemplo, para cubrir la necesidad de las subcontrataciones. Como contrapartida se reforzar\u00e1n los derechos de estos trabajadores, incluidos los colectivos; y se calcula su antig\u00fcedad de acuerdo con los a\u00f1os en la empresa, no con los meses de servicios efectivamente prestados. Los convenios colectivos tendr\u00e1n tambi\u00e9n un papel m\u00e1s importante en su ordenaci\u00f3n. Est\u00e1 prevista tambi\u00e9n una modificaci\u00f3n de la legislaci\u00f3n de seguridad social para mejorar su protecci\u00f3n por desempleo.<\/p>\n<p>Los contratos formativos reciben serias correcciones. De los tres actualmente existentes se pasa a dos, el contrato de formaci\u00f3n dual y el contrato para la obtenci\u00f3n de pr\u00e1ctica profesional, con exigencias y duraciones diferentes a las actuales.<\/p>\n<h2><strong>Anterior al RDL 32\/2021<\/strong><\/h2>\n<ul>\n<li>\n<h3><a href=\"https:\/\/wp.me\/p7HIjh-12h\">La reforma de los contratos temporales<\/a><\/h3>\n<\/li>\n<li>\n<h3><a href=\"https:\/\/wp.me\/p7HIjh-Qq\">Notas Sobre El Contrato Para La Formaci\u00f3n Universitaria Dual<\/a><\/h3>\n<\/li>\n<li>\n<h3><a href=\"https:\/\/wp.me\/p7HIjh-Ql\">Algo esta ocurriendo con la contrataci\u00f3n temporal y con la subcontrataci\u00f3n<\/a><\/h3>\n<\/li>\n<li>\n<h3><a href=\"https:\/\/www.eleconomista.es\/opinion-blogs\/noticias\/11215782\/05\/21\/El-reto-de-cambiar-la-contratacion-temporal.html\">El reto de cambiar la contrataci\u00f3n laboral<\/a><\/h3>\n<\/li>\n<\/ul>\n<h2><\/h2>\n<h2><strong>Posterior al RDL 32\/2021<\/strong><\/h2>\n<ul>\n<li>\n<h3><a href=\"https:\/\/wp.me\/p7HIjh-16c\">As\u00ed es la reforma de la contrataci\u00f3n laboral<\/a><\/h3>\n<\/li>\n<li>\n<h3><a href=\"http:\/\/grupo.us.es\/iwpr\/2022\/01\/14\/unas-minimas-reflexiones-en-materia-de-contratos-y-negociacion-colectiva-en-la-reforma-laboral-2021-rdl-32-2021\/\" rel=\"bookmark\">Unas M\u00ednimas Reflexiones En Materia De Contratos Y Negociaci\u00f3n Colectiva En La Reforma Laboral 2021 (RDL 32\/2021)<\/a><\/h3>\n<\/li>\n<li>\n<h3 class=\"entry-title\"><a href=\"http:\/\/grupo.us.es\/iwpr\/2022\/01\/21\/la-lucha-contra-la-temporalidad-en-el-mercado-de-trabajo-en-espana-un-analisis-historico\/\" rel=\"bookmark\">La Lucha Contra La Temporalidad En El Mercado De Trabajo En Espa\u00f1a: Un An\u00e1lisis Hist\u00f3rico<\/a><\/h3>\n<\/li>\n<li>\n<h3 class=\"entry-title\"><a href=\"http:\/\/grupo.us.es\/iwpr\/2022\/01\/20\/la-reforma-y-sus-objetivos-de-la-derogacion-de-la-de-2012-a-otro-propio-y-actual-la-lucha-contra-la-precariedad-contractual-y-salarial\/\" rel=\"bookmark\">La Reforma Y Sus Objetivos: De La Derogaci\u00f3n De La De 2012 A Otro Propio Y Actual, La Lucha Contra La Precariedad Contractual Y Salarial<\/a><\/h3>\n<\/li>\n<\/ul>\n<ul>\n<li>\n<h3 class=\"entry-title\"><a href=\"http:\/\/grupo.us.es\/iwpr\/2022\/02\/04\/caracterizacion-general-de-la-reforma-de-la-contratacion-ideas-generales-sobre-los-mecanismos-de-actuacion\/\" rel=\"bookmark\">Caracterizaci\u00f3n General De La Reforma De La Contrataci\u00f3n: Ideas Generales Sobre Los Mecanismos De Actuaci\u00f3n<\/a><\/h3>\n<\/li>\n<\/ul>\n","protected":false},"excerpt":{"rendered":"<p>Uno de los temas m\u00e1s controvertidos de todo el proceso de di\u00e1logo social es el de la contrataci\u00f3n temporal. En este punto las posiciones estaban muy enfrentadas: el Gobierno present\u00f3 unas propuestas realmente incisivas, que cortaban sustancialmente las posibilidades de contrataci\u00f3n temporal. Frente a \u00e9stas, la oposici\u00f3n de la representaci\u00f3n empresarial ha sido muy fuerte;&#8230;<\/p>\n","protected":false},"author":2,"featured_media":0,"parent":0,"menu_order":0,"comment_status":"closed","ping_status":"closed","template":"","meta":{"jetpack_post_was_ever_published":false,"footnotes":""},"class_list":["post-3997","page","type-page","status-publish","hentry"],"jetpack_shortlink":"https:\/\/wp.me\/P7HIjh-12t","jetpack-related-posts":[{"id":4293,"url":"https:\/\/grupo.us.es\/iwpr\/biblioteca-on-line-sobre-la-reforma-laboral-de-2021\/","url_meta":{"origin":3997,"position":0},"title":"Biblioteca on-line sobre la reforma laboral de 2021","author":"Admin","date":"7 enero, 2022","format":false,"excerpt":"En este apartado se publicar\u00e1n enlaces a las publicaciones que se han venido realizando en blogs y portales sobre la reforma laboral de 2021. Estudios generales La Reforma Laboral del a\u00f1o 2021. NET21, publicado el 23 de diciembre de 2021. Una valoraci\u00f3n de urgencia sobre la reforma laboral. Cr\u00f3nica sociolaboral,\u2026","rel":"","context":"Entrada similar","block_context":{"text":"Entrada similar","link":""},"img":{"alt_text":"","src":"","width":0,"height":0},"classes":[]},{"id":4013,"url":"https:\/\/grupo.us.es\/iwpr\/la-reforma-de-la-subcontratacion-2\/","url_meta":{"origin":3997,"position":1},"title":"La reforma de la subcontrataci\u00f3n","author":"Miguel Carlos Rodr\u00edguez-Pi\u00f1ero Royo","date":"19 diciembre, 2021","format":false,"excerpt":"Uno de los temas que m\u00e1s atenci\u00f3n est\u00e1 recibiendo en este proceso es el relativo a la ordenaci\u00f3n de la subcontrataci\u00f3n. Esto tiene su inter\u00e9s, porque no es una que suela estar presente en los grandes paquetes reformadores. En la del 2012, por ejemplo, no se trat\u00f3 extensamente, por m\u00e1s\u2026","rel":"","context":"Entrada similar","block_context":{"text":"Entrada similar","link":""},"img":{"alt_text":"Incapacidad temporal","src":"https:\/\/i0.wp.com\/grupo.us.es\/iwpr\/wp-content\/uploads\/2020\/03\/laptop-3196481_1920-300x200.jpg?resize=350%2C200","width":350,"height":200},"classes":[]},{"id":3942,"url":"https:\/\/grupo.us.es\/iwpr\/proyecto-reforma-laboral-2021\/","url_meta":{"origin":3997,"position":2},"title":"Proyecto Reforma Laboral 2021","author":"Admin","date":"3 diciembre, 2021","format":false,"excerpt":"IUSLABLOG, en colaboraci\u00f3n con la revista electr\u00f3nica \u201cTrabajo, persona, derecho, mercado\u201d, lanza la iniciativa \u201cProyecto Reforma Laboral 2021\u201d. Se trata de un proyecto destinado al an\u00e1lisis y la difusi\u00f3n del proceso de reforma. Colaboran con esta iniciativa el Grupo de Investigaci\u00f3n PAIDI SEJ-322 y el proyecto FEDER18-1264479 \u201cNuevas Causas y\u2026","rel":"","context":"Entrada similar","block_context":{"text":"Entrada similar","link":""},"img":{"alt_text":"","src":"","width":0,"height":0},"classes":[]},{"id":3993,"url":"https:\/\/grupo.us.es\/iwpr\/la-reforma-de-la-negociacion-colectiva\/","url_meta":{"origin":3997,"position":3},"title":"La reforma de la negociaci\u00f3n colectiva","author":"Miguel Carlos Rodr\u00edguez-Pi\u00f1ero Royo","date":"18 diciembre, 2021","format":false,"excerpt":"La regulaci\u00f3n de la negociaci\u00f3n colectiva presenta una notable estabilidad en el Derecho del Trabajo espa\u00f1ol. Sin perjuicio de que cada reforma del Derecho individual del trabajo tenga reflejo en las normas sobre negociaci\u00f3n de convenios, generalmente en lo relativo a sus contenidos, lo cierto es que en Espa\u00f1a s\u00f3lo\u2026","rel":"","context":"Entrada similar","block_context":{"text":"Entrada similar","link":""},"img":{"alt_text":"reforma contratacion laboral","src":"https:\/\/i0.wp.com\/cdn.pixabay.com\/photo\/2019\/04\/16\/11\/15\/job-4131482_960_720.jpg?resize=350%2C200&ssl=1","width":350,"height":200},"classes":[]},{"id":3944,"url":"https:\/\/grupo.us.es\/iwpr\/aspectos-generales-del-proceso-de-reforma\/","url_meta":{"origin":3997,"position":4},"title":"Aspectos generales del proceso de reforma","author":"Admin","date":"3 diciembre, 2021","format":false,"excerpt":"Como es com\u00fan en Espa\u00f1a la reforma se articular\u00e1 mediante la aprobaci\u00f3n de una norma de emergencia, concretamente un Real Decreto-Ley, con un articulado muy extenso en el que se modifican varios preceptos de las principales normas de nuestro Derecho del Trabajo, especialmente el Estatuto de los Trabajadores. En esto\u2026","rel":"","context":"Entrada similar","block_context":{"text":"Entrada similar","link":""},"img":{"alt_text":"reforma laboral aspectos generales","src":"https:\/\/i0.wp.com\/cdn.pixabay.com\/photo\/2015\/11\/19\/21\/10\/glasses-1052010_960_720.jpg?resize=350%2C200&ssl=1","width":350,"height":200},"classes":[]},{"id":4602,"url":"https:\/\/grupo.us.es\/iwpr\/materiales-docentes-sobre-la-reforma\/","url_meta":{"origin":3997,"position":5},"title":"Materiales docentes sobre la reforma","author":"Admin","date":"1 febrero, 2022","format":false,"excerpt":"La reforma de la contrataci\u00f3n laboral en el RDL32\/2021, por Francisco Javier Calvo Gallego Aspectos generales de la reforma. Subcontrataci\u00f3n, flexibilidad interna y contratos formativos, por Miguel Rodr\u00edguez-Pi\u00f1ero Royo La reforma de los contratos formativos, por Miguel Rodr\u00edguez-Pi\u00f1ero Royo Webinario reforma laboral 1 de febrero de 2022","rel":"","context":"Entrada similar","block_context":{"text":"Entrada similar","link":""},"img":{"alt_text":"","src":"","width":0,"height":0},"classes":[]}],"jetpack_sharing_enabled":true,"_links":{"self":[{"href":"https:\/\/grupo.us.es\/iwpr\/wp-json\/wp\/v2\/pages\/3997","targetHints":{"allow":["GET"]}}],"collection":[{"href":"https:\/\/grupo.us.es\/iwpr\/wp-json\/wp\/v2\/pages"}],"about":[{"href":"https:\/\/grupo.us.es\/iwpr\/wp-json\/wp\/v2\/types\/page"}],"author":[{"embeddable":true,"href":"https:\/\/grupo.us.es\/iwpr\/wp-json\/wp\/v2\/users\/2"}],"replies":[{"embeddable":true,"href":"https:\/\/grupo.us.es\/iwpr\/wp-json\/wp\/v2\/comments?post=3997"}],"version-history":[{"count":3,"href":"https:\/\/grupo.us.es\/iwpr\/wp-json\/wp\/v2\/pages\/3997\/revisions"}],"predecessor-version":[{"id":4634,"href":"https:\/\/grupo.us.es\/iwpr\/wp-json\/wp\/v2\/pages\/3997\/revisions\/4634"}],"wp:attachment":[{"href":"https:\/\/grupo.us.es\/iwpr\/wp-json\/wp\/v2\/media?parent=3997"}],"curies":[{"name":"wp","href":"https:\/\/api.w.org\/{rel}","templated":true}]}}