{"id":34,"date":"2016-07-08T09:57:29","date_gmt":"2016-07-08T09:57:29","guid":{"rendered":"http:\/\/grupo.us.es\/newiwpr\/?page_id=34"},"modified":"2018-01-10T11:50:20","modified_gmt":"2018-01-10T10:50:20","slug":"javier-calvo-gallego","status":"publish","type":"page","link":"https:\/\/grupo.us.es\/iwpr\/blogs-personales\/javier-calvo-gallego\/","title":{"rendered":"Javier Calvo Gallego"},"content":{"rendered":"<p align=\"justify\">Fco. Javier Calvo Gallego es doctor en Derecho por la Universidad de Bolonia, Magister por la Universidad de Sevilla y actualmente Catedr\u00e1tico de Universidad del Departamento de Derecho del Trabajo y de la Seguridad Social de la Universidad de Sevilla.<img data-recalc-dims=\"1\" loading=\"lazy\" decoding=\"async\" class=\"alignright size-full wp-image-35\" src=\"https:\/\/i0.wp.com\/grupo.us.es\/iwpr\/wp-content\/uploads\/2016\/07\/Javicalvo.jpg?resize=143%2C191\" alt=\"Javicalvo\" width=\"143\" height=\"191\" \/><\/p>\n<p align=\"justify\">Sus principales l\u00edneas de investigaci\u00f3n se centran en la Responsabilidad Social y las Relaciones Laborales, \u00a0derechos fundamentales y el contrato de trabajo, los procesos de descentralizaci\u00f3n productiva y el impacto de las nuevas tecnolog\u00edas en la relaci\u00f3n de trabajo.<\/p>\n<p align=\"justify\">En la actualidad es Investigador Principal del Proyecto Instrumentos Normativos para la Mejora de las Trayectorias de los Working Poor y su Inclusi\u00f3n Social (<a href=\"https:\/\/investigacion.us.es\/sisius\/sis_proyecto.php?idproy=26871\">DER2015-63701-C3-1-R<\/a>) que coordina los otros dos integrados en el Proyecto conjunto<\/p>\n<h3 align=\"justify\">Publicaciones<\/h3>\n<h4>2016<\/h4>\n<p style=\"padding-left: 30px;\"><strong>Agosto<\/strong><\/p>\n<ul>\n<li style=\"padding-left: 30px;\"><a href=\"http:\/\/wp.me\/p7HIjh-24\">Nuevas tecnolog\u00edas y nuevas formas de trabajo<\/a><\/li>\n<\/ul>\n<p>&nbsp;<\/p>\n","protected":false},"excerpt":{"rendered":"<p>Fco. Javier Calvo Gallego es doctor en Derecho por la Universidad de Bolonia, Magister por la Universidad de Sevilla y actualmente Catedr\u00e1tico de Universidad del Departamento de Derecho del Trabajo y de la Seguridad Social de la Universidad de Sevilla. Sus principales l\u00edneas de investigaci\u00f3n se centran en la Responsabilidad Social y las Relaciones Laborales,&#8230;<\/p>\n","protected":false},"author":1,"featured_media":0,"parent":25,"menu_order":0,"comment_status":"closed","ping_status":"closed","template":"","meta":{"jetpack_post_was_ever_published":false,"footnotes":""},"class_list":["post-34","page","type-page","status-publish","hentry"],"jetpack_shortlink":"https:\/\/wp.me\/P7HIjh-y","jetpack-related-posts":[{"id":5788,"url":"https:\/\/grupo.us.es\/iwpr\/equipo-de-trabajo\/","url_meta":{"origin":34,"position":0},"title":"Equipo de trabajo","author":"Jaime Rom\u00e1n Lemos","date":"1 marzo, 2024","format":false,"excerpt":"D\u00f1a. Mar\u00eda Luisa P\u00e9rez Guerrero Derecho del Trabajo Universidad de Huelva Contacto: malupe@ddtss.uhu.es \u00a0 D. Miguel Rodr\u00edguez-Pi\u00f1ero Royo Derecho del Trabajo Universidad de Sevilla Contacto: mrodriguez7@us.es \u00a0 D. Francisco Javier Calvo Gallego Derecho del Trabajo Universidad de Sevilla Contacto: javiercalvo@us.es \u00a0 D. Jos\u00e9 Manuel Morales Ortega Derecho del Trabajo Universidad\u2026","rel":"","context":"Entrada similar","block_context":{"text":"Entrada similar","link":""},"img":{"alt_text":"","src":"","width":0,"height":0},"classes":[]},{"id":140,"url":"https:\/\/grupo.us.es\/iwpr\/blogs-personales\/maria-jose-gomez-torres\/","url_meta":{"origin":34,"position":1},"title":"Maria Jos\u00e9 G\u00f3mez Torres","author":"Fco. Javier Calvo Gallego","date":"5 septiembre, 2016","format":false,"excerpt":"Mar\u00eda Jos\u00e9 G\u00f3mez Torres es Profesora Titular de la Universidad de Sevilla en el\u00a0Departamento\u00a0Did\u00e1ctica y Organizaci\u00f3n Educativa. Entre sus principales trabajos cabe citar sus monograf\u00edas sobre \u00a0Aspectos Evolutivos y Educativos de la Deficiencia Mental, publicado por la Universidad de Sevilla. Sav (Secretariado de Recursos Audiovisuales y Nuevas Tecnolog\u00edas), Secretariado de\u2026","rel":"","context":"Entrada similar","block_context":{"text":"Entrada similar","link":""},"img":{"alt_text":"img_6569","src":"https:\/\/i0.wp.com\/grupo.us.es\/iwpr\/wp-content\/uploads\/2016\/09\/IMG_6569-169x300.jpg?resize=350%2C200","width":350,"height":200},"classes":[]},{"id":3937,"url":"https:\/\/grupo.us.es\/iwpr\/programa\/","url_meta":{"origin":34,"position":2},"title":"Programa","author":"Admin","date":"4 enero, 2022","format":false,"excerpt":"16 DE MARZO DE 2022 9:00. PRESENTACI\u00d3N Decano de la Facultad de Ciencias del Trabajo; Directora del Centro de Documentaci\u00f3n Europea; IP Proyecto US-1264479 9:30. MARCO GENERAL Presenta: Mar\u00eda Fernanda Fern\u00e1ndez L\u00f3pez (Universidad de Sevilla) 9:30. Conferencia inaugural: a cargo de Miguel Rodr\u00edguez-Pi\u00f1ero y Bravo Ferrer, catedr\u00e1tico de Derecho del\u2026","rel":"","context":"Entrada similar","block_context":{"text":"Entrada similar","link":""},"img":{"alt_text":"","src":"","width":0,"height":0},"classes":[]},{"id":1386,"url":"https:\/\/grupo.us.es\/iwpr\/congreso-final-del-proyecto-instrumentos-normativos-para-la-mejora-de-las-trayectorias-laborales-en-el-nuevo-contexto-demografico-economico-y-tecnologico\/segunda-parte-pobreza-en-la-ocupacion-y-envejecimiento-activo\/","url_meta":{"origin":34,"position":3},"title":"Seminario \u00abPobreza en la ocupaci\u00f3n y envejecimiento activo\u00bb","author":"Miguel Carlos Rodr\u00edguez-Pi\u00f1ero Royo","date":"11 septiembre, 2018","format":false,"excerpt":"Seminario sobre \"Pobreza en la ocupaci\u00f3n y envejecimiento activo\" En el seno del Congreso internacional \u201cInstrumentos normativos para la mejora de las trayectorias laborales en el nuevo contexto demogr\u00e1fico, econ\u00f3mico y tecnol\u00f3gico\u201d se va a celebrar en Sevilla los d\u00edas 15 y 16 de noviembre de 2018 un seminario sobre\u2026","rel":"","context":"Entrada similar","block_context":{"text":"Entrada similar","link":""},"img":{"alt_text":"","src":"https:\/\/i0.wp.com\/grupo.us.es\/iwpr\/wp-content\/uploads\/2016\/07\/mineco_ue-300x53.png?resize=350%2C200","width":350,"height":200},"classes":[]},{"id":1381,"url":"https:\/\/grupo.us.es\/iwpr\/congreso-final-del-proyecto-instrumentos-normativos-para-la-mejora-de-las-trayectorias-laborales-en-el-nuevo-contexto-demografico-economico-y-tecnologico\/","url_meta":{"origin":34,"position":4},"title":"CONGRESO FINAL DEL PROYECTO","author":"Miguel Carlos Rodr\u00edguez-Pi\u00f1ero Royo","date":"11 septiembre, 2018","format":false,"excerpt":"En el marco de los proyectos combinados que han gestionado este portal, se organiza este Congreso internacional \u201cInstrumentos normativos para la mejora de las trayectorias laborales en el nuevo contexto demogr\u00e1fico, econ\u00f3mico y tecnol\u00f3gico\u201c con el que se dar\u00e1 fin a los trabajos de investigaci\u00f3n y se presentar\u00e1n sus resultados.\u2026","rel":"","context":"Entrada similar","block_context":{"text":"Entrada similar","link":""},"img":{"alt_text":"","src":"https:\/\/i0.wp.com\/grupo.us.es\/iwpr\/wp-content\/uploads\/2016\/07\/mineco_ue-300x53.png?resize=350%2C200","width":350,"height":200,"srcset":"https:\/\/i0.wp.com\/grupo.us.es\/iwpr\/wp-content\/uploads\/2016\/07\/mineco_ue-300x53.png?resize=350%2C200 1x, https:\/\/i0.wp.com\/grupo.us.es\/iwpr\/wp-content\/uploads\/2016\/07\/mineco_ue-300x53.png?resize=525%2C300 1.5x"},"classes":[]},{"id":969,"url":"https:\/\/grupo.us.es\/iwpr\/pobreza-en-el-trabajo\/imposicion-y-trabajadores-pobres-un-estudio-de-derecho-comparado\/","url_meta":{"origin":34,"position":5},"title":"Imposici\u00f3n y trabajadores pobres: un estudio de Derecho comparado","author":"Fco. Javier Calvo Gallego","date":"15 diciembre, 2017","format":false,"excerpt":"Para acceder a este cap\u00edtulo,\u00a0 elaborado por el Pr. Dr. Jos\u00e9 Antonio Fern\u00e1ndez Amor, y publicado en la monograf\u00eda Trabajadores pobres y pobreza en la ocupaci\u00f3n: concepto y evoluci\u00f3n de la pobreza en la ocupaci\u00f3n: el impacto de las \u00faltimas reformas legales, (dir. Fco Javier Calvo Gallego, M.R. G\u00f3mez- \u00c1lvarez\u2026","rel":"","context":"Entrada similar","block_context":{"text":"Entrada similar","link":""},"img":{"alt_text":"","src":"","width":0,"height":0},"classes":[]}],"jetpack_sharing_enabled":true,"_links":{"self":[{"href":"https:\/\/grupo.us.es\/iwpr\/wp-json\/wp\/v2\/pages\/34","targetHints":{"allow":["GET"]}}],"collection":[{"href":"https:\/\/grupo.us.es\/iwpr\/wp-json\/wp\/v2\/pages"}],"about":[{"href":"https:\/\/grupo.us.es\/iwpr\/wp-json\/wp\/v2\/types\/page"}],"author":[{"embeddable":true,"href":"https:\/\/grupo.us.es\/iwpr\/wp-json\/wp\/v2\/users\/1"}],"replies":[{"embeddable":true,"href":"https:\/\/grupo.us.es\/iwpr\/wp-json\/wp\/v2\/comments?post=34"}],"version-history":[{"count":0,"href":"https:\/\/grupo.us.es\/iwpr\/wp-json\/wp\/v2\/pages\/34\/revisions"}],"up":[{"embeddable":true,"href":"https:\/\/grupo.us.es\/iwpr\/wp-json\/wp\/v2\/pages\/25"}],"wp:attachment":[{"href":"https:\/\/grupo.us.es\/iwpr\/wp-json\/wp\/v2\/media?parent=34"}],"curies":[{"name":"wp","href":"https:\/\/api.w.org\/{rel}","templated":true}]}}

<p align="justify">Fco. Javier Calvo Gallego es doctor en Derecho por la Universidad de Bolonia, Magister por la Universidad de Sevilla y actualmente Catedrático de Universidad del Departamento de Derecho del Trabajo y de la Seguridad Social de la Universidad de Sevilla.<img data-recalc-dims="1" loading="lazy" decoding="async" class="alignright size-full wp-image-35" src="https://i0.wp.com/grupo.us.es/iwpr/wp-content/uploads/2016/07/Javicalvo.jpg?resize=143%2C191" alt="Javicalvo" width="143" height="191" /></p>
<p align="justify">Sus principales líneas de investigación se centran en la Responsabilidad Social y las Relaciones Laborales,  derechos fundamentales y el contrato de trabajo, los procesos de descentralización productiva y el impacto de las nuevas tecnologías en la relación de trabajo.</p>
<p align="justify">En la actualidad es Investigador Principal del Proyecto Instrumentos Normativos para la Mejora de las Trayectorias de los Working Poor y su Inclusión Social (<a href="https://investigacion.us.es/sisius/sis_proyecto.php?idproy=26871">DER2015-63701-C3-1-R</a>) que coordina los otros dos integrados en el Proyecto conjunto</p>
<h3 align="justify">Publicaciones</h3>
<h4>2016</h4>
<p style="padding-left: 30px;"><strong>Agosto</strong></p>
<ul>
<li style="padding-left: 30px;"><a href="http://wp.me/p7HIjh-24">Nuevas tecnologías y nuevas formas de trabajo</a></li>
</ul>
<p>&nbsp;</p>

<p>Fco. Javier Calvo Gallego es doctor en Derecho por la Universidad de Bolonia, Magister por la Universidad de Sevilla y actualmente Catedrático de Universidad del Departamento de Derecho del Trabajo y de la Seguridad Social de la Universidad de Sevilla. Sus principales líneas de investigación se centran en la Responsabilidad Social y las Relaciones Laborales,&#8230;</p>

Jaime Román Lemos

Dña. María Luisa Pérez Guerrero Derecho del Trabajo Universidad de Huelva Contacto: malupe@ddtss.uhu.es   D. Miguel Rodríguez-Piñero Royo Derecho del Trabajo Universidad de Sevilla Contacto: mrodriguez7@us.es   D. Francisco Javier Calvo Gallego Derecho del Trabajo Universidad de Sevilla Contacto: javiercalvo@us.es   D. José Manuel Morales Ortega Derecho del Trabajo Universidad…

Maria José Gómez Torres

María José Gómez Torres es Profesora Titular de la Universidad de Sevilla en el Departamento Didáctica y Organización Educativa. Entre sus principales trabajos cabe citar sus monografías sobre  Aspectos Evolutivos y Educativos de la Deficiencia Mental, publicado por la Universidad de Sevilla. Sav (Secretariado de Recursos Audiovisuales y Nuevas Tecnologías), Secretariado de…

16 DE MARZO DE 2022 9:00. PRESENTACIÓN Decano de la Facultad de Ciencias del Trabajo; Directora del Centro de Documentación Europea; IP Proyecto US-1264479 9:30. MARCO GENERAL Presenta: María Fernanda Fernández López (Universidad de Sevilla) 9:30. Conferencia inaugural: a cargo de Miguel Rodríguez-Piñero y Bravo Ferrer, catedrático de Derecho del…

Seminario «Pobreza en la ocupación y envejecimiento activo»

Miguel Carlos Rodríguez-Piñero Royo

Seminario sobre "Pobreza en la ocupación y envejecimiento activo" En el seno del Congreso internacional “Instrumentos normativos para la mejora de las trayectorias laborales en el nuevo contexto demográfico, económico y tecnológico” se va a celebrar en Sevilla los días 15 y 16 de noviembre de 2018 un seminario sobre…

En el marco de los proyectos combinados que han gestionado este portal, se organiza este Congreso internacional “Instrumentos normativos para la mejora de las trayectorias laborales en el nuevo contexto demográfico, económico y tecnológico“ con el que se dará fin a los trabajos de investigación y se presentarán sus resultados.…

Imposición y trabajadores pobres: un estudio de Derecho comparado

Para acceder a este capítulo,  elaborado por el Pr. Dr. José Antonio Fernández Amor, y publicado en la monografía Trabajadores pobres y pobreza en la ocupación: concepto y evolución de la pobreza en la ocupación: el impacto de las últimas reformas legales, (dir. Fco Javier Calvo Gallego, M.R. Gómez- Álvarez…
