{"id":2429,"date":"2020-09-23T18:16:45","date_gmt":"2020-09-23T16:16:45","guid":{"rendered":"http:\/\/grupo.us.es\/newiwpr\/?page_id=2429"},"modified":"2020-09-23T18:16:45","modified_gmt":"2020-09-23T16:16:45","slug":"nuevas-causas-y-perfiles-discriminatorios-en-el-nuevo-contexto-tecnologico-y-social","status":"publish","type":"page","link":"https:\/\/grupo.us.es\/iwpr\/nuevas-causas-y-perfiles-discriminatorios-en-el-nuevo-contexto-tecnologico-y-social\/","title":{"rendered":"Nuevas causas y perfiles discriminatorios en el nuevo contexto tecnol\u00f3gico y social"},"content":{"rendered":"<p>Se trata de un proyecto I+D+i FEDER Andaluc\u00eda 2014-2020 que, con referencia US-1264479 tiene una duraci\u00f3n bianual -Fecha de Inicio: 01-02-2020;\u00a0 Fecha de Finalizaci\u00f3n: 31-01-2022- y que ha sido financiado por la Consejer\u00eda de Econom\u00eda y Conocimientode la Junta de Andaluc\u00eda. Sus responsables son\u00a0 <a href=\"https:\/\/investigacion.us.es\/sisius\/sis_showpub.php?ct=1&amp;cs=&amp;idpers=6030\">Francisco Javier Calvo Gallego<\/a> y Jos\u00e9 Manuel Morales Ortega.<\/p>\n<ul>\n<li>Su Equipo de Investigaci\u00f3n:\n<ul>\n<li><a href=\"https:\/\/investigacion.us.es\/sisius\/sis_showpub.php?ct=1&amp;cs=&amp;idpers=6101\">Carmen Aguilar del Castillo<\/a><\/li>\n<li><a href=\"https:\/\/investigacion.us.es\/sisius\/sis_showpub.php?ct=1&amp;cs=&amp;idpers=2799\">Mar\u00eda Cruz I. Arcos Vargas<\/a><\/li>\n<li><a href=\"https:\/\/investigacion.us.es\/sisius\/sis_showpub.php?ct=1&amp;cs=&amp;idpers=2711\">Mar\u00eda Teresa Ar\u00e9valo Quijada<\/a><\/li>\n<li><a href=\"https:\/\/investigacion.us.es\/sisius\/sis_showpub.php?ct=1&amp;cs=&amp;idpers=5443\">Abraham Barrero Ortega<\/a><\/li>\n<li>Emilia Castellano Burguillo<\/li>\n<li><a href=\"https:\/\/investigacion.us.es\/sisius\/sis_showpub.php?ct=1&amp;cs=&amp;idpers=6028\">Mar\u00eda Fernanda Fern\u00e1ndez L\u00f3pez<\/a><\/li>\n<li><a href=\"https:\/\/investigacion.us.es\/sisius\/sis_showpub.php?ct=1&amp;cs=&amp;idpers=2717\">Dolores G\u00f3mez Dom\u00ednguez<\/a><\/li>\n<li><a href=\"https:\/\/investigacion.us.es\/sisius\/sis_showpub.php?ct=1&amp;cs=&amp;idpers=6108\">Esperanza Macarena Hern\u00e1ndez Bejarano<\/a><\/li>\n<li><a href=\"https:\/\/investigacion.us.es\/sisius\/sis_showpub.php?ct=1&amp;cs=&amp;idpers=14760\">Jos\u00e9 Luis L\u00e1zaro S\u00e1nchez<\/a><\/li>\n<li><a href=\"https:\/\/investigacion.us.es\/sisius\/sis_showpub.php?ct=1&amp;cs=&amp;idpers=6110\">Ram\u00f3n L\u00f3pez Fuentes<\/a><\/li>\n<li><a href=\"https:\/\/investigacion.us.es\/sisius\/sis_showpub.php?ct=1&amp;cs=&amp;idpers=2452\">Miguel \u00c1ngel Mart\u00ednez-Gij\u00f3n Machuca<\/a><\/li>\n<li>Fernando P\u00e9rez Dom\u00ednguez<\/li>\n<li>Mar\u00eda Luisa P\u00e9rez Guerrero<\/li>\n<li><a href=\"https:\/\/investigacion.us.es\/sisius\/sis_showpub.php?ct=1&amp;cs=&amp;idpers=10415\">Miguel Rodr\u00edguez-Pi\u00f1ero Royo<\/a><\/li>\n<\/ul>\n<\/li>\n<\/ul>\n<p>Forman el equipo colaborador los siguientes doctores:<\/p>\n<ul>\n<li style=\"list-style-type: none;\">\n<ul>\n<li><a href=\"https:\/\/investigacion.us.es\/sisius\/sis_showpub.php?ct=1&amp;cs=&amp;idpers=18313\">Mar\u00eda Jos\u00e9 Asquerino Lamparero<\/a><\/li>\n<li>Jes\u00fas de La Corte de la Corte<\/li>\n<li><a href=\"https:\/\/investigacion.us.es\/sisius\/sis_showpub.php?ct=1&amp;cs=&amp;idpers=20221\">Ana Dom\u00ednguez Morales<\/a><\/li>\n<li>Iluminada Feria Basilio<\/li>\n<li>Alicia Rivas Va\u00f1\u00f3<\/li>\n<li><a href=\"https:\/\/investigacion.us.es\/sisius\/sis_showpub.php?ct=1&amp;cs=&amp;idpers=6074\">F\u00e9lix Salvador P\u00e9rez<\/a><\/li>\n<li><a href=\"https:\/\/investigacion.us.es\/sisius\/sis_showpub.php?ct=1&amp;cs=&amp;idpers=6114\">Esperanza Macarena Sierra Ben\u00edtez<\/a><\/li>\n<\/ul>\n<\/li>\n<\/ul>\n","protected":false},"excerpt":{"rendered":"<p>Se trata de un proyecto I+D+i FEDER Andaluc\u00eda 2014-2020 que, con referencia US-1264479 tiene una duraci\u00f3n bianual -Fecha de Inicio: 01-02-2020;\u00a0 Fecha de Finalizaci\u00f3n: 31-01-2022- y que ha sido financiado por la Consejer\u00eda de Econom\u00eda y Conocimientode la Junta de Andaluc\u00eda. Sus responsables son\u00a0 Francisco Javier Calvo Gallego y Jos\u00e9 Manuel Morales Ortega. Su Equipo&#8230;<\/p>\n","protected":false},"author":1,"featured_media":0,"parent":0,"menu_order":0,"comment_status":"closed","ping_status":"closed","template":"","meta":{"jetpack_post_was_ever_published":false,"footnotes":""},"class_list":["post-2429","page","type-page","status-publish","hentry"],"jetpack_shortlink":"https:\/\/wp.me\/P7HIjh-Db","jetpack-related-posts":[{"id":1386,"url":"https:\/\/grupo.us.es\/iwpr\/congreso-final-del-proyecto-instrumentos-normativos-para-la-mejora-de-las-trayectorias-laborales-en-el-nuevo-contexto-demografico-economico-y-tecnologico\/segunda-parte-pobreza-en-la-ocupacion-y-envejecimiento-activo\/","url_meta":{"origin":2429,"position":0},"title":"Seminario \u00abPobreza en la ocupaci\u00f3n y envejecimiento activo\u00bb","author":"Miguel Carlos Rodr\u00edguez-Pi\u00f1ero Royo","date":"11 septiembre, 2018","format":false,"excerpt":"Seminario sobre \"Pobreza en la ocupaci\u00f3n y envejecimiento activo\" En el seno del Congreso internacional \u201cInstrumentos normativos para la mejora de las trayectorias laborales en el nuevo contexto demogr\u00e1fico, econ\u00f3mico y tecnol\u00f3gico\u201d se va a celebrar en Sevilla los d\u00edas 15 y 16 de noviembre de 2018 un seminario sobre\u2026","rel":"","context":"Entrada similar","block_context":{"text":"Entrada similar","link":""},"img":{"alt_text":"","src":"https:\/\/i0.wp.com\/grupo.us.es\/iwpr\/wp-content\/uploads\/2016\/07\/mineco_ue-300x53.png?resize=350%2C200","width":350,"height":200},"classes":[]},{"id":5795,"url":"https:\/\/grupo.us.es\/iwpr\/produccion-cientifica\/","url_meta":{"origin":2429,"position":1},"title":"Producci\u00f3n cient\u00edfica","author":"Jaime Rom\u00e1n Lemos","date":"13 febrero, 2024","format":false,"excerpt":"\u00a0 \u00a0 Aqu\u00ed pueden encontrarse en formato open access los distintos trabajos cient\u00edficos que han sido publicados en el marco del Proyecto TRABEXIT. \u00a0 RODR\u00cdGUEZ-PI\u00d1ERO ROYO, M., \"Ampliando el foco de las medidas de conflicto: de las plataformas a la Gran Dimisi\u00f3n\u201d, Ponencia tem\u00e1tica presentada a las XL Jornadas Universitarias\u2026","rel":"","context":"Entrada similar","block_context":{"text":"Entrada similar","link":""},"img":{"alt_text":"","src":"https:\/\/i0.wp.com\/grupo.us.es\/iwpr\/wp-content\/uploads\/2020\/09\/Revista.jpg?fit=210%2C300&ssl=1&resize=350%2C200","width":350,"height":200},"classes":[]},{"id":3927,"url":"https:\/\/grupo.us.es\/iwpr\/congreso-internacional\/","url_meta":{"origin":2429,"position":2},"title":"Congreso Internacional","author":"Admin","date":"4 enero, 2022","format":false,"excerpt":"CONGRESO INTERNACIONAL DISCRIMINACI\u00d3N Y NUEVAS REALIDADES ECON\u00d3MICAS, TECNOL\u00d3GICAS Y SOCIALES (EVENTO COFE) Las nuevas realidades tecnol\u00f3gicas, econ\u00f3micas y sociales propias de este siglo est\u00e1n generando nuevos campos (Internet, redes sociales, plataformas, etc) destacando ciertos rasgos (gen\u00e9tica, pobreza y exclusi\u00f3n social, obesidad, enfermedad, apariencia, etc), que aparecen como posibles \u00e1mbitos y\u2026","rel":"","context":"Entrada similar","block_context":{"text":"Entrada similar","link":""},"img":{"alt_text":"","src":"https:\/\/i0.wp.com\/grupo.us.es\/iwpr\/wp-content\/uploads\/2022\/02\/Captura-150x52.jpg?resize=350%2C200","width":350,"height":200},"classes":[]},{"id":3937,"url":"https:\/\/grupo.us.es\/iwpr\/programa\/","url_meta":{"origin":2429,"position":3},"title":"Programa","author":"Admin","date":"4 enero, 2022","format":false,"excerpt":"16 DE MARZO DE 2022 9:00. PRESENTACI\u00d3N Decano de la Facultad de Ciencias del Trabajo; Directora del Centro de Documentaci\u00f3n Europea; IP Proyecto US-1264479 9:30. MARCO GENERAL Presenta: Mar\u00eda Fernanda Fern\u00e1ndez L\u00f3pez (Universidad de Sevilla) 9:30. Conferencia inaugural: a cargo de Miguel Rodr\u00edguez-Pi\u00f1ero y Bravo Ferrer, catedr\u00e1tico de Derecho del\u2026","rel":"","context":"Entrada similar","block_context":{"text":"Entrada similar","link":""},"img":{"alt_text":"","src":"","width":0,"height":0},"classes":[]},{"id":6059,"url":"https:\/\/grupo.us.es\/iwpr\/maria-luisa-perez-guerrero\/","url_meta":{"origin":2429,"position":4},"title":"Mar\u00eda Luisa P\u00e9rez Guerrero","author":"Jaime Rom\u00e1n Lemos","date":"21 marzo, 2024","format":false,"excerpt":"Profesora Titular de Universidad, desde 2007, habilitada, con dos sexenios de investigaci\u00f3n reconocidos. Licenciada en Derecho por la Universidad de Huelva y Doctora en Derecho del Trabajo y de la Seguridad Social por la misma Universidad. Esta Tesis doctoral fue premiada con el Premio Nacional del Consejo Econ\u00f3mico y Social\u2026","rel":"","context":"Entrada similar","block_context":{"text":"Entrada similar","link":""},"img":{"alt_text":"","src":"https:\/\/i0.wp.com\/grupo.us.es\/iwpr\/wp-content\/uploads\/2024\/03\/Maria-Luisa-Perez-Guerrero-216x300.jpeg?resize=350%2C200","width":350,"height":200},"classes":[]},{"id":2,"url":"https:\/\/grupo.us.es\/iwpr\/pagina-ejemplo\/","url_meta":{"origin":2429,"position":5},"title":"El Derecho ante los nuevos retos del mercado laboral","author":"Fco. Javier Calvo Gallego","date":"8 julio, 2016","format":false,"excerpt":"Presentaci\u00f3n general Inmersos en el omnipresente cambio, quiz\u00e1s no apreciemos ni la intensidad del mismo, ni la profundidad de las alteraciones sociales, econ\u00f3micas y jur\u00eddicas que est\u00e1 provocando en nuestra sociedad. Si en su momento la revoluci\u00f3n industrial permiti\u00f3 el paso de una econom\u00eda agr\u00edcola y local a otra industrial\u2026","rel":"","context":"Entrada similar","block_context":{"text":"Entrada similar","link":""},"img":{"alt_text":"","src":"https:\/\/i0.wp.com\/grupo.us.es\/iwpr\/wp-content\/uploads\/2020\/09\/financiacion-2-300x118.png?resize=350%2C200","width":350,"height":200},"classes":[]}],"jetpack_sharing_enabled":true,"_links":{"self":[{"href":"https:\/\/grupo.us.es\/iwpr\/wp-json\/wp\/v2\/pages\/2429","targetHints":{"allow":["GET"]}}],"collection":[{"href":"https:\/\/grupo.us.es\/iwpr\/wp-json\/wp\/v2\/pages"}],"about":[{"href":"https:\/\/grupo.us.es\/iwpr\/wp-json\/wp\/v2\/types\/page"}],"author":[{"embeddable":true,"href":"https:\/\/grupo.us.es\/iwpr\/wp-json\/wp\/v2\/users\/1"}],"replies":[{"embeddable":true,"href":"https:\/\/grupo.us.es\/iwpr\/wp-json\/wp\/v2\/comments?post=2429"}],"version-history":[{"count":0,"href":"https:\/\/grupo.us.es\/iwpr\/wp-json\/wp\/v2\/pages\/2429\/revisions"}],"wp:attachment":[{"href":"https:\/\/grupo.us.es\/iwpr\/wp-json\/wp\/v2\/media?parent=2429"}],"curies":[{"name":"wp","href":"https:\/\/api.w.org\/{rel}","templated":true}]}}