{"id":20,"date":"2016-07-08T09:35:56","date_gmt":"2016-07-08T09:35:56","guid":{"rendered":"http:\/\/grupo.us.es\/newiwpr\/?page_id=20"},"modified":"2017-12-15T09:48:29","modified_gmt":"2017-12-15T08:48:29","slug":"envejecimiento-activo","status":"publish","type":"page","link":"https:\/\/grupo.us.es\/iwpr\/envejecimiento-activo\/","title":{"rendered":"Envejecimiento activo"},"content":{"rendered":"<p>En este apartado se incorporan provisionalmente los res\u00famenes de los distintos cap\u00edtulos que conforman el primer trabajo monogr\u00e1fico de este subproyecto.<\/p>\n<p>Una vez finalizado el periodo de \u00absecuestro\u00bb de la publicaci\u00f3n, se proceder\u00e1 a la difusi\u00f3n de los mismos en abierto, con esta misma estructura y visualizaci\u00f3n.<\/p>\n","protected":false},"excerpt":{"rendered":"<p>En este apartado se incorporan provisionalmente los res\u00famenes de los distintos cap\u00edtulos que conforman el primer trabajo monogr\u00e1fico de este subproyecto. Una vez finalizado el periodo de \u00absecuestro\u00bb de la publicaci\u00f3n, se proceder\u00e1 a la difusi\u00f3n de los mismos en abierto, con esta misma estructura y visualizaci\u00f3n.<\/p>\n","protected":false},"author":1,"featured_media":0,"parent":0,"menu_order":2,"comment_status":"closed","ping_status":"closed","template":"","meta":{"jetpack_post_was_ever_published":false,"footnotes":""},"class_list":["post-20","page","type-page","status-publish","hentry"],"jetpack_shortlink":"https:\/\/wp.me\/P7HIjh-k","jetpack-related-posts":[{"id":47,"url":"https:\/\/grupo.us.es\/iwpr\/biblioteca\/","url_meta":{"origin":20,"position":0},"title":"Biblioteca","author":"Fco. Javier Calvo Gallego","date":"12 julio, 2016","format":false,"excerpt":"En este apartado encontrar\u00e1s referencias a los principales art\u00edculos y fuentes bibliogr\u00e1ficas en abierto de cada uno de los temas que aborda actualmente este proyecto de investigaci\u00f3n","rel":"","context":"Entrada similar","block_context":{"text":"Entrada similar","link":""},"img":{"alt_text":"biblioteca","src":"https:\/\/i0.wp.com\/grupo.us.es\/iwpr\/wp-content\/uploads\/2016\/07\/biblioteca-287x300.jpg?resize=350%2C200","width":350,"height":200},"classes":[]},{"id":90,"url":"https:\/\/grupo.us.es\/iwpr\/biblioteca\/pobreza-en-el-trabajo-y-working-poor\/","url_meta":{"origin":20,"position":1},"title":"Pobreza en el trabajo y working poor","author":"Fco. Javier Calvo Gallego","date":"14 julio, 2016","format":false,"excerpt":"En esta p\u00e1gina encontrar\u00e1s referencias y enlaces externos a art\u00edculos o ponencias de inter\u00e9s que aborden este tema. Working poor Este concepto es fundamentalmente norteamericano, elaborado \u00a0por la Oficina de Estad\u00edsticas Laborales de Estados Unidos, que en sus sucesivos informes desde 1996 -el acceso a los mismos en http:\/\/www.bls.gov\/cps\/earnings.htm#workpoor-\u00a0viene definiendo\u2026","rel":"","context":"Entrada similar","block_context":{"text":"Entrada similar","link":""},"img":{"alt_text":"","src":"","width":0,"height":0},"classes":[]},{"id":5778,"url":"https:\/\/grupo.us.es\/iwpr\/aproximacion-al-proyecto-trabexit\/","url_meta":{"origin":20,"position":2},"title":"Aproximaci\u00f3n al Proyecto Trabexit","author":"Jaime Rom\u00e1n Lemos","date":"13 febrero, 2024","format":false,"excerpt":"Este proyecto est\u00e1 financiado por la convocatoria de proyectos de investigaci\u00f3n del Ministerio de Ciencia e Innovaci\u00f3n del Reino de Espa\u00f1a, en el marco del Programa de Generaci\u00f3n del Conocimiento dentro del Plan Estatal de Investigaci\u00f3n Cient\u00edfica y T\u00e9cnica y de Innovaci\u00f3n 2021-2023. Su denominaci\u00f3n oficial es \"La huida del\u2026","rel":"","context":"Entrada similar","block_context":{"text":"Entrada similar","link":""},"img":{"alt_text":"","src":"https:\/\/i0.wp.com\/grupo.us.es\/iwpr\/wp-content\/uploads\/2024\/01\/Proyecto-Trabexit-e1704890085990.png?resize=350%2C200","width":350,"height":200},"classes":[]},{"id":5793,"url":"https:\/\/grupo.us.es\/iwpr\/analisis-del-ordenamiento-juridico\/","url_meta":{"origin":20,"position":3},"title":"An\u00e1lisis del ordenamiento jur\u00eddico","author":"Jaime Rom\u00e1n Lemos","date":"13 febrero, 2024","format":false,"excerpt":"TRABEXIT es un proyecto eminentemente jur\u00eddico, ya que se analizar\u00e1 el papel de la regulaci\u00f3n laboral respecto de este fen\u00f3meno. Dos de las preguntas centrales de este proceso se refieren directamente a la perspectiva laboral de esta nueva realidad, y as\u00ed nos planteamos: \u00a0\u00bfCu\u00e1l es el papel del Derecho del\u2026","rel":"","context":"Entrada similar","block_context":{"text":"Entrada similar","link":""},"img":{"alt_text":"","src":"","width":0,"height":0},"classes":[]},{"id":3993,"url":"https:\/\/grupo.us.es\/iwpr\/la-reforma-de-la-negociacion-colectiva\/","url_meta":{"origin":20,"position":4},"title":"La reforma de la negociaci\u00f3n colectiva","author":"Miguel Carlos Rodr\u00edguez-Pi\u00f1ero Royo","date":"18 diciembre, 2021","format":false,"excerpt":"La regulaci\u00f3n de la negociaci\u00f3n colectiva presenta una notable estabilidad en el Derecho del Trabajo espa\u00f1ol. Sin perjuicio de que cada reforma del Derecho individual del trabajo tenga reflejo en las normas sobre negociaci\u00f3n de convenios, generalmente en lo relativo a sus contenidos, lo cierto es que en Espa\u00f1a s\u00f3lo\u2026","rel":"","context":"Entrada similar","block_context":{"text":"Entrada similar","link":""},"img":{"alt_text":"reforma contratacion laboral","src":"https:\/\/i0.wp.com\/cdn.pixabay.com\/photo\/2019\/04\/16\/11\/15\/job-4131482_960_720.jpg?resize=350%2C200&ssl=1","width":350,"height":200},"classes":[]},{"id":10710,"url":"https:\/\/grupo.us.es\/iwpr\/iniciativa-interblogs-2026\/","url_meta":{"origin":20,"position":5},"title":"INICIATIVA INTERBLOGS 2026","author":"Jaime Rom\u00e1n Lemos","date":"3 marzo, 2026","format":false,"excerpt":"Hace 2 a\u00f1os tuvo lugar una iniciativa Interblogs de Derecho del Trabajo con el t\u00edtulo de \u201cLa regulaci\u00f3n de la Inteligencia Artificial en el Mundo laboral\u201d, con el objetivo de compartir y debatir estudios e ideas sobre el impacto de la IA en el trabajo. Este a\u00f1o hemos decidido retomar\u2026","rel":"","context":"Entrada similar","block_context":{"text":"Entrada similar","link":""},"img":{"alt_text":"","src":"https:\/\/i0.wp.com\/grupo.us.es\/iwpr\/wp-content\/uploads\/2026\/03\/Iniciativa-interblogs-2.png?fit=1024%2C995&ssl=1&resize=350%2C200","width":350,"height":200,"srcset":"https:\/\/i0.wp.com\/grupo.us.es\/iwpr\/wp-content\/uploads\/2026\/03\/Iniciativa-interblogs-2.png?fit=1024%2C995&ssl=1&resize=350%2C200 1x, https:\/\/i0.wp.com\/grupo.us.es\/iwpr\/wp-content\/uploads\/2026\/03\/Iniciativa-interblogs-2.png?fit=1024%2C995&ssl=1&resize=525%2C300 1.5x, https:\/\/i0.wp.com\/grupo.us.es\/iwpr\/wp-content\/uploads\/2026\/03\/Iniciativa-interblogs-2.png?fit=1024%2C995&ssl=1&resize=700%2C400 2x"},"classes":[]}],"jetpack_sharing_enabled":true,"_links":{"self":[{"href":"https:\/\/grupo.us.es\/iwpr\/wp-json\/wp\/v2\/pages\/20","targetHints":{"allow":["GET"]}}],"collection":[{"href":"https:\/\/grupo.us.es\/iwpr\/wp-json\/wp\/v2\/pages"}],"about":[{"href":"https:\/\/grupo.us.es\/iwpr\/wp-json\/wp\/v2\/types\/page"}],"author":[{"embeddable":true,"href":"https:\/\/grupo.us.es\/iwpr\/wp-json\/wp\/v2\/users\/1"}],"replies":[{"embeddable":true,"href":"https:\/\/grupo.us.es\/iwpr\/wp-json\/wp\/v2\/comments?post=20"}],"version-history":[{"count":0,"href":"https:\/\/grupo.us.es\/iwpr\/wp-json\/wp\/v2\/pages\/20\/revisions"}],"wp:attachment":[{"href":"https:\/\/grupo.us.es\/iwpr\/wp-json\/wp\/v2\/media?parent=20"}],"curies":[{"name":"wp","href":"https:\/\/api.w.org\/{rel}","templated":true}]}}

<p>En este apartado se incorporan provisionalmente los resúmenes de los distintos capítulos que conforman el primer trabajo monográfico de este subproyecto.</p>
<p>Una vez finalizado el periodo de «secuestro» de la publicación, se procederá a la difusión de los mismos en abierto, con esta misma estructura y visualización.</p>

<p>En este apartado se incorporan provisionalmente los resúmenes de los distintos capítulos que conforman el primer trabajo monográfico de este subproyecto. Una vez finalizado el periodo de «secuestro» de la publicación, se procederá a la difusión de los mismos en abierto, con esta misma estructura y visualización.</p>

En este apartado encontrarás referencias a los principales artículos y fuentes bibliográficas en abierto de cada uno de los temas que aborda actualmente este proyecto de investigación

En esta página encontrarás referencias y enlaces externos a artículos o ponencias de interés que aborden este tema. Working poor Este concepto es fundamentalmente norteamericano, elaborado  por la Oficina de Estadísticas Laborales de Estados Unidos, que en sus sucesivos informes desde 1996 -el acceso a los mismos en http://www.bls.gov/cps/earnings.htm#workpoor- viene definiendo…

Aproximación al Proyecto Trabexit

Jaime Román Lemos

Este proyecto está financiado por la convocatoria de proyectos de investigación del Ministerio de Ciencia e Innovación del Reino de España, en el marco del Programa de Generación del Conocimiento dentro del Plan Estatal de Investigación Científica y Técnica y de Innovación 2021-2023. Su denominación oficial es "La huida del…

Análisis del ordenamiento jurídico

TRABEXIT es un proyecto eminentemente jurídico, ya que se analizará el papel de la regulación laboral respecto de este fenómeno. Dos de las preguntas centrales de este proceso se refieren directamente a la perspectiva laboral de esta nueva realidad, y así nos planteamos:  ¿Cuál es el papel del Derecho del…

La reforma de la negociación colectiva

Miguel Carlos Rodríguez-Piñero Royo

La regulación de la negociación colectiva presenta una notable estabilidad en el Derecho del Trabajo español. Sin perjuicio de que cada reforma del Derecho individual del trabajo tenga reflejo en las normas sobre negociación de convenios, generalmente en lo relativo a sus contenidos, lo cierto es que en España sólo…

Hace 2 años tuvo lugar una iniciativa Interblogs de Derecho del Trabajo con el título de “La regulación de la Inteligencia Artificial en el Mundo laboral”, con el objetivo de compartir y debatir estudios e ideas sobre el impacto de la IA en el trabajo. Este año hemos decidido retomar…
