{"id":20,"date":"2016-07-08T09:35:56","date_gmt":"2016-07-08T09:35:56","guid":{"rendered":"http:\/\/grupo.us.es\/newiwpr\/?page_id=20"},"modified":"2017-12-15T09:48:29","modified_gmt":"2017-12-15T08:48:29","slug":"envejecimiento-activo","status":"publish","type":"page","link":"https:\/\/grupo.us.es\/iwpr\/envejecimiento-activo\/","title":{"rendered":"Envejecimiento activo"},"content":{"rendered":"<p>En este apartado se incorporan provisionalmente los res\u00famenes de los distintos cap\u00edtulos que conforman el primer trabajo monogr\u00e1fico de este subproyecto.<\/p>\n<p>Una vez finalizado el periodo de \u00absecuestro\u00bb de la publicaci\u00f3n, se proceder\u00e1 a la difusi\u00f3n de los mismos en abierto, con esta misma estructura y visualizaci\u00f3n.<\/p>\n","protected":false},"excerpt":{"rendered":"<p>En este apartado se incorporan provisionalmente los res\u00famenes de los distintos cap\u00edtulos que conforman el primer trabajo monogr\u00e1fico de este subproyecto. Una vez finalizado el periodo de \u00absecuestro\u00bb de la publicaci\u00f3n, se proceder\u00e1 a la difusi\u00f3n de los mismos en abierto, con esta misma estructura y visualizaci\u00f3n.<\/p>\n","protected":false},"author":1,"featured_media":0,"parent":0,"menu_order":2,"comment_status":"closed","ping_status":"closed","template":"","meta":{"jetpack_post_was_ever_published":false,"footnotes":""},"class_list":["post-20","page","type-page","status-publish","hentry"],"jetpack_shortlink":"https:\/\/wp.me\/P7HIjh-k","jetpack-related-posts":[{"id":47,"url":"https:\/\/grupo.us.es\/iwpr\/biblioteca\/","url_meta":{"origin":20,"position":0},"title":"Biblioteca","author":"Fco. Javier Calvo Gallego","date":"12 julio, 2016","format":false,"excerpt":"En este apartado encontrar\u00e1s referencias a los principales art\u00edculos y fuentes bibliogr\u00e1ficas en abierto de cada uno de los temas que aborda actualmente este proyecto de investigaci\u00f3n","rel":"","context":"Entrada similar","block_context":{"text":"Entrada similar","link":""},"img":{"alt_text":"biblioteca","src":"https:\/\/i0.wp.com\/grupo.us.es\/iwpr\/wp-content\/uploads\/2016\/07\/biblioteca-287x300.jpg?resize=350%2C200","width":350,"height":200},"classes":[]},{"id":465,"url":"https:\/\/grupo.us.es\/iwpr\/envejecimiento-activo\/formacion-empleo-y-personas-de-edad\/","url_meta":{"origin":20,"position":1},"title":"Formaci\u00f3n, empleo y personas de edad","author":"Fco. Javier Calvo Gallego","date":"15 diciembre, 2016","format":false,"excerpt":"Puedes acceder al contenido completo de este trabajo en el siguiente enlace\u00a0que te conducir\u00e1 al cap\u00edtulo: \u201cLa formaci\u00f3n como elemento condicionante al empleo de las personas de edad avanzada\u201d publicado dentro de la monograf\u00eda AAVV.,\u00a0 El tratamiento del empleo de los trabajadores maduros por parte de los poderes p\u00fablicos y\u2026","rel":"","context":"Entrada similar","block_context":{"text":"Entrada similar","link":""},"img":{"alt_text":"","src":"","width":0,"height":0},"classes":[]},{"id":3872,"url":"https:\/\/grupo.us.es\/iwpr\/los-ertes-que-se-van-y-los-que-se-vienen\/","url_meta":{"origin":20,"position":2},"title":"Los ERTES que se van y los que se vienen","author":"Miguel Carlos Rodr\u00edguez-Pi\u00f1ero Royo","date":"8 octubre, 2021","format":false,"excerpt":"Mi compa\u00f1ero de PwC Marc Carrera Domenech y yo mismo hemos publicado una columna en Expansi\u00f3n en la que comentamos la \u00faltima pr\u00f3rroga (y reforma legal) de los ERTES COVID. \u00a0 Esperamos que pueda interesaros. Pod\u00e9is acceder al texto en este enlace","rel":"","context":"Entrada similar","block_context":{"text":"Entrada similar","link":""},"img":{"alt_text":"","src":"","width":0,"height":0},"classes":[]},{"id":25,"url":"https:\/\/grupo.us.es\/iwpr\/blogs-personales\/","url_meta":{"origin":20,"position":3},"title":"Blogs personales","author":"Fco. Javier Calvo Gallego","date":"8 julio, 2016","format":false,"excerpt":"En este apartado podr\u00e1s encontrar los blogs personales de los distintos miembros de nuestro Proyecto de Investigaci\u00f3n","rel":"","context":"Entrada similar","block_context":{"text":"Entrada similar","link":""},"img":{"alt_text":"","src":"","width":0,"height":0},"classes":[]},{"id":3993,"url":"https:\/\/grupo.us.es\/iwpr\/la-reforma-de-la-negociacion-colectiva\/","url_meta":{"origin":20,"position":4},"title":"La reforma de la negociaci\u00f3n colectiva","author":"Miguel Carlos Rodr\u00edguez-Pi\u00f1ero Royo","date":"18 diciembre, 2021","format":false,"excerpt":"La regulaci\u00f3n de la negociaci\u00f3n colectiva presenta una notable estabilidad en el Derecho del Trabajo espa\u00f1ol. Sin perjuicio de que cada reforma del Derecho individual del trabajo tenga reflejo en las normas sobre negociaci\u00f3n de convenios, generalmente en lo relativo a sus contenidos, lo cierto es que en Espa\u00f1a s\u00f3lo\u2026","rel":"","context":"Entrada similar","block_context":{"text":"Entrada similar","link":""},"img":{"alt_text":"reforma contratacion laboral","src":"https:\/\/i0.wp.com\/cdn.pixabay.com\/photo\/2019\/04\/16\/11\/15\/job-4131482_960_720.jpg?resize=350%2C200&ssl=1","width":350,"height":200},"classes":[]},{"id":3944,"url":"https:\/\/grupo.us.es\/iwpr\/aspectos-generales-del-proceso-de-reforma\/","url_meta":{"origin":20,"position":5},"title":"Aspectos generales del proceso de reforma","author":"Admin","date":"3 diciembre, 2021","format":false,"excerpt":"Como es com\u00fan en Espa\u00f1a la reforma se articular\u00e1 mediante la aprobaci\u00f3n de una norma de emergencia, concretamente un Real Decreto-Ley, con un articulado muy extenso en el que se modifican varios preceptos de las principales normas de nuestro Derecho del Trabajo, especialmente el Estatuto de los Trabajadores. En esto\u2026","rel":"","context":"Entrada similar","block_context":{"text":"Entrada similar","link":""},"img":{"alt_text":"reforma laboral aspectos generales","src":"https:\/\/i0.wp.com\/cdn.pixabay.com\/photo\/2015\/11\/19\/21\/10\/glasses-1052010_960_720.jpg?resize=350%2C200&ssl=1","width":350,"height":200},"classes":[]}],"jetpack_sharing_enabled":true,"_links":{"self":[{"href":"https:\/\/grupo.us.es\/iwpr\/wp-json\/wp\/v2\/pages\/20","targetHints":{"allow":["GET"]}}],"collection":[{"href":"https:\/\/grupo.us.es\/iwpr\/wp-json\/wp\/v2\/pages"}],"about":[{"href":"https:\/\/grupo.us.es\/iwpr\/wp-json\/wp\/v2\/types\/page"}],"author":[{"embeddable":true,"href":"https:\/\/grupo.us.es\/iwpr\/wp-json\/wp\/v2\/users\/1"}],"replies":[{"embeddable":true,"href":"https:\/\/grupo.us.es\/iwpr\/wp-json\/wp\/v2\/comments?post=20"}],"version-history":[{"count":0,"href":"https:\/\/grupo.us.es\/iwpr\/wp-json\/wp\/v2\/pages\/20\/revisions"}],"wp:attachment":[{"href":"https:\/\/grupo.us.es\/iwpr\/wp-json\/wp\/v2\/media?parent=20"}],"curies":[{"name":"wp","href":"https:\/\/api.w.org\/{rel}","templated":true}]}}