{"id":2,"date":"2016-07-08T08:55:07","date_gmt":"2016-07-08T08:55:07","guid":{"rendered":"http:\/\/grupo.us.es\/newiwpr\/?page_id=2"},"modified":"2020-09-23T19:12:00","modified_gmt":"2020-09-23T17:12:00","slug":"pagina-ejemplo","status":"publish","type":"page","link":"https:\/\/grupo.us.es\/iwpr\/pagina-ejemplo\/","title":{"rendered":"El Derecho ante los nuevos retos del mercado laboral"},"content":{"rendered":"<h3>Presentaci\u00f3n general<\/h3>\n<p style=\"text-align: justify;\">Inmersos en el omnipresente cambio, quiz\u00e1s no apreciemos ni la intensidad del mismo, ni la profundidad de las alteraciones sociales, econ\u00f3micas y jur\u00eddicas que est\u00e1 provocando en nuestra sociedad. Si en su momento la revoluci\u00f3n industrial permiti\u00f3 el paso de una econom\u00eda agr\u00edcola y local a otra industrial y nacional, la revoluci\u00f3n tecnol\u00f3gica a la que asistimos durante estos \u00faltimos treinta a\u00f1os est\u00e1 \u00a0transformando aquel modelo nacional en lo pol\u00edtico, industrial en lo econ\u00f3mico y fordista en lo social, en otro que, sin eliminar obviamente el anterior, conlleva el desarrollo de nuevos servicios tecnol\u00f3gicos de alto valor a\u00f1adido, se asienta sobre una nueva construcci\u00f3n en lo social y en lo econ\u00f3mico, y presenta una innegable voluntad de configurar mercados y \u00e1mbitos pol\u00edticos de actuaci\u00f3n supranacionales.<\/p>\n<p style=\"text-align: justify;\">En cualquier caso, lo que s\u00ed resulta indudable es que este nuevo contexto presenta y plantea nuevos retos en el plano jur\u00eddico-social: la creciente desigualdad, la precariedad, el desarrollo y la casi normalizaci\u00f3n de un amplio colectivo de ocupados en hogares pobres, el impacto de las plataformas, la novedosa regulaci\u00f3n legal del teletrabajo, las nuevas necesidades y la forma de su protecci\u00f3n a trav\u00e9s de los sistemas de protecci\u00f3n social o el progresivo envejecimiento de nuestra poblaci\u00f3n son retos que pretenden abordarse a trav\u00e9s de esta web y de su \u00abhermana\u00bb la nueva revista Trabajo, Persona, Derecho y Mercado.<\/p>\n<p style=\"text-align: justify;\">Los autores de esta web somos un nutrido grupo de profesores e investigadores de diversas universidades andaluzas y espa\u00f1olas que aspiramos a trav\u00e9s de estos nuevos canales a mejorar la difusi\u00f3n de nuestros resultados y transferirlos al conjunto de la sociedad y, en especial, al resto de operadores jur\u00eddicos y sociales.<\/p>\n<p style=\"text-align: justify;\">Finalmente solo nos gustar\u00eda agradecer a las diversas entidades financiadoras de los sucesivos proyectos que han articulado nuestra investigaci\u00f3n y, en especial, al Ministerio de Ciencia, Innovaci\u00f3n y Universidades, a la Consejer\u00eda de Econom\u00eda y Conocimiento de la Junta de Andaluc\u00eda, a la Uni\u00f3n Europea y a la Universidad de Sevilla.<\/p>\n<h3>Proyectos de Investigaci\u00f3n<\/h3>\n<p>Los proyectos de investigaci\u00f3n que articulan los resultados de su investigaci\u00f3n a trav\u00e9s de este blog son:<\/p>\n<ul>\n<li>Nuevas Din\u00e1micas y Riesgos Sociales en el Mercado de Trabajo del Siglo XXI: Desigualdad, Precariedad y Exclusi\u00f3n Social, Plan Estatal 2017-2020 Retos &#8211; Proyectos I+D+i, Referencia: RTI2018-098794-B-C31<\/li>\n<\/ul>\n<ul>\n<li>Nuevas Causas y Perfiles de Discriminaci\u00f3n e Instrumentos para la Tutela Antidiscriminatoria en el Nuevo Contexto Tecnol\u00f3gico Social; Proyectos I+D+i FEDER Andaluc\u00eda 2014-2020, Referencia: US-1264479<\/li>\n<\/ul>\n<ul>\n<li>Instrumentos Normativos para la Mejora de las Trayectorias de los Working Poor y su Inclusi\u00f3n Social\u00a0 Plan Estatal 2013-2016 Retos &#8211; Proyectos I+D+i; referencia (<a href=\"https:\/\/investigacion.us.es\/sisius\/sis_proyecto.php?idproy=26871\">DER2015-63701-C3-1-R<\/a>)<\/li>\n<\/ul>\n<ul>\n<li>Mercado de Trabajo, Transiciones Laborales y Edad: J\u00f3venes y Mayores de 55 A\u00f1os (<a href=\"https:\/\/investigacion.us.es\/sisius\/sis_proyecto.php?idproy=21515\">DER2012-36755<\/a>)<\/li>\n<\/ul>\n<p>&nbsp;<\/p>\n<p><a href=\"http:\/\/grupo.us.es\/iwpr\/pagina-ejemplo\/financiacion-3\/\" rel=\"attachment wp-att-2441\"><img data-recalc-dims=\"1\" loading=\"lazy\" decoding=\"async\" data-attachment-id=\"2441\" data-permalink=\"https:\/\/grupo.us.es\/iwpr\/pagina-ejemplo\/financiacion-3\/\" data-orig-file=\"https:\/\/i0.wp.com\/grupo.us.es\/iwpr\/wp-content\/uploads\/2020\/09\/financiacion-2.png?fit=1187%2C466&amp;ssl=1\" data-orig-size=\"1187,466\" data-comments-opened=\"1\" data-image-meta=\"{&quot;aperture&quot;:&quot;0&quot;,&quot;credit&quot;:&quot;&quot;,&quot;camera&quot;:&quot;&quot;,&quot;caption&quot;:&quot;&quot;,&quot;created_timestamp&quot;:&quot;0&quot;,&quot;copyright&quot;:&quot;&quot;,&quot;focal_length&quot;:&quot;0&quot;,&quot;iso&quot;:&quot;0&quot;,&quot;shutter_speed&quot;:&quot;0&quot;,&quot;title&quot;:&quot;&quot;,&quot;orientation&quot;:&quot;0&quot;}\" data-image-title=\"financiaci\u00f3n\" data-image-description=\"\" data-image-caption=\"\" data-large-file=\"https:\/\/i0.wp.com\/grupo.us.es\/iwpr\/wp-content\/uploads\/2020\/09\/financiacion-2.png?fit=640%2C251&amp;ssl=1\" class=\"wp-image-2441 aligncenter\" src=\"https:\/\/i0.wp.com\/grupo.us.es\/iwpr\/wp-content\/uploads\/2020\/09\/financiacion-2.png?resize=366%2C144\" alt=\"\" width=\"366\" height=\"144\" srcset=\"https:\/\/i0.wp.com\/grupo.us.es\/iwpr\/wp-content\/uploads\/2020\/09\/financiacion-2.png?resize=300%2C118&amp;ssl=1 300w, https:\/\/i0.wp.com\/grupo.us.es\/iwpr\/wp-content\/uploads\/2020\/09\/financiacion-2.png?resize=768%2C302&amp;ssl=1 768w, https:\/\/i0.wp.com\/grupo.us.es\/iwpr\/wp-content\/uploads\/2020\/09\/financiacion-2.png?resize=1024%2C402&amp;ssl=1 1024w, https:\/\/i0.wp.com\/grupo.us.es\/iwpr\/wp-content\/uploads\/2020\/09\/financiacion-2.png?w=1187&amp;ssl=1 1187w\" sizes=\"auto, (max-width: 366px) 100vw, 366px\" \/><\/a><\/p>\n<p>&nbsp;<\/p>\n","protected":false},"excerpt":{"rendered":"<p>Presentaci\u00f3n general Inmersos en el omnipresente cambio, quiz\u00e1s no apreciemos ni la intensidad del mismo, ni la profundidad de las alteraciones sociales, econ\u00f3micas y jur\u00eddicas que est\u00e1 provocando en nuestra sociedad. Si en su momento la revoluci\u00f3n industrial permiti\u00f3 el paso de una econom\u00eda agr\u00edcola y local a otra industrial y nacional, la revoluci\u00f3n tecnol\u00f3gica&#8230;<\/p>\n","protected":false},"author":1,"featured_media":0,"parent":0,"menu_order":0,"comment_status":"closed","ping_status":"open","template":"","meta":{"jetpack_post_was_ever_published":false,"footnotes":""},"class_list":["post-2","page","type-page","status-publish","hentry"],"jetpack_shortlink":"https:\/\/wp.me\/P7HIjh-2","jetpack-related-posts":[{"id":18,"url":"https:\/\/grupo.us.es\/iwpr\/economia-colaborativa-y-derecho-social\/","url_meta":{"origin":2,"position":0},"title":"Econom\u00eda colaborativa y Derecho Social","author":"Fco. Javier Calvo Gallego","date":"8 julio, 2016","format":false,"excerpt":"Al igual que la revoluci\u00f3n industrial supuso el paso de una econom\u00eda de subsistencia a una econom\u00eda industrial, y del mercado local al mercado nacional como sustrato de la aparici\u00f3n de los Estados modernos, la revoluci\u00f3n tecnol\u00f3gica tambi\u00e9n ha supuesto y supondr\u00e1 un cambio significativo en la forma de trabajar\u2026","rel":"","context":"Entrada similar","block_context":{"text":"Entrada similar","link":""},"img":{"alt_text":"","src":"","width":0,"height":0},"classes":[]},{"id":156,"url":"https:\/\/grupo.us.es\/iwpr\/biblioteca\/economia-colaborativa-y-derecho-social\/","url_meta":{"origin":2,"position":1},"title":"Econom\u00eda colaborativa y Derecho Social","author":"Miguel Carlos Rodr\u00edguez-Pi\u00f1ero Royo","date":"7 septiembre, 2016","format":false,"excerpt":"Collaborative Economy: Challenges and Opportunities Actas del 14\u00ba Congreso Internacional Internet, Derecho y Pol\u00edtica. Universitat Oberta de Catalunya, Barcelona, 21-22 de junio de 2018 Algorithms and ratings: tools to manage labour relations. Proposal to renegotiate labour conditions, art\u00edculo de Marialaura Birgillito y Giovanni Birgillito \u2018Algorithm breakers\u2019 are not a different\u2026","rel":"","context":"Entrada similar","block_context":{"text":"Entrada similar","link":""},"img":{"alt_text":"","src":"","width":0,"height":0},"classes":[]},{"id":28,"url":"https:\/\/grupo.us.es\/iwpr\/blogs-personales\/miguel-carlos-rodriguez-pinero-royo\/","url_meta":{"origin":2,"position":2},"title":"Miguel Carlos Rodr\u00edguez-Pi\u00f1ero Royo","author":"Fco. Javier Calvo Gallego","date":"8 julio, 2016","format":false,"excerpt":"Miguel\u00a0 Rodr\u00edguez-Pi\u00f1ero Royo es Catedr\u00e1tico de Derecho del Trabajo y de la Seguridad Social de la Universidad de Sevilla. Imparte su docencia en la Facultad de Derecho y en la Facultad de Ciencias del Trabajo de la Universidad de Sevilla. Colabora con la firma legal PwC Tax & Legal Services\u2026","rel":"","context":"Entrada similar","block_context":{"text":"Entrada similar","link":""},"img":{"alt_text":"","src":"https:\/\/i0.wp.com\/grupo.us.es\/iwpr\/wp-content\/uploads\/2016\/07\/IMG_20171211_163633-225x300.jpg?resize=350%2C200","width":350,"height":200},"classes":[]},{"id":483,"url":"https:\/\/grupo.us.es\/iwpr\/economia-colaborativa-y-derecho-social\/sobre-terminos-y-conceptos\/","url_meta":{"origin":2,"position":3},"title":"Sobre t\u00e9rminos y conceptos","author":"Fco. Javier Calvo Gallego","date":"31 diciembre, 2016","format":false,"excerpt":"Lo que de forma cada vez m\u00e1s generalizada se ha dado en llamar Gig Ecomnomy -t\u00e9rmino este de dif\u00edcil traducci\u00f3n, \u00a0aunque m\u00e1s all\u00e1 de su estricta literalidad como\u00a0Econom\u00eda de los \"bolos\" o de las actuaciones puntuales, quiz\u00e1s podr\u00eda traducirse, \u00a0con algo m\u00e1s de sentido, como la Econom\u00eda de los trabajados\u2026","rel":"","context":"Entrada similar","block_context":{"text":"Entrada similar","link":""},"img":{"alt_text":"","src":"","width":0,"height":0},"classes":[]},{"id":5760,"url":"https:\/\/grupo.us.es\/iwpr\/el-contexto-la-huida-del-mercado-de-trabajo\/","url_meta":{"origin":2,"position":4},"title":"El contexto: La huida del mercado de trabajo","author":"Jaime Rom\u00e1n Lemos","date":"13 febrero, 2024","format":false,"excerpt":"La tercera d\u00e9cada del siglo XXI nos est\u00e1 trayendo unas din\u00e1micas en el mercado de trabajo y en la legislaci\u00f3n laboral desconocidas hasta ahora en Espa\u00f1a. Uno de los fen\u00f3menos m\u00e1s llamativos es sin duda la \u201cGran Dimisi\u00f3n\u201d (\u201cGreat Resignation\u201d), la tendencia de muchas personas a abandonar sus puestos de\u2026","rel":"","context":"Entrada similar","block_context":{"text":"Entrada similar","link":""},"img":{"alt_text":"","src":"","width":0,"height":0},"classes":[]},{"id":6059,"url":"https:\/\/grupo.us.es\/iwpr\/maria-luisa-perez-guerrero\/","url_meta":{"origin":2,"position":5},"title":"Mar\u00eda Luisa P\u00e9rez Guerrero","author":"Jaime Rom\u00e1n Lemos","date":"21 marzo, 2024","format":false,"excerpt":"Profesora Titular de Universidad, desde 2007, habilitada, con dos sexenios de investigaci\u00f3n reconocidos. Licenciada en Derecho por la Universidad de Huelva y Doctora en Derecho del Trabajo y de la Seguridad Social por la misma Universidad. Esta Tesis doctoral fue premiada con el Premio Nacional del Consejo Econ\u00f3mico y Social\u2026","rel":"","context":"Entrada similar","block_context":{"text":"Entrada similar","link":""},"img":{"alt_text":"","src":"https:\/\/i0.wp.com\/grupo.us.es\/iwpr\/wp-content\/uploads\/2024\/03\/Maria-Luisa-Perez-Guerrero-216x300.jpeg?resize=350%2C200","width":350,"height":200},"classes":[]}],"jetpack_sharing_enabled":true,"_links":{"self":[{"href":"https:\/\/grupo.us.es\/iwpr\/wp-json\/wp\/v2\/pages\/2","targetHints":{"allow":["GET"]}}],"collection":[{"href":"https:\/\/grupo.us.es\/iwpr\/wp-json\/wp\/v2\/pages"}],"about":[{"href":"https:\/\/grupo.us.es\/iwpr\/wp-json\/wp\/v2\/types\/page"}],"author":[{"embeddable":true,"href":"https:\/\/grupo.us.es\/iwpr\/wp-json\/wp\/v2\/users\/1"}],"replies":[{"embeddable":true,"href":"https:\/\/grupo.us.es\/iwpr\/wp-json\/wp\/v2\/comments?post=2"}],"version-history":[{"count":0,"href":"https:\/\/grupo.us.es\/iwpr\/wp-json\/wp\/v2\/pages\/2\/revisions"}],"wp:attachment":[{"href":"https:\/\/grupo.us.es\/iwpr\/wp-json\/wp\/v2\/media?parent=2"}],"curies":[{"name":"wp","href":"https:\/\/api.w.org\/{rel}","templated":true}]}}