{"id":18,"date":"2016-07-08T09:35:38","date_gmt":"2016-07-08T09:35:38","guid":{"rendered":"http:\/\/grupo.us.es\/newiwpr\/?page_id=18"},"modified":"2017-12-15T09:47:16","modified_gmt":"2017-12-15T08:47:16","slug":"economia-colaborativa-y-derecho-social","status":"publish","type":"page","link":"https:\/\/grupo.us.es\/iwpr\/economia-colaborativa-y-derecho-social\/","title":{"rendered":"Econom\u00eda colaborativa y Derecho Social"},"content":{"rendered":"<p>Al igual que la revoluci\u00f3n industrial supuso el paso de una econom\u00eda de subsistencia a una econom\u00eda industrial, y del mercado local al mercado nacional como sustrato de la aparici\u00f3n de los Estados modernos, la revoluci\u00f3n tecnol\u00f3gica tambi\u00e9n ha supuesto y supondr\u00e1 un cambio significativo en la forma de trabajar y en el concepto que del trabajo que tenemos<\/p>\n","protected":false},"excerpt":{"rendered":"<p>Al igual que la revoluci\u00f3n industrial supuso el paso de una econom\u00eda de subsistencia a una econom\u00eda industrial, y del mercado local al mercado nacional como sustrato de la aparici\u00f3n de los Estados modernos, la revoluci\u00f3n tecnol\u00f3gica tambi\u00e9n ha supuesto y supondr\u00e1 un cambio significativo en la forma de trabajar y en el concepto que&#8230;<\/p>\n","protected":false},"author":1,"featured_media":0,"parent":0,"menu_order":2,"comment_status":"closed","ping_status":"closed","template":"","meta":{"jetpack_post_was_ever_published":false,"footnotes":""},"class_list":["post-18","page","type-page","status-publish","hentry"],"jetpack_shortlink":"https:\/\/wp.me\/P7HIjh-i","jetpack-related-posts":[{"id":2,"url":"https:\/\/grupo.us.es\/iwpr\/pagina-ejemplo\/","url_meta":{"origin":18,"position":0},"title":"El Derecho ante los nuevos retos del mercado laboral","author":"Fco. Javier Calvo Gallego","date":"8 julio, 2016","format":false,"excerpt":"Presentaci\u00f3n general Inmersos en el omnipresente cambio, quiz\u00e1s no apreciemos ni la intensidad del mismo, ni la profundidad de las alteraciones sociales, econ\u00f3micas y jur\u00eddicas que est\u00e1 provocando en nuestra sociedad. Si en su momento la revoluci\u00f3n industrial permiti\u00f3 el paso de una econom\u00eda agr\u00edcola y local a otra industrial\u2026","rel":"","context":"Entrada similar","block_context":{"text":"Entrada similar","link":""},"img":{"alt_text":"","src":"https:\/\/i0.wp.com\/grupo.us.es\/iwpr\/wp-content\/uploads\/2020\/09\/financiacion-2-300x118.png?resize=350%2C200","width":350,"height":200},"classes":[]},{"id":483,"url":"https:\/\/grupo.us.es\/iwpr\/economia-colaborativa-y-derecho-social\/sobre-terminos-y-conceptos\/","url_meta":{"origin":18,"position":1},"title":"Sobre t\u00e9rminos y conceptos","author":"Fco. Javier Calvo Gallego","date":"31 diciembre, 2016","format":false,"excerpt":"Lo que de forma cada vez m\u00e1s generalizada se ha dado en llamar Gig Ecomnomy -t\u00e9rmino este de dif\u00edcil traducci\u00f3n, \u00a0aunque m\u00e1s all\u00e1 de su estricta literalidad como\u00a0Econom\u00eda de los \"bolos\" o de las actuaciones puntuales, quiz\u00e1s podr\u00eda traducirse, \u00a0con algo m\u00e1s de sentido, como la Econom\u00eda de los trabajados\u2026","rel":"","context":"Entrada similar","block_context":{"text":"Entrada similar","link":""},"img":{"alt_text":"","src":"","width":0,"height":0},"classes":[]},{"id":156,"url":"https:\/\/grupo.us.es\/iwpr\/biblioteca\/economia-colaborativa-y-derecho-social\/","url_meta":{"origin":18,"position":2},"title":"Econom\u00eda colaborativa y Derecho Social","author":"Miguel Carlos Rodr\u00edguez-Pi\u00f1ero Royo","date":"7 septiembre, 2016","format":false,"excerpt":"Collaborative Economy: Challenges and Opportunities Actas del 14\u00ba Congreso Internacional Internet, Derecho y Pol\u00edtica. Universitat Oberta de Catalunya, Barcelona, 21-22 de junio de 2018 Algorithms and ratings: tools to manage labour relations. Proposal to renegotiate labour conditions, art\u00edculo de Marialaura Birgillito y Giovanni Birgillito \u2018Algorithm breakers\u2019 are not a different\u2026","rel":"","context":"Entrada similar","block_context":{"text":"Entrada similar","link":""},"img":{"alt_text":"","src":"","width":0,"height":0},"classes":[]},{"id":28,"url":"https:\/\/grupo.us.es\/iwpr\/blogs-personales\/miguel-carlos-rodriguez-pinero-royo\/","url_meta":{"origin":18,"position":3},"title":"Miguel Carlos Rodr\u00edguez-Pi\u00f1ero Royo","author":"Fco. Javier Calvo Gallego","date":"8 julio, 2016","format":false,"excerpt":"Miguel\u00a0 Rodr\u00edguez-Pi\u00f1ero Royo es Catedr\u00e1tico de Derecho del Trabajo y de la Seguridad Social de la Universidad de Sevilla. Imparte su docencia en la Facultad de Derecho y en la Facultad de Ciencias del Trabajo de la Universidad de Sevilla. Colabora con la firma legal PwC Tax & Legal Services\u2026","rel":"","context":"Entrada similar","block_context":{"text":"Entrada similar","link":""},"img":{"alt_text":"","src":"https:\/\/i0.wp.com\/grupo.us.es\/iwpr\/wp-content\/uploads\/2016\/07\/IMG_20171211_163633-225x300.jpg?resize=350%2C200","width":350,"height":200},"classes":[]},{"id":5795,"url":"https:\/\/grupo.us.es\/iwpr\/produccion-cientifica\/","url_meta":{"origin":18,"position":4},"title":"Producci\u00f3n cient\u00edfica","author":"Jaime Rom\u00e1n Lemos","date":"13 febrero, 2024","format":false,"excerpt":"\u00a0 \u00a0 Aqu\u00ed pueden encontrarse en formato open access los distintos trabajos cient\u00edficos que han sido publicados en el marco del Proyecto TRABEXIT. \u00a0 RODR\u00cdGUEZ-PI\u00d1ERO ROYO, M., \"Ampliando el foco de las medidas de conflicto: de las plataformas a la Gran Dimisi\u00f3n\u201d, Ponencia tem\u00e1tica presentada a las XL Jornadas Universitarias\u2026","rel":"","context":"Entrada similar","block_context":{"text":"Entrada similar","link":""},"img":{"alt_text":"","src":"https:\/\/i0.wp.com\/grupo.us.es\/iwpr\/wp-content\/uploads\/2020\/09\/Revista.jpg?fit=210%2C300&ssl=1&resize=350%2C200","width":350,"height":200},"classes":[]},{"id":1425,"url":"https:\/\/grupo.us.es\/iwpr\/congreso-final-del-proyecto-instrumentos-normativos-para-la-mejora-de-las-trayectorias-laborales-en-el-nuevo-contexto-demografico-economico-y-tecnologico\/seminario-internacional-sobre-nuevos-modelos-de-trabajo-y-consumo-economia-colaborativa-y-trabajo-en-plataforma\/","url_meta":{"origin":18,"position":5},"title":"Seminario \u201cEconom\u00eda colaborativa y trabajo en plataforma\u201d","author":"Miguel Carlos Rodr\u00edguez-Pi\u00f1ero Royo","date":"14 septiembre, 2018","format":false,"excerpt":"Seminario internacional sobre \u201cNuevos modelos de trabajo y consumo: econom\u00eda colaborativa y trabajo en plataforma\u201d Presentaci\u00f3n En el seno del Congreso internacional \u201cInstrumentos normativos para la mejora de las trayectorias laborales en el nuevo contexto demogr\u00e1fico, econ\u00f3mico y tecnol\u00f3gico\u201d se va a celebrar en Sevilla los d\u00edas 8 y 9\u2026","rel":"","context":"Entrada similar","block_context":{"text":"Entrada similar","link":""},"img":{"alt_text":"Imagen relacionada","src":"https:\/\/i0.wp.com\/pbs.twimg.com\/profile_images\/844890706145656832\/2bpTo52n_400x400.jpg?resize=350%2C200&ssl=1","width":350,"height":200},"classes":[]}],"jetpack_sharing_enabled":true,"_links":{"self":[{"href":"https:\/\/grupo.us.es\/iwpr\/wp-json\/wp\/v2\/pages\/18","targetHints":{"allow":["GET"]}}],"collection":[{"href":"https:\/\/grupo.us.es\/iwpr\/wp-json\/wp\/v2\/pages"}],"about":[{"href":"https:\/\/grupo.us.es\/iwpr\/wp-json\/wp\/v2\/types\/page"}],"author":[{"embeddable":true,"href":"https:\/\/grupo.us.es\/iwpr\/wp-json\/wp\/v2\/users\/1"}],"replies":[{"embeddable":true,"href":"https:\/\/grupo.us.es\/iwpr\/wp-json\/wp\/v2\/comments?post=18"}],"version-history":[{"count":0,"href":"https:\/\/grupo.us.es\/iwpr\/wp-json\/wp\/v2\/pages\/18\/revisions"}],"wp:attachment":[{"href":"https:\/\/grupo.us.es\/iwpr\/wp-json\/wp\/v2\/media?parent=18"}],"curies":[{"name":"wp","href":"https:\/\/api.w.org\/{rel}","templated":true}]}}