{"id":140,"date":"2016-09-05T19:35:14","date_gmt":"2016-09-05T17:35:14","guid":{"rendered":"http:\/\/grupo.us.es\/newiwpr\/?page_id=140"},"modified":"2016-09-22T12:05:59","modified_gmt":"2016-09-22T10:05:59","slug":"maria-jose-gomez-torres","status":"publish","type":"page","link":"https:\/\/grupo.us.es\/iwpr\/blogs-personales\/maria-jose-gomez-torres\/","title":{"rendered":"Maria Jos\u00e9 G\u00f3mez Torres"},"content":{"rendered":"<p>Mar\u00eda Jos\u00e9 G\u00f3mez Torres es Profesora Titular de la Universidad de Sevilla en el\u00a0Departamento\u00a0Did\u00e1ctica y Organizaci\u00f3n Educativa<img data-recalc-dims=\"1\" loading=\"lazy\" decoding=\"async\" class=\"wp-image-192 alignright\" src=\"https:\/\/i0.wp.com\/grupo.us.es\/iwpr\/wp-content\/uploads\/2016\/09\/IMG_6569-169x300.jpg?resize=121%2C215\" alt=\"img_6569\" width=\"121\" height=\"215\" \/>.<\/p>\n<p>Entre sus principales trabajos cabe citar sus monograf\u00edas sobre \u00a0Aspectos Evolutivos y Educativos de la Deficiencia Mental, publicado por la Universidad de Sevilla. Sav (Secretariado de Recursos Audiovisuales y Nuevas Tecnolog\u00edas), Secretariado de Recursos Audiovisuales y Nuevas Tecnolog\u00edas de la Universidad de Sevilla. 2009. ISBN 978-84-692-0285-2;\u00a0Las Adaptaciones Curriculares Individualizadas. Concepto y Dise\u00f1o. Sevilla,. Aprende-Iea. 2006. ISBN 84-689-6419-0 o <u>su trabajo sobre\u00a0<\/u>Dise\u00f1o de Programas para la Educaci\u00f3n Intercultural. Santander (ESPA\u00d1A). Aprende-Iea. 2006. ISBN 84-689-6418-2<\/p>\n<p>Investigadora del Proyecto Nacional\u00a0Instrumentos Normativos para la Mejora de las Trayectorias de los Working Poor y su Inclusi\u00f3n Social (<a href=\"https:\/\/investigacion.us.es\/sisius\/sis_proyecto.php?idproy=26871\">DER2015-63701-C3-1-R<\/a>) ha colaborado igualmente, entre otros, en el Proyecto Mercado de Trabajo, Transiciones Laborales y Edad: J\u00f3venes y Mayores de 55 A\u00f1os (<a href=\"https:\/\/investigacion.us.es\/sisius\/sis_proyecto.php?idproy=21515\">DER2012-36755<\/a>)<\/p>\n<h3>Publicaciones<\/h3>\n<h4>2016<\/h4>\n<h4 style=\"padding-left: 30px;\">Septiembre<\/h4>\n<h4 style=\"padding-left: 30px;\">Agosto<\/h4>\n<ul>\n<li><a href=\"https:\/\/www.accioncontraelhambre.org\/es\/tener-trabajo-y-no-poder-eludir-la-pobreza-los-trabajadores-pobres-en-espana\" target=\"_blank\">Tener trabajo y no poder eludir la pobreza: los trabajadores pobres en Espa\u00f1a<\/a><\/li>\n<\/ul>\n<p>&nbsp;<\/p>\n","protected":false},"excerpt":{"rendered":"<p>Mar\u00eda Jos\u00e9 G\u00f3mez Torres es Profesora Titular de la Universidad de Sevilla en el\u00a0Departamento\u00a0Did\u00e1ctica y Organizaci\u00f3n Educativa. Entre sus principales trabajos cabe citar sus monograf\u00edas sobre \u00a0Aspectos Evolutivos y Educativos de la Deficiencia Mental, publicado por la Universidad de Sevilla. Sav (Secretariado de Recursos Audiovisuales y Nuevas Tecnolog\u00edas), Secretariado de Recursos Audiovisuales y Nuevas Tecnolog\u00edas&#8230;<\/p>\n","protected":false},"author":1,"featured_media":0,"parent":25,"menu_order":3,"comment_status":"closed","ping_status":"closed","template":"","meta":{"footnotes":""},"class_list":["post-140","page","type-page","status-publish","hentry"],"jetpack_shortlink":"https:\/\/wp.me\/P7HIjh-2g","jetpack-related-posts":[{"id":1386,"url":"https:\/\/grupo.us.es\/iwpr\/congreso-final-del-proyecto-instrumentos-normativos-para-la-mejora-de-las-trayectorias-laborales-en-el-nuevo-contexto-demografico-economico-y-tecnologico\/segunda-parte-pobreza-en-la-ocupacion-y-envejecimiento-activo\/","url_meta":{"origin":140,"position":0},"title":"Seminario \u00abPobreza en la ocupaci\u00f3n y envejecimiento activo\u00bb","author":"Miguel Carlos Rodr\u00edguez-Pi\u00f1ero Royo","date":"11 septiembre, 2018","format":false,"excerpt":"Seminario sobre \"Pobreza en la ocupaci\u00f3n y envejecimiento activo\" En el seno del Congreso internacional \u201cInstrumentos normativos para la mejora de las trayectorias laborales en el nuevo contexto demogr\u00e1fico, econ\u00f3mico y tecnol\u00f3gico\u201d se va a celebrar en Sevilla los d\u00edas 15 y 16 de noviembre de 2018 un seminario sobre\u2026","rel":"","context":"Entrada similar","block_context":{"text":"Entrada similar","link":""},"img":{"alt_text":"","src":"https:\/\/i0.wp.com\/grupo.us.es\/iwpr\/wp-content\/uploads\/2016\/07\/mineco_ue-300x53.png?resize=350%2C200","width":350,"height":200},"classes":[]},{"id":1381,"url":"https:\/\/grupo.us.es\/iwpr\/congreso-final-del-proyecto-instrumentos-normativos-para-la-mejora-de-las-trayectorias-laborales-en-el-nuevo-contexto-demografico-economico-y-tecnologico\/","url_meta":{"origin":140,"position":1},"title":"CONGRESO FINAL DEL PROYECTO","author":"Miguel Carlos Rodr\u00edguez-Pi\u00f1ero Royo","date":"11 septiembre, 2018","format":false,"excerpt":"En el marco de los proyectos combinados que han gestionado este portal, se organiza este Congreso internacional \u201cInstrumentos normativos para la mejora de las trayectorias laborales en el nuevo contexto demogr\u00e1fico, econ\u00f3mico y tecnol\u00f3gico\u201c con el que se dar\u00e1 fin a los trabajos de investigaci\u00f3n y se presentar\u00e1n sus resultados.\u2026","rel":"","context":"Entrada similar","block_context":{"text":"Entrada similar","link":""},"img":{"alt_text":"","src":"https:\/\/i0.wp.com\/grupo.us.es\/iwpr\/wp-content\/uploads\/2016\/07\/mineco_ue-300x53.png?resize=350%2C200","width":350,"height":200,"srcset":"https:\/\/i0.wp.com\/grupo.us.es\/iwpr\/wp-content\/uploads\/2016\/07\/mineco_ue-300x53.png?resize=350%2C200 1x, https:\/\/i0.wp.com\/grupo.us.es\/iwpr\/wp-content\/uploads\/2016\/07\/mineco_ue-300x53.png?resize=525%2C300 1.5x"},"classes":[]},{"id":5788,"url":"https:\/\/grupo.us.es\/iwpr\/equipo-de-trabajo\/","url_meta":{"origin":140,"position":2},"title":"Equipo de trabajo","author":"Jaime Rom\u00e1n Lemos","date":"1 marzo, 2024","format":false,"excerpt":"D\u00f1a. Mar\u00eda Luisa P\u00e9rez Guerrero Derecho del Trabajo Universidad de Huelva Contacto: malupe@ddtss.uhu.es \u00a0 D. Miguel Rodr\u00edguez-Pi\u00f1ero Royo Derecho del Trabajo Universidad de Sevilla Contacto: mrodriguez7@us.es \u00a0 D. Francisco Javier Calvo Gallego Derecho del Trabajo Universidad de Sevilla Contacto: javiercalvo@us.es \u00a0 D. Jos\u00e9 Manuel Morales Ortega Derecho del Trabajo Universidad\u2026","rel":"","context":"Entrada similar","block_context":{"text":"Entrada similar","link":""},"img":{"alt_text":"","src":"","width":0,"height":0},"classes":[]},{"id":34,"url":"https:\/\/grupo.us.es\/iwpr\/blogs-personales\/javier-calvo-gallego\/","url_meta":{"origin":140,"position":3},"title":"Javier Calvo Gallego","author":"Fco. Javier Calvo Gallego","date":"8 julio, 2016","format":false,"excerpt":"Fco. Javier Calvo Gallego es doctor en Derecho por la Universidad de Bolonia, Magister por la Universidad de Sevilla y actualmente Catedr\u00e1tico de Universidad del Departamento de Derecho del Trabajo y de la Seguridad Social de la Universidad de Sevilla. Sus principales l\u00edneas de investigaci\u00f3n se centran en la Responsabilidad\u2026","rel":"","context":"Entrada similar","block_context":{"text":"Entrada similar","link":""},"img":{"alt_text":"Javicalvo","src":"https:\/\/i0.wp.com\/grupo.us.es\/iwpr\/wp-content\/uploads\/2016\/07\/Javicalvo.jpg?resize=350%2C200","width":350,"height":200},"classes":[]},{"id":6066,"url":"https:\/\/grupo.us.es\/iwpr\/jose-antonio-ordaz-sanz\/","url_meta":{"origin":140,"position":4},"title":"Jos\u00e9 Antonio Ordaz Sanz","author":"Jaime Rom\u00e1n Lemos","date":"21 marzo, 2024","format":false,"excerpt":"Licenciado en Ciencias Econ\u00f3micas y Empresariales (secci\u00f3n Econom\u00eda General) por la Universidad de Sevilla en 1992 y Doctor por la misma universidad en 2004, inicia su carrera docente e investigadora en diciembre de 1992 en el Departamento de Econom\u00eda Aplicada I de la Universidad de Sevilla. Tras su paso posterior\u2026","rel":"","context":"Entrada similar","block_context":{"text":"Entrada similar","link":""},"img":{"alt_text":"","src":"https:\/\/i0.wp.com\/grupo.us.es\/iwpr\/wp-content\/uploads\/2024\/03\/Jose-Antonio-Ordaz-Sanz.jpg?resize=350%2C200","width":350,"height":200},"classes":[]},{"id":3937,"url":"https:\/\/grupo.us.es\/iwpr\/programa\/","url_meta":{"origin":140,"position":5},"title":"Programa","author":"Admin","date":"4 enero, 2022","format":false,"excerpt":"16 DE MARZO DE 2022 9:00. PRESENTACI\u00d3N Decano de la Facultad de Ciencias del Trabajo; Directora del Centro de Documentaci\u00f3n Europea; IP Proyecto US-1264479 9:30. MARCO GENERAL Presenta: Mar\u00eda Fernanda Fern\u00e1ndez L\u00f3pez (Universidad de Sevilla) 9:30. Conferencia inaugural: a cargo de Miguel Rodr\u00edguez-Pi\u00f1ero y Bravo Ferrer, catedr\u00e1tico de Derecho del\u2026","rel":"","context":"Entrada similar","block_context":{"text":"Entrada similar","link":""},"img":{"alt_text":"","src":"","width":0,"height":0},"classes":[]}],"jetpack_sharing_enabled":true,"_links":{"self":[{"href":"https:\/\/grupo.us.es\/iwpr\/wp-json\/wp\/v2\/pages\/140","targetHints":{"allow":["GET"]}}],"collection":[{"href":"https:\/\/grupo.us.es\/iwpr\/wp-json\/wp\/v2\/pages"}],"about":[{"href":"https:\/\/grupo.us.es\/iwpr\/wp-json\/wp\/v2\/types\/page"}],"author":[{"embeddable":true,"href":"https:\/\/grupo.us.es\/iwpr\/wp-json\/wp\/v2\/users\/1"}],"replies":[{"embeddable":true,"href":"https:\/\/grupo.us.es\/iwpr\/wp-json\/wp\/v2\/comments?post=140"}],"version-history":[{"count":0,"href":"https:\/\/grupo.us.es\/iwpr\/wp-json\/wp\/v2\/pages\/140\/revisions"}],"up":[{"embeddable":true,"href":"https:\/\/grupo.us.es\/iwpr\/wp-json\/wp\/v2\/pages\/25"}],"wp:attachment":[{"href":"https:\/\/grupo.us.es\/iwpr\/wp-json\/wp\/v2\/media?parent=140"}],"curies":[{"name":"wp","href":"https:\/\/api.w.org\/{rel}","templated":true}]}}