{"id":73,"date":"2013-09-23T18:27:47","date_gmt":"2013-09-23T16:27:47","guid":{"rendered":"https:\/\/grupo.us.es\/iberjoyce\/?page_id=73"},"modified":"2015-12-08T17:04:13","modified_gmt":"2015-12-08T15:04:13","slug":"solicitud-de-ingreso","status":"publish","type":"page","link":"https:\/\/grupo.us.es\/iberjoyce\/solicitud-de-ingreso\/","title":{"rendered":"Solicitud de ingreso"},"content":{"rendered":"<p>Aquellas personas interesadas en pertenecer a la Asociaci\u00f3n Espa\u00f1ola James Joyce, deber\u00e1n<\/p>\n<p>(1)\u00a0\u00a0<strong>enviar por correo postal la documentaci\u00f3n<\/strong>\u00a0de <strong><a href=\"https:\/\/grupo.us.es\/iberjoyce\/wp-content\/uploads\/2013\/09\/AEJJ-domiciliaci\u00f3n-bancaria1.pdf\">AEJJ domiciliaci\u00f3n bancaria<\/a>\u00a0<\/strong>a:<\/p>\n<blockquote><p>Dr. Ricardo Navarrete Franco<br \/>\nDepartamento de Filolog\u00eda Inglesa: Literatura Inglesa y Norteamericana<br \/>\nFacultad de Filolog\u00eda<br \/>\nUniversidad de Sevilla<br \/>\nC\/ Palos de la Frontera s\/n<br \/>\n41004 Sevilla, Spain<\/p><\/blockquote>\n<p>y (2)\u00a0<strong>rellenar el formulario electr\u00f3nico<\/strong>\u00a0que aparece a continuaci\u00f3n\u00a0\u00a0(por favor rellene todos los campos)<br \/>\n[contact-form-7 id=\u00bb355&#8243; title=\u00bbSolicitud ingreso\u00bb]<\/p>\n","protected":false},"excerpt":{"rendered":"<p>Aquellas personas interesadas en pertenecer a la Asociaci\u00f3n Espa\u00f1ola James Joyce, deber\u00e1n (1)\u00a0\u00a0enviar por correo postal la documentaci\u00f3n\u00a0de AEJJ domiciliaci\u00f3n bancaria\u00a0a: Dr. Ricardo Navarrete Franco Departamento de Filolog\u00eda Inglesa: Literatura Inglesa y Norteamericana Facultad de Filolog\u00eda Universidad de Sevilla C\/ Palos de la Frontera s\/n 41004 Sevilla, Spain y (2)\u00a0rellenar el formulario electr\u00f3nico\u00a0que aparece a [&hellip;]<\/p>\n","protected":false},"author":1,"featured_media":166,"parent":0,"menu_order":2,"comment_status":"closed","ping_status":"closed","template":"","meta":{"_genesis_hide_title":false,"_genesis_hide_breadcrumbs":false,"_genesis_hide_singular_image":false,"_genesis_hide_footer_widgets":false,"_genesis_custom_body_class":"","_genesis_custom_post_class":"","_genesis_layout":"","footnotes":""},"class_list":{"0":"post-73","1":"page","2":"type-page","3":"status-publish","4":"has-post-thumbnail","6":"entry"},"_links":{"self":[{"href":"https:\/\/grupo.us.es\/iberjoyce\/wp-json\/wp\/v2\/pages\/73","targetHints":{"allow":["GET"]}}],"collection":[{"href":"https:\/\/grupo.us.es\/iberjoyce\/wp-json\/wp\/v2\/pages"}],"about":[{"href":"https:\/\/grupo.us.es\/iberjoyce\/wp-json\/wp\/v2\/types\/page"}],"author":[{"embeddable":true,"href":"https:\/\/grupo.us.es\/iberjoyce\/wp-json\/wp\/v2\/users\/1"}],"replies":[{"embeddable":true,"href":"https:\/\/grupo.us.es\/iberjoyce\/wp-json\/wp\/v2\/comments?post=73"}],"version-history":[{"count":15,"href":"https:\/\/grupo.us.es\/iberjoyce\/wp-json\/wp\/v2\/pages\/73\/revisions"}],"predecessor-version":[{"id":1332,"href":"https:\/\/grupo.us.es\/iberjoyce\/wp-json\/wp\/v2\/pages\/73\/revisions\/1332"}],"wp:featuredmedia":[{"embeddable":true,"href":"https:\/\/grupo.us.es\/iberjoyce\/wp-json\/wp\/v2\/media\/166"}],"wp:attachment":[{"href":"https:\/\/grupo.us.es\/iberjoyce\/wp-json\/wp\/v2\/media?parent=73"}],"curies":[{"name":"wp","href":"https:\/\/api.w.org\/{rel}","templated":true}]}}