{"id":39,"date":"2013-09-20T22:08:02","date_gmt":"2013-09-20T20:08:02","guid":{"rendered":"https:\/\/grupo.us.es\/iberjoyce\/?page_id=39"},"modified":"2020-05-03T11:55:26","modified_gmt":"2020-05-03T09:55:26","slug":"otras-paginas","status":"publish","type":"page","link":"https:\/\/grupo.us.es\/iberjoyce\/otras-paginas\/","title":{"rendered":"Otras P\u00e1ginas"},"content":{"rendered":"<p><i>Si encontr\u00e1is alguna p\u00e1gina interesante sobre Joyce, pod\u00e9is escribirnos y la incluiremos en los enlaces.<\/i><\/p>\n<p><b><span style=\"color: #239f2b;\">Links in English<\/span><\/b><\/p>\n<p><a href=\"http:\/\/www.joycefoundation.ch\">Z\u00fcrich James Joyce Foundation<\/a><br \/>\n<a href=\"http:\/\/digicoll.library.wisc.edu\/JoyceColl\/\">The James Joyce Scholars&#8217; Collection<\/a><br \/>\n<a href=\"http:\/\/www.jamesjoyce.ie\">Dublin James Joyce Center<\/a><br \/>\n<a href=\"http:\/\/www.ulysses.ie\">Bloom Feature Film<\/a><br \/>\n<a href=\"http:\/\/www.utulsa.edu\/jjq\/\">James Joyce Quarterly<\/a><\/p>\n<p>&nbsp;<\/p>\n<p><b><span style=\"color: #239f2b;\">Joyce&#8217;s Books on the Internet<\/span><\/b><br \/>\n<em><a href=\"https:\/\/www.gutenberg.org\/files\/2814\/2814-h\/2814-h.htm\">Dubliners<\/a><\/em><br \/>\n<em><a href=\"https:\/\/www.gutenberg.org\/files\/4217\/4217-h\/4217-h.htm\">A Portrait of the Artist as a Young Man<\/a><\/em><\/p>\n<p><a href=\"http:\/\/m.joyceproject.com\/chapters\/telem.html\"><em>Ulysses<\/em><\/a><\/p>\n<p><em> <a href=\"http:\/\/finwake.com\">Finnegans Wake<\/a><\/em><\/p>\n<p>&nbsp;<\/p>\n<p><b><span style=\"color: #239f2b;\">\u00bfNo lees ingl\u00e9s?<\/span><\/b><br \/>\nSi no lees ingl\u00e9s, aqu\u00ed tienes algunos enlaces en los que puedes encontrar informaci\u00f3n sobre James Joyce en espa\u00f1ol:<\/p>\n<p><a href=\"http:\/\/mural.uv.es\/pacali\/pjamesyobra.htm\">James Joyce y su obra<\/a><br \/>\n<a href=\"http:\/\/fuentes.csh.udg.mx\/CUCSH\/Sincronia\/sigala.htm\"><br \/>\n<\/a><\/p>\n","protected":false},"excerpt":{"rendered":"<p>Si encontr\u00e1is alguna p\u00e1gina interesante sobre Joyce, pod\u00e9is escribirnos y la incluiremos en los enlaces. Links in English Z\u00fcrich James Joyce Foundation The James Joyce Scholars&#8217; Collection Dublin James Joyce Center Bloom Feature Film James Joyce Quarterly &nbsp; Joyce&#8217;s Books on the Internet Dubliners A Portrait of the Artist as a Young Man Ulysses Finnegans [&hellip;]<\/p>\n","protected":false},"author":1,"featured_media":169,"parent":0,"menu_order":7,"comment_status":"closed","ping_status":"closed","template":"","meta":{"_genesis_hide_title":false,"_genesis_hide_breadcrumbs":false,"_genesis_hide_singular_image":false,"_genesis_hide_footer_widgets":false,"_genesis_custom_body_class":"","_genesis_custom_post_class":"","_genesis_layout":"","footnotes":""},"class_list":{"0":"post-39","1":"page","2":"type-page","3":"status-publish","4":"has-post-thumbnail","6":"entry"},"_links":{"self":[{"href":"https:\/\/grupo.us.es\/iberjoyce\/wp-json\/wp\/v2\/pages\/39","targetHints":{"allow":["GET"]}}],"collection":[{"href":"https:\/\/grupo.us.es\/iberjoyce\/wp-json\/wp\/v2\/pages"}],"about":[{"href":"https:\/\/grupo.us.es\/iberjoyce\/wp-json\/wp\/v2\/types\/page"}],"author":[{"embeddable":true,"href":"https:\/\/grupo.us.es\/iberjoyce\/wp-json\/wp\/v2\/users\/1"}],"replies":[{"embeddable":true,"href":"https:\/\/grupo.us.es\/iberjoyce\/wp-json\/wp\/v2\/comments?post=39"}],"version-history":[{"count":10,"href":"https:\/\/grupo.us.es\/iberjoyce\/wp-json\/wp\/v2\/pages\/39\/revisions"}],"predecessor-version":[{"id":2235,"href":"https:\/\/grupo.us.es\/iberjoyce\/wp-json\/wp\/v2\/pages\/39\/revisions\/2235"}],"wp:featuredmedia":[{"embeddable":true,"href":"https:\/\/grupo.us.es\/iberjoyce\/wp-json\/wp\/v2\/media\/169"}],"wp:attachment":[{"href":"https:\/\/grupo.us.es\/iberjoyce\/wp-json\/wp\/v2\/media?parent=39"}],"curies":[{"name":"wp","href":"https:\/\/api.w.org\/{rel}","templated":true}]}}