{"id":1846,"date":"2018-08-26T08:00:50","date_gmt":"2018-08-26T06:00:50","guid":{"rendered":"https:\/\/grupo.us.es\/iberjoyce\/?page_id=1846"},"modified":"2018-06-11T17:57:28","modified_gmt":"2018-06-11T15:57:28","slug":"fw-419-02-09-why-cant-you-beat-time","status":"publish","type":"page","link":"https:\/\/grupo.us.es\/iberjoyce\/fw-419-02-09-why-cant-you-beat-time\/","title":{"rendered":"FW 419.02-09 why can\u2019t you beat time?"},"content":{"rendered":"<p>&nbsp;<\/p>\n<p><b>\u00a0<\/b><\/p>\n<p><i>My in risible universe youdly haud find<br \/>\nSulch oxtrabeeforeness meat soveal behind.<br \/>\nYour feats end enormous, your volumes immense,<br \/>\n(May the Graces I hoped for sing your Ondtship song sense!),<br \/>\nYour genus its worldwide, your spacest sublime!<br \/>\nBut, Holy Saltmartin, why can\u2019t you beat time?<\/i><\/p>\n<p>In the name of the former and of the latter and of their holocaust. Allmen.<\/p>\n<p>&nbsp;<\/p>\n<p>Y as\u00ed termina el mes de agosto, y la canci\u00f3n de la cigarra ( y en el nombre-del-padre-del-hijo-del-esp\u00edritu-santo:<\/p>\n<p>\u201cPor mucho que lo intenta, la hormiga no puede con el misterio del tiempo.\u201d<\/p>\n","protected":false},"excerpt":{"rendered":"<p>&nbsp; \u00a0 My in risible universe youdly haud find Sulch oxtrabeeforeness meat soveal behind. Your feats end enormous, your volumes immense, (May the Graces I hoped for sing your Ondtship song sense!), Your genus its worldwide, your spacest sublime! But, Holy Saltmartin, why can\u2019t you beat time? In the name of the former and of [&hellip;]<\/p>\n","protected":false},"author":4,"featured_media":0,"parent":0,"menu_order":0,"comment_status":"open","ping_status":"open","template":"","meta":{"_genesis_hide_title":false,"_genesis_hide_breadcrumbs":false,"_genesis_hide_singular_image":false,"_genesis_hide_footer_widgets":false,"_genesis_custom_body_class":"","_genesis_custom_post_class":"","_genesis_layout":"","footnotes":""},"class_list":{"0":"post-1846","1":"page","2":"type-page","3":"status-publish","5":"entry"},"_links":{"self":[{"href":"https:\/\/grupo.us.es\/iberjoyce\/wp-json\/wp\/v2\/pages\/1846","targetHints":{"allow":["GET"]}}],"collection":[{"href":"https:\/\/grupo.us.es\/iberjoyce\/wp-json\/wp\/v2\/pages"}],"about":[{"href":"https:\/\/grupo.us.es\/iberjoyce\/wp-json\/wp\/v2\/types\/page"}],"author":[{"embeddable":true,"href":"https:\/\/grupo.us.es\/iberjoyce\/wp-json\/wp\/v2\/users\/4"}],"replies":[{"embeddable":true,"href":"https:\/\/grupo.us.es\/iberjoyce\/wp-json\/wp\/v2\/comments?post=1846"}],"version-history":[{"count":1,"href":"https:\/\/grupo.us.es\/iberjoyce\/wp-json\/wp\/v2\/pages\/1846\/revisions"}],"predecessor-version":[{"id":1847,"href":"https:\/\/grupo.us.es\/iberjoyce\/wp-json\/wp\/v2\/pages\/1846\/revisions\/1847"}],"wp:attachment":[{"href":"https:\/\/grupo.us.es\/iberjoyce\/wp-json\/wp\/v2\/media?parent=1846"}],"curies":[{"name":"wp","href":"https:\/\/api.w.org\/{rel}","templated":true}]}}