{"id":175,"date":"2023-09-15T15:06:03","date_gmt":"2023-09-15T13:06:03","guid":{"rendered":"http:\/\/grupo.us.es\/hum120litimatrad\/?page_id=175"},"modified":"2023-12-18T21:41:14","modified_gmt":"2023-12-18T20:41:14","slug":"lineas-de-investigacion","status":"publish","type":"page","link":"https:\/\/grupo.us.es\/hum120litimatrad\/lineas-de-investigacion\/","title":{"rendered":"L\u00edneas de investigaci\u00f3n"},"content":{"rendered":"\n<h1 class=\"wp-block-heading titulo\"><strong>L\u00edneas de investigaci\u00f3n<\/strong><\/h1>\n\n\n\n<div class=\"wp-block-columns is-layout-flex wp-container-core-columns-is-layout-9d6595d7 wp-block-columns-is-layout-flex\">\n<div class=\"wp-block-column is-layout-flow wp-block-column-is-layout-flow\" style=\"flex-basis:50%\">\n<p style=\"font-size:18px\"><strong>En la actualidad la actividad del Grupo comprende las siguientes \u00e1reas:<\/strong><\/p>\n\n\n\n<ul class=\"wp-block-list\">\n<li>Literatura e imagen.<\/li>\n\n\n\n<li>Literatura comparada<\/li>\n\n\n\n<li>Iconograf\u00eda literaria (mitos, s\u00edmbolos\u2026).<\/li>\n\n\n\n<li>Literatura francesa contempor\u00e1nea (Siglos XIX a XXI)<\/li>\n\n\n\n<li>Recepci\u00f3n literatura francesa en Espa\u00f1a.<\/li>\n\n\n\n<li>Traducci\u00f3n literaria franc\u00e9s-espa\u00f1ol-franc\u00e9s.<\/li>\n\n\n\n<li>Representaciones culturales en la literatura de viajes<\/li>\n\n\n\n<li>Mujeres y literatura<\/li>\n<\/ul>\n<\/div>\n\n\n\n<div class=\"wp-block-column px-4 is-layout-flow wp-block-column-is-layout-flow\" style=\"flex-basis:50%\">\n<p class=\"justificado\">Los trabajos realizados por las investigadoras que forman parte de este grupo versan esencialmente sobre la producci\u00f3n literaria en lengua francesa de los siglos XIX y XX, tanto en su vertiente exclusivamente francesa como franc\u00f3fona.<\/p>\n\n\n\n<p>Desde sus inicios, los trabajos del grupo han presentado un marcado car\u00e1cter interdisciplinar, con <strong>estudios de literatura comparada<\/strong> \u2013 centrados principalmente en la relaci\u00f3n texto-imagen o la iconograf\u00eda literaria \u2013, y otros relativos a la <strong>traducci\u00f3n literaria<\/strong>, tanto desde el punto de vista de los procesos de la pr\u00e1ctica traductora, como del estudio de traducciones publicadas.<\/p>\n<\/div>\n<\/div>\n\n\n\n<div class=\"wp-block-columns m-0 is-layout-flex wp-container-core-columns-is-layout-9d6595d7 wp-block-columns-is-layout-flex\">\n<div class=\"wp-block-column m-0 is-layout-flow wp-block-column-is-layout-flow\">\n<figure class=\"wp-block-image size-large\"><img decoding=\"async\" src=\"http:\/\/grupo.us.es\/hum120litimatrad\/wp-content\/uploads\/footer-4.jpg\" alt=\"\"\/><\/figure>\n<\/div>\n<\/div>\n","protected":false},"excerpt":{"rendered":"L\u00edneas de investigaci\u00f3n En la actualidad la actividad del Grupo comprende las siguientes \u00e1reas: Los trabajos realizados por las investigadoras que forman parte de este grupo versan esencialmente sobre la producci\u00f3n literaria en lengua francesa de los siglos XIX y XX, tanto en su vertiente exclusivamente francesa como franc\u00f3fona. Desde sus inicios, los trabajos del [&hellip;]","protected":false},"author":3,"featured_media":0,"parent":0,"menu_order":0,"comment_status":"closed","ping_status":"closed","template":"","meta":{"footnotes":""},"class_list":["post-175","page","type-page","status-publish","hentry"],"acf":[],"_links":{"self":[{"href":"https:\/\/grupo.us.es\/hum120litimatrad\/wp-json\/wp\/v2\/pages\/175","targetHints":{"allow":["GET"]}}],"collection":[{"href":"https:\/\/grupo.us.es\/hum120litimatrad\/wp-json\/wp\/v2\/pages"}],"about":[{"href":"https:\/\/grupo.us.es\/hum120litimatrad\/wp-json\/wp\/v2\/types\/page"}],"author":[{"embeddable":true,"href":"https:\/\/grupo.us.es\/hum120litimatrad\/wp-json\/wp\/v2\/users\/3"}],"replies":[{"embeddable":true,"href":"https:\/\/grupo.us.es\/hum120litimatrad\/wp-json\/wp\/v2\/comments?post=175"}],"version-history":[{"count":21,"href":"https:\/\/grupo.us.es\/hum120litimatrad\/wp-json\/wp\/v2\/pages\/175\/revisions"}],"predecessor-version":[{"id":504,"href":"https:\/\/grupo.us.es\/hum120litimatrad\/wp-json\/wp\/v2\/pages\/175\/revisions\/504"}],"wp:attachment":[{"href":"https:\/\/grupo.us.es\/hum120litimatrad\/wp-json\/wp\/v2\/media?parent=175"}],"curies":[{"name":"wp","href":"https:\/\/api.w.org\/{rel}","templated":true}]}}