{"id":358,"date":"2021-11-07T18:16:20","date_gmt":"2021-11-07T18:16:20","guid":{"rendered":"https:\/\/grupo.us.es\/hislabinst\/?page_id=358"},"modified":"2022-06-08T11:54:30","modified_gmt":"2022-06-08T11:54:30","slug":"proyecto","status":"publish","type":"page","link":"https:\/\/grupo.us.es\/hislabinst\/proyecto\/","title":{"rendered":"Proyecto"},"content":{"rendered":"<p>[et_pb_section fb_built=&#8221;1&#8243; _builder_version=&#8221;4.10.8&#8243; _module_preset=&#8221;default&#8221; background_image=&#8221;https:\/\/grupo.us.es\/hislabinst\/wp-content\/uploads\/2022\/02\/AlgodonerosAlta_1920x200.png&#8221; background_position=&#8221;top_left&#8221; height=&#8221;200px&#8221; height_tablet=&#8221;200px&#8221; height_phone=&#8221;200px&#8221; height_last_edited=&#8221;on|phone&#8221; global_colors_info=&#8221;{}&#8221;][\/et_pb_section][et_pb_section fb_built=&#8221;1&#8243; _builder_version=&#8221;4.10.8&#8243; _module_preset=&#8221;default&#8221; global_colors_info=&#8221;{}&#8221;][et_pb_row _builder_version=&#8221;4.10.8&#8243; _module_preset=&#8221;default&#8221; global_colors_info=&#8221;{}&#8221;][et_pb_column type=&#8221;4_4&#8243; _builder_version=&#8221;4.10.8&#8243; _module_preset=&#8221;default&#8221; global_colors_info=&#8221;{}&#8221;][et_pb_text _builder_version=&#8221;4.10.8&#8243; _module_preset=&#8221;default&#8221; text_font=&#8221;|600|||||||&#8221; text_text_color=&#8221;#055169&#8243; text_font_size=&#8221;13px&#8221; link_text_color=&#8221;#055169&#8243; global_colors_info=&#8221;{}&#8221;]<\/p>\n<p><a href=\"https:\/\/grupo.us.es\/hislabinst\/\">Inicio<\/a>\u00a0<svg xmlns=\"http:\/\/www.w3.org\/2000\/svg\" viewbox=\"-11 -2 30 17\" width=\"15\" fill=\"currentColor\"><path d=\"M5.314 7.071l-4.95-4.95A1 1 0 0 1 1.778.707l5.657 5.657a1 1 0 0 1 0 1.414l-5.657 5.657a1 1 0 0 1-1.414-1.414l4.95-4.95z\"><\/path><\/svg> Proyecto<\/p>\n<p>[\/et_pb_text][\/et_pb_column][\/et_pb_row][et_pb_row _builder_version=&#8221;4.10.8&#8243; _module_preset=&#8221;default&#8221; global_colors_info=&#8221;{}&#8221;][et_pb_column type=&#8221;4_4&#8243; _builder_version=&#8221;4.10.8&#8243; _module_preset=&#8221;default&#8221; global_colors_info=&#8221;{}&#8221;][et_pb_text _builder_version=&#8221;4.10.8&#8243; _module_preset=&#8221;default&#8221; text_font=&#8221;Prata||||||||&#8221; text_font_size=&#8221;30px&#8221; text_line_height=&#8221;1.5em&#8221; hover_enabled=&#8221;0&#8243; global_colors_info=&#8221;{}&#8221; sticky_enabled=&#8221;0&#8243;]<\/p>\n<p>Proyecto de Investigaci\u00f3n Histlabinst<\/p>\n<p>[\/et_pb_text][\/et_pb_column][\/et_pb_row][et_pb_row _builder_version=&#8221;4.10.8&#8243; _module_preset=&#8221;default&#8221; global_colors_info=&#8221;{}&#8221;][et_pb_column type=&#8221;4_4&#8243; _builder_version=&#8221;4.10.8&#8243; _module_preset=&#8221;default&#8221; global_colors_info=&#8221;{}&#8221;][et_pb_text _builder_version=&#8221;4.10.8&#8243; _module_preset=&#8221;default&#8221; text_font_size=&#8221;15px&#8221; text_orientation=&#8221;justified&#8221; custom_margin=&#8221;-8px||||false|false&#8221; global_colors_info=&#8221;{}&#8221;]<\/p>\n<p>Durante los \u00faltimos cuarenta a\u00f1os, la globalizaci\u00f3n y las tendencias de integraci\u00f3n de los mercados de capital y de trabajo han incrementado la incertidumbre y la inestabilidad de las econom\u00edas desarrolladas. Estos procesos han provocado profundas transformaciones en el funcionamiento de las econom\u00edas europeas y han afectado especialmente a las din\u00e1micas de los mercados de trabajo. Si bien estas tendencias han influenciado de forma general a las econom\u00edas europeas, las diferencias en las estructuras institucionales y econ\u00f3micas dentro del continente han condicionado la adaptaci\u00f3n de los distintos pa\u00edses. Tal y como se\u00f1alan Hall y Soskice (2001), la diferenciaci\u00f3n entre variedades de capitalismo contribuye a explicar c\u00f3mo los distintos pa\u00edses se han adaptado de forma desigual a las transformaciones de las \u00faltimas d\u00e9cadas.<\/p>\n<p>En el caso de Espa\u00f1a, la tradici\u00f3n intervencionista del Estado en el mercado de trabajo ha combinado los efectos de una intensa actividad regulatoria con las caracter\u00edsticas propias de un r\u00e9gimen dictatorial en continua transformaci\u00f3n, seguido de un proceso de transici\u00f3n a la democracia y de la construcci\u00f3n de una econom\u00eda moderna en el seno de la Uni\u00f3n Europea. A pesar de todas estas transformaciones, persisten en el mercado de trabajo espa\u00f1ol una serie de problemas estructurales: la fuerte dualidad, alta volatilidad de los salarios, bajos niveles de empleo, entre otros.<\/p>\n<p>El objetivo de esta investigaci\u00f3n es examinar los determinantes institucionales que afectan al comportamiento del mercado de trabajo espa\u00f1ol en el largo plazo, desde la dictadura franquista hasta la actualidad. Para ello, se plantea un estudio en perspectiva comparada que permita analizar los elementos institucionales comunes presentes en una selecci\u00f3n de pa\u00edses del Sur de Europa: Espa\u00f1a, Italia y Portugal. Se seleccionan este conjunto de pa\u00edses por las similitudes que ofrecen en su regulaci\u00f3n de los mercados de trabajo y en su estructura econ\u00f3mica, en oposici\u00f3n a los pa\u00edses del Norte europeo. Este proyecto construir\u00e1 un an\u00e1lisis institucional en perspectiva comparada de la regulaci\u00f3n y el comportamiento de este conjunto de pa\u00edses desde el final de la Segunda Guerra Mundial hasta la actualidad. En paralelo, analizar\u00e1 la evoluci\u00f3n de dichas estructuras desde la perspectiva tanto del empleo como del desempleo. Para contrastar los resultados de la aproximaci\u00f3n institucional y cualitativa, se utilizar\u00e1n herramientas de an\u00e1lisis cuantitativo aplicadas a una nueva base de datos sobre salarios. Concretamente, se plantea la construcci\u00f3n de una base de datos utilizando las Encuestas de Salarios y sucesoras desde 1960 hasta la actualidad, en formato comparable e interoperable con otras bases de datos internacionales.<\/p>\n<p>Para desarrollar los objetivos generales, se han trazado cinco objetivos espec\u00edficos:<\/p>\n<p>1. Recopilar, compilar y confeccionar las series de datos y estad\u00edsticas sobre los principales indicadores del funcionamiento del mercado de trabajo en una base de datos que cubra todo el per\u00edodo de estudio y que sea comparable e interoperable con otras bases de datos internacionales similares.<\/p>\n<p>2. Elaborar un estudio comparativo de la evoluci\u00f3n de la regulaci\u00f3n de los mercados de trabajo en Espa\u00f1a, Portugal e Italia, que permita contrastar las semejanzas y diferencias existentes entre estos pa\u00edses del sur europeo.<\/p>\n<p>3. Realizar un an\u00e1lisis emp\u00edrico que, mediante el uso de la base de datos confeccionada y a trav\u00e9s del uso de herramientas de contraste cuantitativo, permita ofrecer una valoraci\u00f3n.<\/p>\n<p>[\/et_pb_text][\/et_pb_column][\/et_pb_row][et_pb_row _builder_version=&#8221;4.10.8&#8243; _module_preset=&#8221;default&#8221; custom_margin=&#8221;8px||20px||false|false&#8221; locked=&#8221;off&#8221; global_colors_info=&#8221;{}&#8221;][et_pb_column type=&#8221;4_4&#8243; _builder_version=&#8221;4.14.2&#8243; _module_preset=&#8221;default&#8221; global_colors_info=&#8221;{}&#8221;][et_pb_button button_url=&#8221;https:\/\/grupo.us.es\/hislabinst\/project-english\/&#8221; button_text=&#8221;ENGLISH VERSION&#8221; button_alignment=&#8221;center&#8221; _builder_version=&#8221;4.10.8&#8243; _module_preset=&#8221;default&#8221; custom_button=&#8221;on&#8221; button_text_size=&#8221;15px&#8221; button_text_color=&#8221;#DADADA&#8221; button_bg_color=&#8221;#055169&#8243; button_border_radius=&#8221;10px&#8221; custom_margin=&#8221;||||false|false&#8221; custom_margin_tablet=&#8221;5px||5px||true|false&#8221; custom_margin_phone=&#8221;&#8221; custom_margin_last_edited=&#8221;on|phone&#8221; animation_style=&#8221;fade&#8221; locked=&#8221;off&#8221; global_colors_info=&#8221;{}&#8221;][\/et_pb_button][\/et_pb_column][\/et_pb_row][et_pb_row _builder_version=&#8221;4.10.8&#8243; _module_preset=&#8221;default&#8221; global_colors_info=&#8221;{}&#8221;][et_pb_column type=&#8221;4_4&#8243; _builder_version=&#8221;4.10.8&#8243; _module_preset=&#8221;default&#8221; global_colors_info=&#8221;{}&#8221;][et_pb_image src=&#8221;https:\/\/grupo.us.es\/hislabinst\/wp-content\/uploads\/2022\/02\/AlgodonerosAlta-scaled.jpg&#8221; title_text=&#8221;AlgodonerosAlta&#8221; _builder_version=&#8221;4.10.8&#8243; _module_preset=&#8221;default&#8221; global_colors_info=&#8221;{}&#8221;][\/et_pb_image][\/et_pb_column][\/et_pb_row][\/et_pb_section]<\/p>\n","protected":false},"excerpt":{"rendered":"<p>Inicio\u00a0 ProyectoProyecto de Investigaci\u00f3n HistlabinstDurante los \u00faltimos cuarenta a\u00f1os, la globalizaci\u00f3n y las tendencias de integraci\u00f3n de los mercados de capital y de trabajo han incrementado la incertidumbre y la inestabilidad de las econom\u00edas desarrolladas. Estos procesos han provocado profundas transformaciones en el funcionamiento de las econom\u00edas europeas y han afectado especialmente a las din\u00e1micas [&hellip;]<\/p>\n","protected":false},"author":1,"featured_media":0,"parent":0,"menu_order":0,"comment_status":"closed","ping_status":"closed","template":"","meta":{"_et_pb_use_builder":"on","_et_pb_old_content":"","_et_gb_content_width":"","footnotes":""},"class_list":["post-358","page","type-page","status-publish","hentry"],"yoast_head":"<!-- This site is optimized with the Yoast SEO plugin v19.2 - https:\/\/yoast.com\/wordpress\/plugins\/seo\/ -->\n<title>Proyecto - History and Economic Institutions<\/title>\n<meta name=\"robots\" content=\"index, follow, max-snippet:-1, max-image-preview:large, max-video-preview:-1\" \/>\n<link rel=\"canonical\" href=\"https:\/\/grupo.us.es\/hislabinst\/proyecto\/\" \/>\n<meta property=\"og:locale\" content=\"en_GB\" \/>\n<meta property=\"og:type\" content=\"article\" \/>\n<meta property=\"og:title\" content=\"Proyecto - History and Economic Institutions\" \/>\n<meta property=\"og:description\" content=\"Inicio\u00a0 ProyectoProyecto de Investigaci\u00f3n HistlabinstDurante los \u00faltimos cuarenta a\u00f1os, la globalizaci\u00f3n y las tendencias de integraci\u00f3n de los mercados de capital y de trabajo han incrementado la incertidumbre y la inestabilidad de las econom\u00edas desarrolladas. Estos procesos han provocado profundas transformaciones en el funcionamiento de las econom\u00edas europeas y han afectado especialmente a las din\u00e1micas [&hellip;]\" \/>\n<meta property=\"og:url\" content=\"https:\/\/grupo.us.es\/hislabinst\/proyecto\/\" \/>\n<meta property=\"og:site_name\" content=\"History and Economic Institutions\" \/>\n<meta property=\"article:modified_time\" content=\"2022-06-08T11:54:30+00:00\" \/>\n<meta name=\"author\" content=\"eheconomica\" \/>\n<meta name=\"twitter:card\" content=\"summary_large_image\" \/>\n<meta name=\"twitter:label1\" content=\"Estimated reading time\" \/>\n\t<meta name=\"twitter:data1\" content=\"5 minutes\" \/>\n<script type=\"application\/ld+json\" class=\"yoast-schema-graph\">{\"@context\":\"https:\/\/schema.org\",\"@graph\":[{\"@type\":\"WebSite\",\"@id\":\"https:\/\/grupo.us.es\/hislabinst\/#website\",\"url\":\"https:\/\/grupo.us.es\/hislabinst\/\",\"name\":\"History and Economic Institutions\",\"description\":\"\",\"potentialAction\":[{\"@type\":\"SearchAction\",\"target\":{\"@type\":\"EntryPoint\",\"urlTemplate\":\"https:\/\/grupo.us.es\/hislabinst\/?s={search_term_string}\"},\"query-input\":\"required name=search_term_string\"}],\"inLanguage\":\"en-GB\"},{\"@type\":\"WebPage\",\"@id\":\"https:\/\/grupo.us.es\/hislabinst\/proyecto\/#webpage\",\"url\":\"https:\/\/grupo.us.es\/hislabinst\/proyecto\/\",\"name\":\"Proyecto - History and Economic Institutions\",\"isPartOf\":{\"@id\":\"https:\/\/grupo.us.es\/hislabinst\/#website\"},\"datePublished\":\"2021-11-07T18:16:20+00:00\",\"dateModified\":\"2022-06-08T11:54:30+00:00\",\"breadcrumb\":{\"@id\":\"https:\/\/grupo.us.es\/hislabinst\/proyecto\/#breadcrumb\"},\"inLanguage\":\"en-GB\",\"potentialAction\":[{\"@type\":\"ReadAction\",\"target\":[\"https:\/\/grupo.us.es\/hislabinst\/proyecto\/\"]}]},{\"@type\":\"BreadcrumbList\",\"@id\":\"https:\/\/grupo.us.es\/hislabinst\/proyecto\/#breadcrumb\",\"itemListElement\":[{\"@type\":\"ListItem\",\"position\":1,\"name\":\"Portada\",\"item\":\"https:\/\/grupo.us.es\/hislabinst\/\"},{\"@type\":\"ListItem\",\"position\":2,\"name\":\"Proyecto\"}]}]}<\/script>\n<!-- \/ Yoast SEO plugin. -->","yoast_head_json":{"title":"Proyecto - History and Economic Institutions","robots":{"index":"index","follow":"follow","max-snippet":"max-snippet:-1","max-image-preview":"max-image-preview:large","max-video-preview":"max-video-preview:-1"},"canonical":"https:\/\/grupo.us.es\/hislabinst\/proyecto\/","og_locale":"en_GB","og_type":"article","og_title":"Proyecto - History and Economic Institutions","og_description":"Inicio\u00a0 ProyectoProyecto de Investigaci\u00f3n HistlabinstDurante los \u00faltimos cuarenta a\u00f1os, la globalizaci\u00f3n y las tendencias de integraci\u00f3n de los mercados de capital y de trabajo han incrementado la incertidumbre y la inestabilidad de las econom\u00edas desarrolladas. Estos procesos han provocado profundas transformaciones en el funcionamiento de las econom\u00edas europeas y han afectado especialmente a las din\u00e1micas [&hellip;]","og_url":"https:\/\/grupo.us.es\/hislabinst\/proyecto\/","og_site_name":"History and Economic Institutions","article_modified_time":"2022-06-08T11:54:30+00:00","author":"eheconomica","twitter_card":"summary_large_image","twitter_misc":{"Estimated reading time":"5 minutes"},"schema":{"@context":"https:\/\/schema.org","@graph":[{"@type":"WebSite","@id":"https:\/\/grupo.us.es\/hislabinst\/#website","url":"https:\/\/grupo.us.es\/hislabinst\/","name":"History and Economic Institutions","description":"","potentialAction":[{"@type":"SearchAction","target":{"@type":"EntryPoint","urlTemplate":"https:\/\/grupo.us.es\/hislabinst\/?s={search_term_string}"},"query-input":"required name=search_term_string"}],"inLanguage":"en-GB"},{"@type":"WebPage","@id":"https:\/\/grupo.us.es\/hislabinst\/proyecto\/#webpage","url":"https:\/\/grupo.us.es\/hislabinst\/proyecto\/","name":"Proyecto - History and Economic Institutions","isPartOf":{"@id":"https:\/\/grupo.us.es\/hislabinst\/#website"},"datePublished":"2021-11-07T18:16:20+00:00","dateModified":"2022-06-08T11:54:30+00:00","breadcrumb":{"@id":"https:\/\/grupo.us.es\/hislabinst\/proyecto\/#breadcrumb"},"inLanguage":"en-GB","potentialAction":[{"@type":"ReadAction","target":["https:\/\/grupo.us.es\/hislabinst\/proyecto\/"]}]},{"@type":"BreadcrumbList","@id":"https:\/\/grupo.us.es\/hislabinst\/proyecto\/#breadcrumb","itemListElement":[{"@type":"ListItem","position":1,"name":"Portada","item":"https:\/\/grupo.us.es\/hislabinst\/"},{"@type":"ListItem","position":2,"name":"Proyecto"}]}]}},"_links":{"self":[{"href":"https:\/\/grupo.us.es\/hislabinst\/wp-json\/wp\/v2\/pages\/358","targetHints":{"allow":["GET"]}}],"collection":[{"href":"https:\/\/grupo.us.es\/hislabinst\/wp-json\/wp\/v2\/pages"}],"about":[{"href":"https:\/\/grupo.us.es\/hislabinst\/wp-json\/wp\/v2\/types\/page"}],"author":[{"embeddable":true,"href":"https:\/\/grupo.us.es\/hislabinst\/wp-json\/wp\/v2\/users\/1"}],"replies":[{"embeddable":true,"href":"https:\/\/grupo.us.es\/hislabinst\/wp-json\/wp\/v2\/comments?post=358"}],"version-history":[{"count":17,"href":"https:\/\/grupo.us.es\/hislabinst\/wp-json\/wp\/v2\/pages\/358\/revisions"}],"predecessor-version":[{"id":1166,"href":"https:\/\/grupo.us.es\/hislabinst\/wp-json\/wp\/v2\/pages\/358\/revisions\/1166"}],"wp:attachment":[{"href":"https:\/\/grupo.us.es\/hislabinst\/wp-json\/wp\/v2\/media?parent=358"}],"curies":[{"name":"wp","href":"https:\/\/api.w.org\/{rel}","templated":true}]}}