{"id":14,"date":"2019-04-09T11:36:57","date_gmt":"2019-04-09T09:36:57","guid":{"rendered":"http:\/\/grupo.us.es\/healthterritory\/?page_id=14"},"modified":"2019-11-27T16:44:09","modified_gmt":"2019-11-27T15:44:09","slug":"politica-de-privacidad","status":"publish","type":"page","link":"https:\/\/grupo.us.es\/healthterritory\/politica-de-privacidad\/","title":{"rendered":"Pol\u00edtica de privacidad"},"content":{"rendered":"<h3>1. Derecho de informaci\u00f3n<\/h3>\n<p>La presente pol\u00edtica de protecci\u00f3n de datos tiene por objeto regular el acceso y uso de los servicios del Sitio Web de Health &amp; Territory Research, (en adelante \u00abLA WEB\u00bb), propiedad de Health &amp; Territory Research, que se pone de forma gratuita, a disposici\u00f3n de los usuarios de Internet (en adelante \u00abusuarios\u00bb) interesados en \u00e9stos, as\u00ed como en sus contenidos.<\/p>\n<p>Con sujeci\u00f3n a lo establecido en la Ley Org\u00e1nica 15\/1999, de 13 de diciembre, de Protecci\u00f3n de Datos de Car\u00e1cter Personal (en adelante \u201cLOPD\u201d) y su Reglamento de desarrollo, Real Decreto 1720\/2007, de 21 de diciembre, Health &amp; Territory Research, como titular del Sitio Web, pone en conocimiento del usuario la existencia de ficheros de datos de car\u00e1cter personal creado por \u00e9sta y bajo su responsabilidad. Asimismo, en cumplimiento del art\u00edculo 26 de la LOPD, y siguiendo las directrices del Registro General de Datos Personales de la Agencia Espa\u00f1ola de Protecci\u00f3n de Datos, Health &amp; Territory Research ha inscrito, en \u00e9ste \u00faltimo, los citados ficheros, a los cuales se les ha asignado el correspondiente c\u00f3digo de inscripci\u00f3n.<\/p>\n<p>De id\u00e9ntico modo, Health &amp; Territory Research informa al usuario que dichos datos de car\u00e1cter personal se encuentran alojados en un servidor situado dentro de la Uni\u00f3n Europea, gestionado por la Universidad de Sevilla.<\/p>\n<p>Todo lo anterior es aceptado por el usuario de forma voluntaria, expresa, inequ\u00edvoca y sin ning\u00fan tipo de reservas.<\/p>\n<h3>2. Derecho de Acceso, Rectificaci\u00f3n y Cancelaci\u00f3n de datos<\/h3>\n<p>El usuario tiene derecho a acceder a esta informaci\u00f3n, a rectificarla si los datos son err\u00f3neos y a darse de baja de los servicios de LA WEB.<\/p>\n<p>El ejercicio de estos derechos puede materializarse a trav\u00e9s del propio Sitio Web. En caso de problemas para su realizaci\u00f3n online de forma efectiva, as\u00ed como para solventar cualquier duda o controversia sobre nuestra Pol\u00edtica de Privacidad y Protecci\u00f3n de Datos de car\u00e1cter Personal, los usuarios podr\u00e1n dirigirse directamente a htr@us.es<\/p>\n<h3>3. Modificaci\u00f3n de la presente Pol\u00edtica de Privacidad y Protecci\u00f3n de Datos de Car\u00e1cter Personal<\/h3>\n<p>LA WEB se reserva el derecho a modificar la presente Pol\u00edtica para adaptarla a futuras novedades legislativas o jurisprudenciales.<\/p>\n<h3>4. Finalidad<\/h3>\n<p>LA WEB tambi\u00e9n informaci\u00f3n sobre el usuario registrado a trav\u00e9s de las opiniones manifestadas por \u00e9ste, el uso que haga de las distintas funciones de la comunidad, o de la administraci\u00f3n y la utilizaci\u00f3n que \u00e9ste haga de LA WEB. Del mismo modo, la correspondencia que el usuario env\u00ede a LA WEB puede ser almacenada y evaluada.<\/p>\n<p>LA WEB realiza estas investigaciones internas referentes a la demograf\u00eda, los intereses y el comportamiento del usuario. Estas investigaciones se basan en la informaci\u00f3n personal facilitada durante el registro o en tareas que realizan los usuarios. La \u00fanica finalidad de esta actividad es el an\u00e1lisis para entender y optimizar mejor lo que demandan nuestros usuarios.<\/p>\n<p>El usuario manifiesta estar conforme con esta pol\u00edtica de privacidad y la acepta de forma expresa y sin reservas.<\/p>\n<h3>5. Naturaleza obligatoria o facultativa de la informaci\u00f3n facilitada por el usuario y veracidad de la misma<\/h3>\n<p>En el formulario de registro que LA WEB pone a disposici\u00f3n del usuario existen determinados campos cuya cumplimentaci\u00f3n es estrictamente necesaria para poder prestar el servicio que el Sitio Web pone a disposici\u00f3n del usuario registrado, teniendo car\u00e1cter voluntario la inclusi\u00f3n de datos en los restantes campos.<\/p>\n<p>El usuario garantiza que los datos facilitados a LA WEB son ciertos y se hace responsable de mantenerlos actualizados y comunicar cualquier alteraci\u00f3n en relaci\u00f3n a los mismos.<\/p>\n<p>Del mismo modo, el usuario garantiza que toda la informaci\u00f3n de car\u00e1cter personal que facilite es exacta y est\u00e1 actualizada de forma que responde con veracidad a la situaci\u00f3n actual del mismo. Corresponde y es obligaci\u00f3n del usuario mantener, en todo momento, sus datos actualizados, siendo \u00e9ste el \u00fanico responsable de la inexactitud, falsedad o ilegalidad en que pudieran incurrir los datos facilitados y de los perjuicios que pueda causar por ello a LA WEB o a terceros con motivo de la utilizaci\u00f3n de los servicios ofrecidos por LA WEB.<\/p>\n<h3>6. Utilizaci\u00f3n del Sitio Web por menores de edad<\/h3>\n<p>El servicio que LA WEB ofrece est\u00e1 exclusivamente dirigido a usuarios mayores de 14 a\u00f1os, teniendo los menores a esta edad totalmente vedada la posibilidad de acceder al mismo.<\/p>\n<p>No obstante, LA WEB exige a los usuarios de edades comprendidas entre 14 y 18 a\u00f1os que informen y consulten con sus padres o tutores legales sobre la posibilidad de usar el servicio que el Sitio Web ofrece. De este modo, el usuario y, en su caso, sus padres o tutores ser\u00e1n los \u00fanicos responsables de los da\u00f1os y perjuicios causados a terceros por la publicaci\u00f3n de contenidos o im\u00e1genes que contravengan la legalidad y las presentes Condiciones Generales de Uso.<\/p>\n<p>Sin perjuicio de lo anterior, LA WEB se reserva el derecho a verificar, por los medios oportunos, la edad real de cualquier usuario registrado en el Sitio Web. Si LA WEB tuviese la m\u00e1s m\u00ednima sospecha de que alg\u00fan usuario registrado es menor de 14 a\u00f1os y que los datos cumplimentados en el formulario de registro son falsos, LA WEB podr\u00e1 eliminar o bloquear dicho perfil de usuario, impidi\u00e9ndole el acceso a los servicios ofrecidos.<\/p>\n<p>Este mismo derecho de cancelaci\u00f3n o supresi\u00f3n unilateral podr\u00e1 ser ejercitado por LA WEB sobre aquellos usuarios registrados que, de alg\u00fan modo, perjudiquen la estabilidad de la comunidad o del Sitio Web.<\/p>\n<h3>7. Datos facilitados por menores de edad<\/h3>\n<p>Los mayores de catorce a\u00f1os podr\u00e1n registrarse en LA WEB, como usuarios, siempre que garanticen la veracidad y exactitud de la informaci\u00f3n facilitada y act\u00faen con el consentimiento previo y expreso de sus padres o tutores, para el tratamiento de sus datos personales, y as\u00ed lo manifiesten al cumplimentar el formulario de suscripci\u00f3n.<\/p>\n<p>En ning\u00fan caso se recabar\u00e1n del menor de edad datos relativos a la situaci\u00f3n profesional, econ\u00f3mica o a la intimidad de los otros miembros de la familia, sin el consentimiento de \u00e9stos.<\/p>\n<p>Si eres menor de edad y est\u00e1s visitando este Sitio Web sin el conocimiento y aprobaci\u00f3n de tus padres no debes registrarte como usuario.<\/p>\n<h3>8. Consentimiento del usuario<\/h3>\n<p>La acci\u00f3n de enviar datos personales a trav\u00e9s del formulario electr\u00f3nico que LA WEB pone a disposici\u00f3n del usuario para poder registrarse, o, en su caso, mensajes de correo electr\u00f3nico, supone el consentimiento expreso e inequ\u00edvoco del remitente al tratamiento automatizado de los datos incluidos en los medios indicados, a todas las actuaciones de \u00edndole funcional que sean necesarias para la correcta prestaci\u00f3n del servicio ofrecido por LA WEB, as\u00ed como al env\u00edo de comunicaciones electr\u00f3nicas, de naturaleza informativa y comercial, con los productos, iniciativas y servicios de LA WEB.<\/p>\n<h3>9. Control de la privacidad del usuario miembro de LA WEB<\/h3>\n<p>El usuario autoriza a LA WEB para acceder a sus datos personales, facilitados en el formulario electr\u00f3nico de contacto, con la finalidad y al efecto de que se le pueda ofrecer sugerencias concretas e id\u00f3neas a su perfil.<\/p>\n<h3>10. Comunicaciones electr\u00f3nicas<\/h3>\n<p>Mediante la cumplimentaci\u00f3n y env\u00edo del formulario electr\u00f3nico de LA WEB el usuario consiente, de forma expresa e inequ\u00edvoca, el env\u00edo de un bolet\u00edn electr\u00f3nico en el que se incluyan las noticias, informaciones y novedades m\u00e1s relevantes del Sitio Web, pudiendo, no obstante, consistir tambi\u00e9n en cualquier otra modalidad de comunicaci\u00f3n, tanto de naturaleza comercial o informativa, relacionada con los servicios de LA WEB.<\/p>\n<p>LA WEB establece un mecanismo mediante el cual los usuarios que lo soliciten puedan modificar o eliminar estos servicios de forma sencilla, r\u00e1pida y gratuita. Para ello, el usuario podr\u00e1 excluir este servicio siguiendo las instrucciones que se indican en el pie del cuerpo de las citadas comunicaciones electr\u00f3nicas.<\/p>\n<h3>11. Seguridad<\/h3>\n<p>LA WEB informa a sus usuarios que ha adoptado las medias t\u00e9cnicas y organizativas establecidas reglamentariamente que garantizan la seguridad de los datos de car\u00e1cter personal, evitando su alteraci\u00f3n, p\u00e9rdida, tratamiento o acceso no autorizado, habida cuenta del estado de la tecnolog\u00eda, la naturaleza de los datos almacenados y los riesgos a que est\u00e9n expuestos, todo ello de conformidad con lo establecido en el Real Decreto 1720\/2007, de 21 de diciembre, por el que se aprueba el Reglamento de desarrollo de la Ley Org\u00e1nica 15\/1999, de 13 de diciembre, de Protecci\u00f3n de Datos de Car\u00e1cter Personal y otros procedimientos de control para la seguridad de los sistemas de informaci\u00f3n.<\/p>\n<h3>12. Cookies e IPs<\/h3>\n<p>El usuario acepta el uso de cookies y seguimientos de IPs que se deriven del uso de la web de LA WEB. El analizador de tr\u00e1fico que posee el Sitio Web utiliza cookies y seguimientos de IPs para recoger datos a efectos meramente estad\u00edsticos como: fecha de la primera visita, n\u00famero de veces que se ha realizado un visita, fecha de la \u00faltima visita, URL y dominio de procedencia, explorador utilizado en la navegaci\u00f3n y resoluci\u00f3n de pantalla. Sin embargo, el usuario puede desactivar y\/o eliminar estas cookies siguiendo las instrucciones de su navegador de Internet.<\/p>\n<p>LA WEB no utiliza t\u00e9cnicas de \u201cspamming\u201d y \u00fanicamente tratar\u00e1 los datos que el usuario transmita mediante el formulario electr\u00f3nico habilitado en este Sitio Web o mensajes de correo electr\u00f3nico (comunicaciones comerciales).<\/p>\n<p>El tratamiento de estos datos de car\u00e1cter personal, as\u00ed como el env\u00edo de comunicaciones comerciales realizadas por medios electr\u00f3nicos (ut supra), se realiza por parte de LA WEB seg\u00fan lo dispuesto en la Ley Org\u00e1nica 15\/1999, de 13 de diciembre, de Protecci\u00f3n de Datos de Car\u00e1cter Personal y a la Ley 34\/2002, de 11 de julio, de Servicios de la Sociedad de Informaci\u00f3n y de Comercio Electr\u00f3nico, as\u00ed como en la normativa que las desarrollan.<\/p>\n<h3>13. Legislaci\u00f3n Aplicable<\/h3>\n<p>Esta Pol\u00edtica de Privacidad y Protecci\u00f3n de Datos de Car\u00e1cter Personal se rige en todos sus aspectos y alcance por la legislaci\u00f3n espa\u00f1ola.<\/p>\n","protected":false},"excerpt":{"rendered":"<p>1. Derecho de informaci\u00f3n La presente pol\u00edtica de protecci\u00f3n de datos tiene por objeto regular el acceso y uso de los servicios del Sitio Web de Health &amp; Territory Research, (en adelante \u00abLA WEB\u00bb), propiedad de Health &amp; Territory Research, que se pone de forma gratuita, a disposici\u00f3n de los usuarios de Internet (en adelante&hellip;<\/p>\n","protected":false},"author":1,"featured_media":0,"parent":0,"menu_order":0,"comment_status":"closed","ping_status":"closed","template":"","meta":{"footnotes":""},"class_list":["post-14","page","type-page","status-publish","hentry","description-off"],"yoast_head":"<!-- This site is optimized with the Yoast SEO plugin v26.1.1 - https:\/\/yoast.com\/wordpress\/plugins\/seo\/ -->\n<title>Pol\u00edtica de privacidad - Health &amp; Territory Research<\/title>\n<meta name=\"description\" content=\"Encuentra en esta secci\u00f3n toda la informaci\u00f3n sobre nuestras pol\u00edticas legales. \u00a1Inf\u00f3rmate ahora!\" \/>\n<meta name=\"robots\" content=\"index, follow, max-snippet:-1, max-image-preview:large, max-video-preview:-1\" \/>\n<link rel=\"canonical\" href=\"https:\/\/grupo.us.es\/healthterritory\/politica-de-privacidad\/\" \/>\n<meta property=\"og:locale\" content=\"es_ES\" \/>\n<meta property=\"og:type\" content=\"article\" \/>\n<meta property=\"og:title\" content=\"Pol\u00edtica de privacidad - Health &amp; Territory Research\" \/>\n<meta property=\"og:description\" content=\"Encuentra en esta secci\u00f3n toda la informaci\u00f3n sobre nuestras pol\u00edticas legales. \u00a1Inf\u00f3rmate ahora!\" \/>\n<meta property=\"og:url\" content=\"https:\/\/grupo.us.es\/healthterritory\/politica-de-privacidad\/\" \/>\n<meta property=\"og:site_name\" content=\"Health &amp; Territory Research\" \/>\n<meta property=\"article:modified_time\" content=\"2019-11-27T15:44:09+00:00\" \/>\n<meta name=\"twitter:card\" content=\"summary_large_image\" \/>\n<meta name=\"twitter:label1\" content=\"Tiempo de lectura\" \/>\n\t<meta name=\"twitter:data1\" content=\"9 minutos\" \/>\n<script type=\"application\/ld+json\" class=\"yoast-schema-graph\">{\"@context\":\"https:\/\/schema.org\",\"@graph\":[{\"@type\":\"WebPage\",\"@id\":\"https:\/\/grupo.us.es\/healthterritory\/politica-de-privacidad\/\",\"url\":\"https:\/\/grupo.us.es\/healthterritory\/politica-de-privacidad\/\",\"name\":\"Pol\u00edtica de privacidad - Health &amp; Territory Research\",\"isPartOf\":{\"@id\":\"https:\/\/grupo.us.es\/healthterritory\/#website\"},\"datePublished\":\"2019-04-09T09:36:57+00:00\",\"dateModified\":\"2019-11-27T15:44:09+00:00\",\"description\":\"Encuentra en esta secci\u00f3n toda la informaci\u00f3n sobre nuestras pol\u00edticas legales. \u00a1Inf\u00f3rmate ahora!\",\"breadcrumb\":{\"@id\":\"https:\/\/grupo.us.es\/healthterritory\/politica-de-privacidad\/#breadcrumb\"},\"inLanguage\":\"es\",\"potentialAction\":[{\"@type\":\"ReadAction\",\"target\":[\"https:\/\/grupo.us.es\/healthterritory\/politica-de-privacidad\/\"]}]},{\"@type\":\"BreadcrumbList\",\"@id\":\"https:\/\/grupo.us.es\/healthterritory\/politica-de-privacidad\/#breadcrumb\",\"itemListElement\":[{\"@type\":\"ListItem\",\"position\":1,\"name\":\"Portada\",\"item\":\"https:\/\/grupo.us.es\/newthterritory\/\"},{\"@type\":\"ListItem\",\"position\":2,\"name\":\"Pol\u00edtica de privacidad\"}]},{\"@type\":\"WebSite\",\"@id\":\"https:\/\/grupo.us.es\/healthterritory\/#website\",\"url\":\"https:\/\/grupo.us.es\/healthterritory\/\",\"name\":\"Health &amp; Territory Research\",\"description\":\"Interdisciplinary Research Group of the University of Seville\",\"potentialAction\":[{\"@type\":\"SearchAction\",\"target\":{\"@type\":\"EntryPoint\",\"urlTemplate\":\"https:\/\/grupo.us.es\/healthterritory\/?s={search_term_string}\"},\"query-input\":{\"@type\":\"PropertyValueSpecification\",\"valueRequired\":true,\"valueName\":\"search_term_string\"}}],\"inLanguage\":\"es\"}]}<\/script>\n<!-- \/ Yoast SEO plugin. -->","yoast_head_json":{"title":"Pol\u00edtica de privacidad - Health &amp; Territory Research","description":"Encuentra en esta secci\u00f3n toda la informaci\u00f3n sobre nuestras pol\u00edticas legales. \u00a1Inf\u00f3rmate ahora!","robots":{"index":"index","follow":"follow","max-snippet":"max-snippet:-1","max-image-preview":"max-image-preview:large","max-video-preview":"max-video-preview:-1"},"canonical":"https:\/\/grupo.us.es\/healthterritory\/politica-de-privacidad\/","og_locale":"es_ES","og_type":"article","og_title":"Pol\u00edtica de privacidad - Health &amp; Territory Research","og_description":"Encuentra en esta secci\u00f3n toda la informaci\u00f3n sobre nuestras pol\u00edticas legales. \u00a1Inf\u00f3rmate ahora!","og_url":"https:\/\/grupo.us.es\/healthterritory\/politica-de-privacidad\/","og_site_name":"Health &amp; Territory Research","article_modified_time":"2019-11-27T15:44:09+00:00","twitter_card":"summary_large_image","twitter_misc":{"Tiempo de lectura":"9 minutos"},"schema":{"@context":"https:\/\/schema.org","@graph":[{"@type":"WebPage","@id":"https:\/\/grupo.us.es\/healthterritory\/politica-de-privacidad\/","url":"https:\/\/grupo.us.es\/healthterritory\/politica-de-privacidad\/","name":"Pol\u00edtica de privacidad - Health &amp; Territory Research","isPartOf":{"@id":"https:\/\/grupo.us.es\/healthterritory\/#website"},"datePublished":"2019-04-09T09:36:57+00:00","dateModified":"2019-11-27T15:44:09+00:00","description":"Encuentra en esta secci\u00f3n toda la informaci\u00f3n sobre nuestras pol\u00edticas legales. \u00a1Inf\u00f3rmate ahora!","breadcrumb":{"@id":"https:\/\/grupo.us.es\/healthterritory\/politica-de-privacidad\/#breadcrumb"},"inLanguage":"es","potentialAction":[{"@type":"ReadAction","target":["https:\/\/grupo.us.es\/healthterritory\/politica-de-privacidad\/"]}]},{"@type":"BreadcrumbList","@id":"https:\/\/grupo.us.es\/healthterritory\/politica-de-privacidad\/#breadcrumb","itemListElement":[{"@type":"ListItem","position":1,"name":"Portada","item":"https:\/\/grupo.us.es\/newthterritory\/"},{"@type":"ListItem","position":2,"name":"Pol\u00edtica de privacidad"}]},{"@type":"WebSite","@id":"https:\/\/grupo.us.es\/healthterritory\/#website","url":"https:\/\/grupo.us.es\/healthterritory\/","name":"Health &amp; Territory Research","description":"Interdisciplinary Research Group of the University of Seville","potentialAction":[{"@type":"SearchAction","target":{"@type":"EntryPoint","urlTemplate":"https:\/\/grupo.us.es\/healthterritory\/?s={search_term_string}"},"query-input":{"@type":"PropertyValueSpecification","valueRequired":true,"valueName":"search_term_string"}}],"inLanguage":"es"}]}},"wps_subtitle":"","_links":{"self":[{"href":"https:\/\/grupo.us.es\/healthterritory\/wp-json\/wp\/v2\/pages\/14","targetHints":{"allow":["GET"]}}],"collection":[{"href":"https:\/\/grupo.us.es\/healthterritory\/wp-json\/wp\/v2\/pages"}],"about":[{"href":"https:\/\/grupo.us.es\/healthterritory\/wp-json\/wp\/v2\/types\/page"}],"author":[{"embeddable":true,"href":"https:\/\/grupo.us.es\/healthterritory\/wp-json\/wp\/v2\/users\/1"}],"replies":[{"embeddable":true,"href":"https:\/\/grupo.us.es\/healthterritory\/wp-json\/wp\/v2\/comments?post=14"}],"version-history":[{"count":2,"href":"https:\/\/grupo.us.es\/healthterritory\/wp-json\/wp\/v2\/pages\/14\/revisions"}],"predecessor-version":[{"id":1807,"href":"https:\/\/grupo.us.es\/healthterritory\/wp-json\/wp\/v2\/pages\/14\/revisions\/1807"}],"wp:attachment":[{"href":"https:\/\/grupo.us.es\/healthterritory\/wp-json\/wp\/v2\/media?parent=14"}],"curies":[{"name":"wp","href":"https:\/\/api.w.org\/{rel}","templated":true}]}}