{"id":548,"date":"2018-01-26T11:10:27","date_gmt":"2018-01-26T11:10:27","guid":{"rendered":"http:\/\/grupo.us.es\/hac\/?page_id=548\/"},"modified":"2025-12-08T09:59:30","modified_gmt":"2025-12-08T09:59:30","slug":"pablo-valero-flores","status":"publish","type":"page","link":"https:\/\/grupo.us.es\/hac\/quienes-somos\/pablo-valero-flores\/","title":{"rendered":"Pablo J. Valero"},"content":{"rendered":"<p>[et_pb_section fb_built=\u00bb1&#8243; _builder_version=\u00bb4.16&#8243; global_colors_info=\u00bb{}\u00bb][et_pb_row column_structure=\u00bb1_3,2_3&#8243; _builder_version=\u00bb4.16&#8243; background_size=\u00bbinitial\u00bb background_position=\u00bbtop_left\u00bb background_repeat=\u00bbrepeat\u00bb global_colors_info=\u00bb{}\u00bb][et_pb_column type=\u00bb1_3&#8243; _builder_version=\u00bb4.16&#8243; custom_padding=\u00bb|||\u00bb global_colors_info=\u00bb{}\u00bb custom_padding__hover=\u00bb|||\u00bb][et_pb_image src=\u00bbhttps:\/\/grupo.us.es\/hac\/wp-content\/uploads\/2018\/01\/3806e1_9bbefc45bbd8408bbda8676bbb831132_mv2.jpg\u00bb align_tablet=\u00bbcenter\u00bb align_phone=\u00bbcenter\u00bb align_last_edited=\u00bbon|desktop\u00bb module_class=\u00bbfoto-personal\u00bb _builder_version=\u00bb4.16&#8243; always_center_on_mobile=\u00bbon\u00bb global_colors_info=\u00bb{}\u00bb][\/et_pb_image][et_pb_text _builder_version=\u00bb4.16&#8243; global_colors_info=\u00bb{}\u00bb]<\/p>\n<h4 style=\"text-align: center;\"><strong>PABLO J. VALERO-FLORES<\/strong><\/h4>\n<p style=\"text-align: center;\"><strong><em>Dr. Arquitecto<\/em><\/strong><\/p>\n<p>[\/et_pb_text][\/et_pb_column][et_pb_column type=\u00bb2_3&#8243; _builder_version=\u00bb4.16&#8243; custom_padding=\u00bb|||\u00bb global_colors_info=\u00bb{}\u00bb custom_padding__hover=\u00bb|||\u00bb][et_pb_text module_class=\u00bbtexto-personal\u00bb _builder_version=\u00bb4.27.4&#8243; hover_enabled=\u00bb0&#8243; global_colors_info=\u00bb{}\u00bb sticky_enabled=\u00bb0&#8243;]<\/p>\n<p>Dr. Arquitecto (2023) por la Universidad de M\u00e1laga en el programa de doctorado en Biomedicina, Investigaci\u00f3n Traslaciones y Nuevas Tecnolog\u00edas en Salud de la Facultad de Medicina con la tesis doctoral: \u00abInfluencia del entorno espacial en usuarios con alzh\u00e9imer. Par\u00e1metros, criterios proyectuales y pautas de dise\u00f1o arquitect\u00f3nico\u00bb premiada en la XX edici\u00f3n de Premios Tesis Doctorales del Centro de Estudios Andaluces. Es arquitecto por la Escuela T\u00e9cnica Superior de Arquitectura de Granada (2012), ha realizado estudios de posgrado en la Universidad Polit\u00e9cnica de Madrid sobre Rehabilitaci\u00f3n de Edificios y Conservaci\u00f3n del Patrimonio (2013), completados con el M\u00e1ster en Ordenaci\u00f3n del Territorio y Urbanismo en la Universidad de M\u00e1laga (2014). Es investigador activo del grupo Healthy Architecture &amp; City, participando de forma activa en el proyecto de investigaci\u00f3n DETER, financiado por la Junta de Andaluc\u00eda\/FEDER UE, y el proyecto ALZARQ, financiado por el Ministerio de Ciencia e Innovaci\u00f3n. Desde el a\u00f1o 2018, ejerce labores docentes en el M\u00e1ster de Arquitectura como profesor colaborador externo del departamento de Proyectos Arquitect\u00f3nicos de la Escuela de Arquitectura de la Universidad de Sevilla.<\/p>\n<p>\u200bHa participado en varios congresos internacionales con diferentes aportaciones relacionadas de su campo de investigaci\u00f3n entre las que destacan: New urban needs: health, population aging and new social groups, conditions of the city model, Praga (2016), Architecture as a creative practice to improve living conditions and social welfare of patients with Alzheimer\u00b4s and their environment, Sevilla (2016). En la actualidad compagina esta actividad investigadora con el desarrollo de la actividad profesional, buscando sinergias y transferencias de conocimiento entre ambas.<\/p>\n<p>ORCID iD:\u00a0<strong> <span style=\"text-decoration: underline;\"><span style=\"color: #808080;\"><a style=\"color: #808080; text-decoration: underline;\" href=\"https:\/\/orcid.org\/0000-0002-2903-4410\" target=\"orcid.blank\" rel=\"noopener\">0000-0002-2903-4410<\/a><\/span><\/span> <span style=\"color: #808080;\">\u00a0<\/span><span style=\"text-decoration: underline;\"><span style=\"color: #808080;\"><a style=\"color: #808080;\" href=\"https:\/\/orcid.org\/0000-0002-2903-4410\"><img loading=\"lazy\" decoding=\"async\" class=\"alignnone wp-image-894\" src=\"https:\/\/grupo.us.es\/hac\/wp-content\/uploads\/2018\/02\/Orcid.png\" alt=\"\" width=\"28\" height=\"28\" srcset=\"https:\/\/grupo.us.es\/hac\/wp-content\/uploads\/2018\/02\/Orcid.png 225w, https:\/\/grupo.us.es\/hac\/wp-content\/uploads\/2018\/02\/Orcid-150x150.png 150w\" sizes=\"(max-width: 28px) 100vw, 28px\" \/><\/a><\/span><\/span><\/strong><\/p>\n<p>[\/et_pb_text][et_pb_button button_url=\u00bbhttps:\/\/orcid.org\/0000-0002-2903-4410&#8243; url_new_window=\u00bbon\u00bb button_text=\u00bbVER PRODUCCI\u00d3N CIENT\u00cdFICA \u00bb module_class=\u00bbboton-personal\u00bb _builder_version=\u00bb4.16&#8243; custom_button=\u00bbon\u00bb button_text_size=\u00bb15&#8243; button_text_color=\u00bb#000000&#8243; button_border_width=\u00bb1&#8243; button_border_color=\u00bb#000000&#8243; button_border_radius=\u00bb0&#8243; global_colors_info=\u00bb{}\u00bb button_text_size__hover_enabled=\u00bboff\u00bb button_one_text_size__hover_enabled=\u00bboff\u00bb button_two_text_size__hover_enabled=\u00bboff\u00bb button_text_color__hover_enabled=\u00bboff\u00bb button_one_text_color__hover_enabled=\u00bboff\u00bb button_two_text_color__hover_enabled=\u00bboff\u00bb button_border_width__hover_enabled=\u00bboff\u00bb button_one_border_width__hover_enabled=\u00bboff\u00bb button_two_border_width__hover_enabled=\u00bboff\u00bb button_border_color__hover_enabled=\u00bboff\u00bb button_one_border_color__hover_enabled=\u00bboff\u00bb button_two_border_color__hover_enabled=\u00bboff\u00bb button_border_radius__hover_enabled=\u00bboff\u00bb button_one_border_radius__hover_enabled=\u00bboff\u00bb button_two_border_radius__hover_enabled=\u00bboff\u00bb button_letter_spacing__hover_enabled=\u00bboff\u00bb button_one_letter_spacing__hover_enabled=\u00bboff\u00bb button_two_letter_spacing__hover_enabled=\u00bboff\u00bb button_bg_color__hover_enabled=\u00bboff\u00bb button_one_bg_color__hover_enabled=\u00bboff\u00bb button_two_bg_color__hover_enabled=\u00bboff\u00bb][\/et_pb_button][\/et_pb_column][\/et_pb_row][\/et_pb_section]<\/p>\n","protected":false},"excerpt":{"rendered":"<p>PABLO J. VALERO-FLORES Dr. Arquitecto Dr. Arquitecto (2023) por la Universidad de M\u00e1laga en el programa de doctorado en Biomedicina, Investigaci\u00f3n Traslaciones y Nuevas Tecnolog\u00edas en Salud de la Facultad de Medicina con la tesis doctoral: \u00abInfluencia del entorno espacial en usuarios con alzh\u00e9imer. Par\u00e1metros, criterios proyectuales y pautas de dise\u00f1o arquitect\u00f3nico\u00bb premiada en la [&hellip;]<\/p>\n","protected":false},"author":2,"featured_media":0,"parent":4626,"menu_order":0,"comment_status":"closed","ping_status":"closed","template":"","meta":{"_et_pb_use_builder":"on","_et_pb_old_content":"","_et_gb_content_width":"","wpupg_custom_link":[],"wpupg_custom_link_behaviour":["default"],"wpupg_custom_link_nofollow":["default"],"wpupg_custom_image":[],"wpupg_custom_image_id":[],"footnotes":""},"class_list":["post-548","page","type-page","status-publish","hentry"],"_links":{"self":[{"href":"https:\/\/grupo.us.es\/hac\/wp-json\/wp\/v2\/pages\/548","targetHints":{"allow":["GET"]}}],"collection":[{"href":"https:\/\/grupo.us.es\/hac\/wp-json\/wp\/v2\/pages"}],"about":[{"href":"https:\/\/grupo.us.es\/hac\/wp-json\/wp\/v2\/types\/page"}],"author":[{"embeddable":true,"href":"https:\/\/grupo.us.es\/hac\/wp-json\/wp\/v2\/users\/2"}],"replies":[{"embeddable":true,"href":"https:\/\/grupo.us.es\/hac\/wp-json\/wp\/v2\/comments?post=548"}],"version-history":[{"count":2,"href":"https:\/\/grupo.us.es\/hac\/wp-json\/wp\/v2\/pages\/548\/revisions"}],"predecessor-version":[{"id":10117,"href":"https:\/\/grupo.us.es\/hac\/wp-json\/wp\/v2\/pages\/548\/revisions\/10117"}],"up":[{"embeddable":true,"href":"https:\/\/grupo.us.es\/hac\/wp-json\/wp\/v2\/pages\/4626"}],"wp:attachment":[{"href":"https:\/\/grupo.us.es\/hac\/wp-json\/wp\/v2\/media?parent=548"}],"curies":[{"name":"wp","href":"https:\/\/api.w.org\/{rel}","templated":true}]}}