{"id":4374,"date":"2023-06-11T11:13:13","date_gmt":"2023-06-11T11:13:13","guid":{"rendered":"https:\/\/grupo.us.es\/hac\/?page_id=4374\/"},"modified":"2024-10-25T18:01:03","modified_gmt":"2024-10-25T18:01:03","slug":"trabajo-fin-de-grado","status":"publish","type":"page","link":"https:\/\/grupo.us.es\/hac\/crece-con-nosotros\/trabajo-fin-de-grado\/","title":{"rendered":"Trabajo Fin de Grado"},"content":{"rendered":"<p>[et_pb_section fb_built=\u00bb1&#8243; _builder_version=\u00bb4.16&#8243; global_colors_info=\u00bb{}\u00bb][et_pb_row _builder_version=\u00bb4.16&#8243; background_size=\u00bbinitial\u00bb background_position=\u00bbtop_left\u00bb background_repeat=\u00bbrepeat\u00bb global_colors_info=\u00bb{}\u00bb][et_pb_column type=\u00bb4_4&#8243; _builder_version=\u00bb4.16&#8243; custom_padding=\u00bb|||\u00bb global_colors_info=\u00bb{}\u00bb custom_padding__hover=\u00bb|||\u00bb][et_pb_text _builder_version=\u00bb4.16&#8243; global_colors_info=\u00bb{}\u00bb]<\/p>\n<h3 style=\"text-align: center;\"><strong>TRABAJO FIN DE GRADO<\/strong><\/h3>\n<h3 style=\"text-align: center;\"><\/h3>\n<p>[\/et_pb_text][\/et_pb_column][\/et_pb_row][et_pb_row _builder_version=\u00bb4.16&#8243; background_size=\u00bbinitial\u00bb background_position=\u00bbtop_left\u00bb background_repeat=\u00bbrepeat\u00bb global_colors_info=\u00bb{}\u00bb][et_pb_column type=\u00bb4_4&#8243; _builder_version=\u00bb4.16&#8243; custom_padding=\u00bb|||\u00bb global_colors_info=\u00bb{}\u00bb custom_padding__hover=\u00bb|||\u00bb][et_pb_text _builder_version=\u00bb4.27.2&#8243; hover_enabled=\u00bb0&#8243; global_colors_info=\u00bb{}\u00bb sticky_enabled=\u00bb0&#8243;]<\/p>\n<h3 style=\"text-align: left;\"><strong>L\u00cdNEAS TEM\u00c1TICAS<br \/><\/strong><span style=\"font-size: 14pt;\">a investigar durante el curso 2024-2025<\/span><\/h3>\n<h3 style=\"text-align: left;\"><strong>\u00a0<\/strong><\/h3>\n<p>&nbsp;<\/p>\n<ul>\n<li><span style=\"color: #808080; font-size: 12pt;\"><a style=\"color: #808080;\" href=\"https:\/\/grupo.us.es\/hac\/arquitectura-saludable-decalogo\/\" target=\"_blank\" rel=\"noopener\"><strong>Arquitectura Saludable: hacia un nuevo paradigma en el dise\u00f1o y construcci\u00f3n de edificios <\/strong><span style=\"color: #00ccff;\">(ver)<\/span><\/a><\/span><\/li>\n<\/ul>\n<p>&nbsp;<\/p>\n<ul>\n<li><span style=\"color: #808080; font-size: 12pt;\"><a style=\"color: #808080;\" href=\"https:\/\/grupo.us.es\/hac\/hacia-una-arquitectura-saludable-coda\/\" target=\"_blank\" rel=\"noopener\"><strong>Arquitecturas Fisiol\u00f3gicas: experiencias contempor\u00e1neas <\/strong><\/a><span style=\"color: #00ccff;\"><a style=\"color: #00ccff;\" href=\"https:\/\/grupo.us.es\/hac\/hacia-una-arquitectura-saludable-coda\/\" target=\"_blank\" rel=\"noopener\">(ver)<\/a><\/span><\/span><\/li>\n<\/ul>\n<p>&nbsp;<\/p>\n<ul>\n<li><span style=\"color: #808080; font-size: 12pt;\"><a style=\"color: #808080;\" href=\"https:\/\/grupo.us.es\/hac\/salutogenesis\/\" target=\"_blank\" rel=\"noopener\"><strong>Salutog\u00e9nesis o los edificios y ciudades como activos para la salud <\/strong><\/a><a href=\"https:\/\/grupo.us.es\/hac\/salutogenesis\/\" target=\"_blank\" rel=\"noopener\"><span style=\"color: #00ccff;\">(ver)<\/span><\/a><\/span><\/li>\n<\/ul>\n<p>&nbsp;<\/p>\n<ul>\n<li><span style=\"color: #808080; font-size: 12pt;\"><a style=\"color: #808080;\" href=\"https:\/\/grupo.us.es\/hac\/neuroarquitectura\/\" target=\"_blank\" rel=\"noopener\"><strong>Neuroarquitectura: la influencia cognitiva y emocional del espacio <\/strong><\/a><span style=\"color: #00ccff;\"><a style=\"color: #00ccff;\" href=\"https:\/\/grupo.us.es\/hac\/neuroarquitectura\/\" target=\"_blank\" rel=\"noopener\">(ver)<\/a><\/span><\/span><\/li>\n<\/ul>\n<p>&nbsp;<\/p>\n<ul>\n<li><span style=\"color: #808080; font-size: 12pt;\"><a style=\"color: #808080;\" href=\"https:\/\/grupo.us.es\/hac\/proyectar-para-la-ausencia-de-la-memoria\/\" target=\"_blank\" rel=\"noopener\"><strong>Proyectar para la ausencia de memoria <\/strong><\/a><span style=\"color: #00ccff;\"><a style=\"color: #00ccff;\" href=\"https:\/\/grupo.us.es\/hac\/proyectar-para-la-ausencia-de-la-memoria\/\" target=\"_blank\" rel=\"noopener\">(ver)<\/a><\/span><\/span><\/li>\n<\/ul>\n<p>&nbsp;<\/p>\n<ul>\n<li><span style=\"color: #808080; font-size: 12pt;\"><a style=\"color: #808080;\" href=\"https:\/\/grupo.us.es\/hac\/accesibilidad-cognitiva-en-edificios-entornos-y-ciudades\/\" target=\"_blank\" rel=\"noopener\"><strong>Accesibilidad cognitiva en edificios, entornos y ciudades <\/strong><\/a><span style=\"color: #00ccff;\"><a style=\"color: #00ccff;\" href=\"https:\/\/grupo.us.es\/hac\/accesibilidad-cognitiva-en-edificios-entornos-y-ciudades\/\" target=\"_blank\" rel=\"noopener\">(ver)<\/a><\/span><\/span><\/li>\n<\/ul>\n<p>&nbsp;<\/p>\n<ul>\n<li><span style=\"font-size: 12pt; color: #808080;\"><a style=\"color: #808080;\" href=\"https:\/\/grupo.us.es\/hac\/vida-activa-asistida\/\" target=\"_blank\" rel=\"noopener\"><strong><strong>Implantaci\u00f3n de entornos de Vida Activa Asistida o Active Assisted Living (AAL) <\/strong><\/strong><\/a><span style=\"color: #00ccff;\"><a style=\"color: #00ccff;\" href=\"https:\/\/grupo.us.es\/hac\/vida-activa-asistida\/\" target=\"_blank\" rel=\"noopener\">(ver)<\/a><\/span><\/span><\/li>\n<\/ul>\n<p>&nbsp;<\/p>\n<p><span style=\"color: #808080; font-size: 12pt;\"><strong>\u00a0<\/strong><\/span><\/p>\n<p>[\/et_pb_text][et_pb_text _builder_version=\u00bb4.16&#8243; global_colors_info=\u00bb{}\u00bb]<\/p>\n<h3 style=\"text-align: left;\"><span style=\"color: #333333;\"><a style=\"color: #333333;\" href=\"https:\/\/grupo.us.es\/hac\/wp-content\/uploads\/2018\/03\/Metodolog\u00eda-investigaci\u00f3n-TFG_web.pdf\" target=\"_blank\" rel=\"noopener\"><strong>ESQUEMA METODOL\u00d3GICO para realizar un <span style=\"text-decoration: underline;\">buen<\/span> trabajo <\/strong><\/a><\/span><\/h3>\n<p><a href=\"https:\/\/grupo.us.es\/hac\/wp-content\/uploads\/2018\/03\/Metodolog\u00eda-investigaci\u00f3n-TFG_web.pdf\" target=\"_blank\" rel=\"noopener\"><img loading=\"lazy\" decoding=\"async\" class=\"wp-image-5329 alignnone\" src=\"https:\/\/grupo.us.es\/hac\/wp-content\/uploads\/2023\/08\/Paginas-desdeMetodologia-investigacion-TFG_web-300x199.jpg\" alt=\"\" width=\"618\" height=\"410\" srcset=\"https:\/\/grupo.us.es\/hac\/wp-content\/uploads\/2023\/08\/Paginas-desdeMetodologia-investigacion-TFG_web-300x199.jpg 300w, https:\/\/grupo.us.es\/hac\/wp-content\/uploads\/2023\/08\/Paginas-desdeMetodologia-investigacion-TFG_web-1024x680.jpg 1024w, https:\/\/grupo.us.es\/hac\/wp-content\/uploads\/2023\/08\/Paginas-desdeMetodologia-investigacion-TFG_web-768x510.jpg 768w, https:\/\/grupo.us.es\/hac\/wp-content\/uploads\/2023\/08\/Paginas-desdeMetodologia-investigacion-TFG_web-1536x1020.jpg 1536w, https:\/\/grupo.us.es\/hac\/wp-content\/uploads\/2023\/08\/Paginas-desdeMetodologia-investigacion-TFG_web-1080x717.jpg 1080w, https:\/\/grupo.us.es\/hac\/wp-content\/uploads\/2023\/08\/Paginas-desdeMetodologia-investigacion-TFG_web.jpg 1543w\" sizes=\"(max-width: 618px) 100vw, 618px\" \/><\/a><span style=\"color: #00ccff;\"><a style=\"color: #00ccff;\" href=\"https:\/\/grupo.us.es\/hac\/wp-content\/uploads\/2018\/03\/Metodolog\u00eda-investigaci\u00f3n-TFG_web.pdf\" target=\"_blank\" rel=\"noopener\"><span style=\"font-size: 12pt;\">(descargar)<\/span><\/a><strong>\u00a0<\/strong><\/span><\/p>\n<p>&nbsp;<br \/>\n[\/et_pb_text][et_pb_text _builder_version=\u00bb4.23&#8243; global_colors_info=\u00bb{}\u00bb]<\/p>\n<h3>\u00a0<\/h3>\n<h3 style=\"text-align: left;\"><strong><span style=\"color: #808080;\"><span style=\"color: #333333;\">TRABAJOS FIN DE GRADO<\/span><\/span><\/strong><span style=\"color: #333333;\"><strong> RELEVANTES<\/strong><\/span><\/h3>\n<p>&nbsp;<\/p>\n<ul style=\"list-style-type: circle;\">\n<li class=\"artifact-title\"><a href=\"https:\/\/idus.us.es\/handle\/11441\/45812\" target=\"_blank\" rel=\"noopener\"><strong><span style=\"font-size: 11pt;\">Arquitectura para el alzh\u00e9imer, \u00bfresidencias o viviendas adaptables?, experiencias nacionales e internacionales.<\/span><\/strong><\/a><br \/><span style=\"font-size: 12pt;\"><a href=\"https:\/\/idus.us.es\/handle\/11441\/45812\" target=\"_blank\" rel=\"noopener\">Guadalupe Romero Vergara (2016) <span style=\"color: #00ccff;\">(ver)<\/span><\/a><\/span><\/li>\n<\/ul>\n<p>&nbsp;<\/p>\n<ul style=\"list-style-type: circle;\">\n<li class=\"artifact-title\"><span style=\"font-size: 11pt;\"><strong><a title=\"Hacia una arquitectura m\u00e1s saludable, nuevos patrones en la creaci\u00f3n del entorno construido\" href=\"https:\/\/idus.us.es\/handle\/11441\/67645\" target=\"_blank\" rel=\"noopener\">Hacia una arquitectura m\u00e1s saludable, nuevos patrones en la creaci\u00f3n del entorno construido<\/a><br \/><\/strong><a title=\"Hacia una arquitectura m\u00e1s saludable, nuevos patrones en la creaci\u00f3n del entorno construido\" href=\"https:\/\/idus.us.es\/handle\/11441\/67645\" target=\"_blank\" rel=\"noopener\">Sergio <\/a><a title=\"Hacia una arquitectura m\u00e1s saludable, nuevos patrones en la creaci\u00f3n del entorno construido\" href=\"https:\/\/idus.us.es\/handle\/11441\/67645\" target=\"_blank\" rel=\"noopener\">Cabalga Li\u00e1\u00f1ez (2017) <\/a><a href=\"https:\/\/idus.us.es\/handle\/11441\/67645\" target=\"_blank\" rel=\"noopener\"><span style=\"color: #00ccff;\">(ver)<\/span><\/a><\/span><\/li>\n<\/ul>\n<p>&nbsp;<\/p>\n<ul style=\"list-style-type: circle;\">\n<li class=\"artifact-title\"><span style=\"font-size: 11pt;\"><strong><a title=\"Espacios residenciales para habitantes con Alzh\u00e9imer, una nueva tipolog\u00eda arquitect\u00f3nica\" href=\"https:\/\/idus.us.es\/handle\/11441\/65035\" target=\"_blank\" rel=\"noopener\">Espacios residenciales para habitantes con alzh\u00e9imer, una nueva tipolog\u00eda arquitect\u00f3nica<\/a><br \/><\/strong><a href=\"https:\/\/idus.us.es\/handle\/11441\/65035\" target=\"_blank\" rel=\"noopener\">Isabel Merino Vacas (2017) <\/a><a href=\"https:\/\/idus.us.es\/handle\/11441\/65035\" target=\"_blank\" rel=\"noopener\"><span style=\"color: #00ccff;\">(ver)<\/span><\/a><\/span><\/li>\n<\/ul>\n<p>&nbsp;<\/p>\n<ul style=\"list-style-type: circle;\">\n<li class=\"artifact-title\"><span style=\"font-size: 11pt;\"><a href=\"https:\/\/idus.us.es\/handle\/11441\/79124\" target=\"_blank\" rel=\"noopener\"><strong>Aspectos arquitect\u00f3nicos del antiguo psiqui\u00e1trico de Miraflores, arquitectura y mente<br \/><\/strong>Roc\u00edo Moyano Su\u00e1rez (2018)<\/a> <a href=\"https:\/\/idus.us.es\/handle\/11441\/79124\" target=\"_blank\" rel=\"noopener\"><span style=\"color: #00ccff;\">(ver)<\/span><\/a><\/span><\/li>\n<\/ul>\n<p>&nbsp;<\/p>\n<ul style=\"list-style-type: circle;\">\n<li class=\"artifact-title\"><span style=\"font-size: 11pt;\"><a href=\"https:\/\/idus.us.es\/handle\/11441\/79376\" target=\"_blank\" rel=\"noopener\"><strong>Arquitectura terap\u00e9utica para enfermos de Alzheimer, construir recuerdos<br \/><\/strong>Rosa Escobar Usaba (2019)<\/a> <a href=\"https:\/\/idus.us.es\/handle\/11441\/79376\" target=\"_blank\" rel=\"noopener\"><span style=\"color: #00ccff;\">(ver)<\/span><\/a><\/span><\/li>\n<\/ul>\n<p>&nbsp;<\/p>\n<p>&nbsp;<\/p>\n<p>[\/et_pb_text][et_pb_image src=\u00bbhttps:\/\/grupo.us.es\/hac\/wp-content\/uploads\/2023\/11\/Hacia-una-arquitectura-mas-saludable.jpg\u00bb title_text=\u00bbHacia una arquitectura m\u00e1s saludable\u00bb url_new_window=\u00bbon\u00bb align_tablet=\u00bbcenter\u00bb align_phone=\u00bbcenter\u00bb align_last_edited=\u00bbon|desktop\u00bb _builder_version=\u00bb4.23&#8243; always_center_on_mobile=\u00bbon\u00bb global_colors_info=\u00bb{}\u00bb][\/et_pb_image][\/et_pb_column][\/et_pb_row][et_pb_row column_structure=\u00bb1_3,2_3&#8243; _builder_version=\u00bb4.16&#8243; background_size=\u00bbinitial\u00bb background_position=\u00bbtop_left\u00bb background_repeat=\u00bbrepeat\u00bb global_colors_info=\u00bb{}\u00bb][et_pb_column type=\u00bb1_3&#8243; _builder_version=\u00bb4.16&#8243; custom_padding=\u00bb|||\u00bb global_colors_info=\u00bb{}\u00bb custom_padding__hover=\u00bb|||\u00bb][\/et_pb_column][et_pb_column type=\u00bb2_3&#8243; _builder_version=\u00bb4.16&#8243; custom_padding=\u00bb|||\u00bb global_colors_info=\u00bb{}\u00bb custom_padding__hover=\u00bb|||\u00bb][\/et_pb_column][\/et_pb_row][\/et_pb_section]<\/p>\n","protected":false},"excerpt":{"rendered":"<p>TRABAJO FIN DE GRADO L\u00cdNEAS TEM\u00c1TICASa investigar durante el curso 2024-2025 \u00a0 &nbsp; Arquitectura Saludable: hacia un nuevo paradigma en el dise\u00f1o y construcci\u00f3n de edificios (ver) &nbsp; Arquitecturas Fisiol\u00f3gicas: experiencias contempor\u00e1neas (ver) &nbsp; Salutog\u00e9nesis o los edificios y ciudades como activos para la salud (ver) &nbsp; Neuroarquitectura: la influencia cognitiva y emocional del espacio [&hellip;]<\/p>\n","protected":false},"author":2,"featured_media":0,"parent":365,"menu_order":0,"comment_status":"closed","ping_status":"closed","template":"","meta":{"_et_pb_use_builder":"on","_et_pb_old_content":"","_et_gb_content_width":"","wpupg_custom_link":[],"wpupg_custom_link_behaviour":["default"],"wpupg_custom_link_nofollow":["default"],"wpupg_custom_image":[],"wpupg_custom_image_id":[],"footnotes":""},"class_list":["post-4374","page","type-page","status-publish","hentry"],"_links":{"self":[{"href":"https:\/\/grupo.us.es\/hac\/wp-json\/wp\/v2\/pages\/4374","targetHints":{"allow":["GET"]}}],"collection":[{"href":"https:\/\/grupo.us.es\/hac\/wp-json\/wp\/v2\/pages"}],"about":[{"href":"https:\/\/grupo.us.es\/hac\/wp-json\/wp\/v2\/types\/page"}],"author":[{"embeddable":true,"href":"https:\/\/grupo.us.es\/hac\/wp-json\/wp\/v2\/users\/2"}],"replies":[{"embeddable":true,"href":"https:\/\/grupo.us.es\/hac\/wp-json\/wp\/v2\/comments?post=4374"}],"version-history":[{"count":2,"href":"https:\/\/grupo.us.es\/hac\/wp-json\/wp\/v2\/pages\/4374\/revisions"}],"predecessor-version":[{"id":8217,"href":"https:\/\/grupo.us.es\/hac\/wp-json\/wp\/v2\/pages\/4374\/revisions\/8217"}],"up":[{"embeddable":true,"href":"https:\/\/grupo.us.es\/hac\/wp-json\/wp\/v2\/pages\/365"}],"wp:attachment":[{"href":"https:\/\/grupo.us.es\/hac\/wp-json\/wp\/v2\/media?parent=4374"}],"curies":[{"name":"wp","href":"https:\/\/api.w.org\/{rel}","templated":true}]}}