{"id":432,"date":"2018-01-03T14:23:57","date_gmt":"2018-01-03T14:23:57","guid":{"rendered":"http:\/\/grupo.us.es\/hac\/?page_id=432\/"},"modified":"2023-10-29T20:01:57","modified_gmt":"2023-10-29T20:01:57","slug":"master","status":"publish","type":"page","link":"https:\/\/grupo.us.es\/hac\/crece-con-nosotros\/master\/","title":{"rendered":"Postgrado"},"content":{"rendered":"<p>[et_pb_section fb_built=\u00bb1&#8243; _builder_version=\u00bb4.16&#8243; global_colors_info=\u00bb{}\u00bb][et_pb_row _builder_version=\u00bb4.16&#8243; global_colors_info=\u00bb{}\u00bb][et_pb_column type=\u00bb4_4&#8243; _builder_version=\u00bb4.16&#8243; custom_padding=\u00bb|||\u00bb global_colors_info=\u00bb{}\u00bb custom_padding__hover=\u00bb|||\u00bb][et_pb_text _builder_version=\u00bb4.16&#8243; global_colors_info=\u00bb{}\u00bb]<\/p>\n<h3 style=\"text-align: center;\"><strong>POSTGRADO<\/strong><\/h3>\n<p>[\/et_pb_text][et_pb_image src=\u00bbhttps:\/\/grupo.us.es\/hac\/wp-content\/uploads\/2018\/03\/Crece-con-nosotros-4-1.jpg\u00bb align=\u00bbcenter\u00bb align_tablet=\u00bbcenter\u00bb align_phone=\u00bbcenter\u00bb align_last_edited=\u00bbon|desktop\u00bb _builder_version=\u00bb4.16&#8243; custom_padding=\u00bb15px|||\u00bb always_center_on_mobile=\u00bbon\u00bb global_colors_info=\u00bb{}\u00bb][\/et_pb_image][\/et_pb_column][\/et_pb_row][et_pb_row _builder_version=\u00bb4.16&#8243; background_size=\u00bbinitial\u00bb background_position=\u00bbtop_left\u00bb background_repeat=\u00bbrepeat\u00bb global_colors_info=\u00bb{}\u00bb][et_pb_column type=\u00bb4_4&#8243; _builder_version=\u00bb4.16&#8243; custom_padding=\u00bb|||\u00bb global_colors_info=\u00bb{}\u00bb custom_padding__hover=\u00bb|||\u00bb][et_pb_text _builder_version=\u00bb4.23&#8243; animation_style=\u00bbslide\u00bb animation_direction=\u00bbright\u00bb animation_duration=\u00bb1300ms\u00bb animation_delay=\u00bb550ms\u00bb animation_intensity_slide=\u00bb63%\u00bb hover_enabled=\u00bb0&#8243; border_width_bottom=\u00bb1px\u00bb global_colors_info=\u00bb{}\u00bb sticky_enabled=\u00bb0&#8243;]<\/p>\n<div class=\"elementor-element elementor-element-553ed52 elementor-widget elementor-widget-heading\" data-id=\"553ed52\" data-element_type=\"widget\" data-widget_type=\"heading.default\">\n<div class=\"elementor-widget-container\">\n<h3 class=\"elementor-heading-title elementor-size-large\"><strong>M\u00c1STER UNIVERSITARIO en ARQUITECTURA<\/strong>\u00a0(habilitante)<\/h3>\n<\/div>\n<\/div>\n<div class=\"elementor-element elementor-element-8aab1c7 elementor-widget elementor-widget-text-editor\" data-id=\"8aab1c7\" data-element_type=\"widget\" data-widget_type=\"text-editor.default\">\n<div class=\"elementor-widget-container\">\n<h4>Escuela T\u00e9cnica Superior de Arquitectura. Universidad de Sevilla<\/h4>\n<p>Cursos 2018-19; 2019-20; 2020-21; 2021-22 y 2022-23<\/p>\n<p>&nbsp;<\/p>\n<h3>L\u00ednea tem\u00e1tica del <span style=\"font-size: 14pt;\">grupo MA07: \u00a0<\/span><strong>PROYECTAR PARA LA AUSENCIA DE MEMORIA<\/strong><\/h3>\n<p>&nbsp;<\/p>\n<p><strong><img loading=\"lazy\" decoding=\"async\" class=\"alignleft\" src=\"https:\/\/grupo.us.es\/hac\/wp-content\/uploads\/2023\/06\/Imagen-1-e1686426661465.jpg\" alt=\"\" width=\"631\" height=\"376\" \/><\/strong><\/p>\n<\/div>\n<\/div>\n<p>Dec\u00eda Ortega y Gasset que las tres componentes de la misi\u00f3n de la Universidad son: la <strong>ense\u00f1anza<\/strong>, la <strong>investigaci\u00f3n<\/strong> y la <strong>formaci\u00f3n de personas cultas<\/strong>. Es por ello que la docencia que prescribe el correspondiente Proyecto Docente de este grupo de M\u00e1ster se deriva de las investigaciones que el grupo <strong>Healthy Architecture &amp; City <\/strong>desarrolla en algunos de sus proyectos I+D+i. La l\u00ednea tem\u00e1tica que seguir\u00e1n los ejercicios que se desarrollen en el PFC giraran en dos escalas. A <strong>nivel habitaciona<\/strong>l, los trabajos sobre el dise\u00f1o de espacios a medida para la ausencia de memoria, abordar\u00e1 soluciones dom\u00e9sticas para la falta de memoria, estudiando la conexi\u00f3n de la poblaci\u00f3n envejecida con las nuevas tecnolog\u00edas, centr\u00e1ndose en colectivos afectados por determinadas demencias y discapacidades cognitivas.\u00a0A <strong>escala regiona<\/strong>l y <strong>urbana,<\/strong> esta l\u00ednea de investigaci\u00f3n diverge hacia un campo diferente, que denominamos memoria como construcci\u00f3n del sujeto. Ser\u00e1 una derivada en la que investigamos de forma separada e independiente, abarcando los campos del patrimonio, el paisaje y el proyecto, conceptos en los que la memoria constituye un sustrato existente, heredado y consolidado, que tambi\u00e9n es material de proyecto para la investigaci\u00f3n en arquitectura.<\/p>\n<div class=\"elementor-element elementor-element-8aab1c7 elementor-widget elementor-widget-text-editor\" data-id=\"8aab1c7\" data-element_type=\"widget\" data-widget_type=\"text-editor.default\">\n<div class=\"elementor-widget-container\">\n<p style=\"font-weight: 400;\">El tema para desarrollar en este grupo del M\u00e1ster habilitante ser\u00e1 investigar c\u00f3mo la arquitectura aborda este problema, resolviendo las necesidades y demandas de unos habitantes con problemas de memoria para que puedan tener una mayor calidad de vida, gozando de autonom\u00eda e independencia. El objetivo del PFC ser\u00e1 aprender a proyectar, construir y humanizar un entorno que est\u00e9 adaptado y sea adaptable a las condiciones de vida de estas estas personas con demencia. El proyecto deber\u00e1 tener en cuenta tres factores imprescindibles: la seguridad, la accesibilidad y la personalizaci\u00f3n, esta \u00faltima como elemento fundamental de la estimulaci\u00f3n sensorial y estabilizadora emocional necesaria para estas personas.<\/p>\n<p style=\"font-weight: 400;\"><strong>P<\/strong><strong>royectar para la ausencia de memoria <\/strong>ser\u00e1, por tanto, el hilo conductor y la l\u00ednea argumental de este grupo de M\u00e1ster. El \u00e1mbito seleccionado para el ejercicio se localiza en diversos lugares seg\u00fan el curso acad\u00e9mico y permitir\u00e1 insistir tanto en el aprendizaje de los instrumentos y materiales habituales de la proyectaci\u00f3n arquitect\u00f3nica como en la reflexi\u00f3n en torno a procesos de construcci\u00f3n de la ciudad.<\/p>\n<p style=\"text-align: right;\"><strong>Santiago Quesada<\/strong>, profesor coordinador<\/p>\n<\/div>\n<\/div>\n<h3>\u00a0<\/h3>\n<h4>\u00a0<\/h4>\n<h4><strong>TRABAJOS FIN DE M\u00c1STER DESTACADOS<\/strong><\/h4>\n<h3>\u00a0<\/h3>\n<p>&nbsp;<\/p>\n<p><strong><span style=\"color: #333333;\"><strong style=\"color: #333333;\"><a style=\"color: #333333;\" href=\"https:\/\/idus.us.es\/handle\/11441\/106146\" target=\"_blank\" rel=\"noopener\">Proyectar para la ausencia de memoria <\/a><\/strong><span style=\"color: #00ccff;\"><a style=\"color: #00ccff;\" href=\"https:\/\/idus.us.es\/handle\/11441\/89499\" target=\"_blank\" rel=\"noopener\">(<\/a><\/span><\/span><\/strong><span style=\"color: #00ccff;\"><a style=\"color: #00ccff;\" href=\"https:\/\/idus.us.es\/handle\/11441\/106146\" target=\"_blank\" rel=\"noopener\">ver)<\/a><\/span><strong><br \/><\/strong><span style=\"color: #333333;\"><a style=\"color: #333333;\" href=\"https:\/\/idus.us.es\/handle\/11441\/106146\" target=\"_blank\" rel=\"noopener\">Jorge Rodr\u00edguez Chinchilla <\/a><\/span><a style=\"color: #333333; caret-color: #333333;\" href=\"https:\/\/idus.us.es\/handle\/11441\/106146\" target=\"_blank\" rel=\"noopener\">(2020)<\/a><\/p>\n<p><strong><strong style=\"color: #333333;\"><a style=\"color: #333333;\" href=\"https:\/\/idus.us.es\/handle\/11441\/127177\" target=\"_blank\" rel=\"noopener\">Unidad habitacional para enfermos de Alzheimer en el cortijo de La Estrella <\/a><\/strong><span style=\"color: #00ccff;\"><a style=\"color: #00ccff;\" href=\"https:\/\/idus.us.es\/handle\/11441\/89499\" target=\"_blank\" rel=\"noopener\">(<\/a><\/span><\/strong><span style=\"color: #00ccff;\"><a style=\"color: #00ccff;\" href=\"https:\/\/idus.us.es\/handle\/11441\/127177\" target=\"_blank\" rel=\"noopener\">ver)<\/a><\/span><strong><br \/><\/strong><span style=\"color: #333333;\"><a style=\"color: #333333;\" href=\"https:\/\/idus.us.es\/handle\/11441\/127177\" target=\"_blank\" rel=\"noopener\">Andrea Rebolledo Iglesias <\/a><\/span><a style=\"color: #333333; caret-color: #333333;\" href=\"https:\/\/idus.us.es\/handle\/11441\/127177\" target=\"_blank\" rel=\"noopener\">(2021)<\/a><\/p>\n<p><span style=\"color: #333333;\"><strong style=\"color: #333333;\"><a style=\"color: #333333;\" href=\"https:\/\/idus.us.es\/handle\/11441\/89499\" target=\"_blank\" rel=\"noopener\">Habitar con ausencia de memoria <\/a><\/strong><span style=\"color: #00ccff;\"><a style=\"color: #00ccff;\" href=\"https:\/\/idus.us.es\/handle\/11441\/89499\" target=\"_blank\" rel=\"noopener\">(<\/a><\/span><\/span><span style=\"color: #00ccff;\"><a style=\"color: #00ccff;\" href=\"https:\/\/idus.us.es\/handle\/11441\/89499\" target=\"_blank\" rel=\"noopener\">ver)<\/a><\/span><br \/><span style=\"color: #333333;\"><a style=\"color: #333333;\" href=\"https:\/\/idus.us.es\/handle\/11441\/89499\" target=\"_blank\" rel=\"noopener\">Andr\u00e9s Galera Rodr\u00edguez <\/a><\/span><a style=\"color: #333333; caret-color: #333333;\" href=\"https:\/\/idus.us.es\/handle\/11441\/89499\" target=\"_blank\" rel=\"noopener\">(2019)<\/a><\/p>\n<p><span style=\"color: #333333;\"><strong style=\"color: #333333;\"><a style=\"color: #333333;\" href=\"https:\/\/idus.us.es\/handle\/11441\/131218\" target=\"_blank\" rel=\"noopener\">Memoria de los sentidos <\/a><\/strong><span style=\"color: #00ccff;\"><a style=\"color: #00ccff;\" href=\"https:\/\/idus.us.es\/handle\/11441\/89499\" target=\"_blank\" rel=\"noopener\">(<\/a><\/span><\/span><span style=\"color: #00ccff;\"><a style=\"color: #00ccff;\" href=\"https:\/\/idus.us.es\/handle\/11441\/131218\" target=\"_blank\" rel=\"noopener\">ver)<\/a><\/span><br \/><span style=\"color: #333333;\"><a style=\"color: #333333;\" href=\"https:\/\/idus.us.es\/handle\/11441\/131218\" target=\"_blank\" rel=\"noopener\">Jos\u00e9 Manuel Romero Ojeda <\/a><\/span><a style=\"color: #333333; caret-color: #333333;\" href=\"https:\/\/idus.us.es\/handle\/11441\/131218\" target=\"_blank\" rel=\"noopener\">(2019)<\/a><\/p>\n<p>&nbsp;<\/p>\n<hr \/>\n<p>&nbsp;<\/p>\n<p>[\/et_pb_text][\/et_pb_column][\/et_pb_row][et_pb_row column_structure=\u00bb1_2,1_2&#8243; use_custom_gutter=\u00bbon\u00bb gutter_width=\u00bb2&#8243; _builder_version=\u00bb4.16&#8243; width_unit=\u00bboff\u00bb global_colors_info=\u00bb{}\u00bb][et_pb_column type=\u00bb1_2&#8243; _builder_version=\u00bb4.16&#8243; custom_padding=\u00bb|||\u00bb global_colors_info=\u00bb{}\u00bb custom_padding__hover=\u00bb|||\u00bb][et_pb_text _builder_version=\u00bb4.16&#8243; global_colors_info=\u00bb{}\u00bb]<\/p>\n<p class=\"font_8\"><span style=\"color: #333333;\"><strong>Normativa de m\u00e1ster universitario oficial US<\/strong><\/span><\/p>\n<p class=\"font_8\"><span style=\"color: #808080;\"><a style=\"color: #808080;\" href=\"http:\/\/servicio.us.es\/academica\/titulos-de-master-universitario\" target=\"_blank\" rel=\"noopener\" data-content=\"http:\/\/www.us.es\/estudios\/UMasterUniv\/\" data-type=\"external\">\u00a0 \u00a0 \u00a0 \u00a0 &#8211; Titulo de M\u00e1ster Universitarios en la US<\/a><a style=\"color: #808080;\" href=\"http:\/\/www.us.es\/estudios\/master\/index.html\" target=\"_blank\" rel=\"noopener\" data-content=\"http:\/\/www.us.es\/estudios\/master\/index.html\" data-type=\"external\"><span style=\"color: #333333;\">\u00a0<\/span><\/a><\/span><\/p>\n<p class=\"font_8\"><span style=\"color: #808080;\">\u00a0 \u00a0 \u00a0 \u00a0 <a style=\"color: #808080;\" href=\"https:\/\/etsa.us.es\/escuela\/titulos\/masteres_oficiales\" target=\"_blank\" rel=\"noopener\" data-content=\"http:\/\/www.us.es\/estudios\/master\/index.html\" data-type=\"external\"><span style=\"color: #333333;\"><span style=\"color: #808080;\">&#8211; M\u00e1steres en Arquitectura<\/span><\/span><\/a><\/span><\/p>\n<p>&nbsp;<\/p>\n<p class=\"font_8\"><span style=\"color: #333333;\"><strong>Otras ofertas de t\u00edtulos y m\u00e1steres de la US<\/strong><\/span><\/p>\n<p class=\"font_8\">\u00a0 \u00a0 \u00a0\u00a0<span style=\"color: #333333;\">\u00a0 Oferta de M\u00e1steres conjuntos de la US<\/span><\/p>\n<p class=\"font_8\"><span style=\"color: #808080;\"><a style=\"color: #808080;\" href=\"http:\/\/servicio.us.es\/academica\/titulos-conjuntos-nacionales\" target=\"_blank\" rel=\"noopener\" data-content=\"http:\/\/servicio.us.es\/academica\/titulos-conjuntos-nacionales\" data-type=\"external\">\u00a0 \u00a0 \u00a0 \u00a0 \u00a0 \u00a0 \u00a0 \u00a0 &#8211; Nacionales<\/a><\/span><\/p>\n<p class=\"font_8\"><span style=\"color: #808080;\"><a style=\"color: #808080;\" href=\"http:\/\/servicio.us.es\/academica\/titulos-conjuntos-internacionales\" target=\"_blank\" rel=\"noopener\" data-content=\"http:\/\/servicio.us.es\/academica\/titulos-conjuntos-internacionales\" data-type=\"external\">\u00a0 \u00a0 \u00a0 \u00a0 \u00a0 \u00a0 \u00a0 \u00a0 &#8211; Internacionales<\/a><\/span><\/p>\n<p class=\"font_8\">\u00a0 \u00a0 \u00a0 \u00a0<span style=\"color: #333333;\"> Oferta de dobles M\u00e1steres<\/span><\/p>\n<p class=\"font_8\"><span style=\"color: #808080;\"><a style=\"color: #808080;\" href=\"http:\/\/servicio.us.es\/academica\/dobles-nacionales\" target=\"_blank\" rel=\"noopener\" data-content=\"http:\/\/servicio.us.es\/academica\/dobles-nacionales\" data-type=\"external\">\u00a0 \u00a0 \u00a0 \u00a0 \u00a0 \u00a0 \u00a0 \u00a0 &#8211; Nacionales<\/a><\/span><\/p>\n<p class=\"font_8\"><span style=\"color: #808080;\"><a style=\"color: #808080;\" href=\"http:\/\/servicio.us.es\/academica\/dobles-internacionales\" target=\"_blank\" rel=\"noopener\" data-content=\"http:\/\/servicio.us.es\/academica\/dobles-internacionales\" data-type=\"external\">\u00a0 \u00a0 \u00a0 \u00a0 \u00a0 \u00a0 \u00a0 \u00a0 &#8211; Internacionales<\/a><\/span><\/p>\n<p>&nbsp;<br \/>\n[\/et_pb_text][\/et_pb_column][et_pb_column type=\u00bb1_2&#8243; _builder_version=\u00bb4.16&#8243; custom_padding=\u00bb|||\u00bb global_colors_info=\u00bb{}\u00bb custom_padding__hover=\u00bb|||\u00bb][et_pb_text _builder_version=\u00bb4.16&#8243; global_colors_info=\u00bb{}\u00bb]<\/p>\n<p class=\"font_8\"><span style=\"color: #333333;\"><strong>\u00bfQu\u00e9 M\u00e1steres puedes hacer en la ETSA Sevilla?<\/strong><\/span><\/p>\n<p class=\"font_8\"><a href=\"https:\/\/etsa.us.es\/escuela\/titulos\/masteres_oficiales\" target=\"_blank\" rel=\"noopener\" data-content=\"http:\/\/etsa.us.es\/estudios\/gradomaster\/masters-oficiales\/\" data-type=\"external\">\u00a0 \u00a0 <span style=\"color: #333333;\">\u00a0 \u00a0 M\u00e1steres oficiales en la ETSA Sevilla<\/span><\/a><\/p>\n<p><span style=\"color: #808080;\">\u00a0 \u00a0\u00a0 \u00a0\u00a0 \u00a0\u00a0 \u00a0\u00a0 \u00a0\u00a0<a style=\"color: #808080;\" href=\"https:\/\/etsa.us.es\/docencia\/master-universitario-en-arquitectura\" target=\"_blank\" rel=\"noopener\" data-content=\"http:\/\/etsa.us.es\/estudios\/gradomaster\/masters-oficiales\/marph\/\" data-type=\"external\">&#8211; M\u00e1ster Universitario en Arquitectura Habilitante (MUAH)<\/a><\/span><\/p>\n<p class=\"font_8\"><span style=\"color: #808080;\"><a style=\"color: #808080;\" href=\"http:\/\/master.us.es\/marph\/\" target=\"_blank\" rel=\"noopener\" data-content=\"http:\/\/etsa.us.es\/estudios\/gradomaster\/masters-oficiales\/marph\/\" data-type=\"external\">\u00a0 \u00a0 \u00a0 \u00a0 \u00a0 \u00a0 \u00a0 \u00a0 &#8211; M\u00e1ster en Arquitectura y Patrimonio Hist\u00f3rico (MARPH)<\/a><\/span><\/p>\n<p class=\"font_8\"><span style=\"color: #808080;\"><a style=\"color: #808080;\" href=\"https:\/\/mastercas.net\" target=\"_blank\" rel=\"noopener\" data-content=\"https:\/\/mastercas.net\/2017\/02\/01\/ayuda-para-inscripcion-mcas-2017-18\/#more-2620\" data-type=\"external\">\u00a0 \u00a0 \u00a0 \u00a0 \u00a0 \u00a0 \u00a0 \u00a0 &#8211; M\u00e1ster en Ciudad y Arquitectura Sostenibles\u00a0 (MCAS)<\/a><\/span><\/p>\n<p class=\"font_8\"><span style=\"color: #808080;\"><a style=\"color: #808080;\" href=\"https:\/\/www.us.es\/estudiar\/que-estudiar\/oferta-de-masteres\/master-universitario-en-peritacion-y-reparacion-de\" target=\"_blank\" rel=\"noopener\" data-content=\"http:\/\/www.us.es\/estudios\/master\/master_M040\" data-type=\"external\">\u00a0 \u00a0 \u00a0 \u00a0 \u00a0 \u00a0 \u00a0 \u00a0 &#8211; M\u00e1ster en Peritaci\u00f3n y Reparaci\u00f3n de Edificios<\/a><\/span><\/p>\n<p class=\"font_8\"><span style=\"color: #808080;\"><a style=\"color: #808080;\" href=\"http:\/\/www.miatd.org\" target=\"_blank\" rel=\"noopener\" data-content=\"http:\/\/www.miatd.org\/info-pres.html\" data-type=\"external\">\u00a0 \u00a0 \u00a0 \u00a0 \u00a0 \u00a0 \u00a0 \u00a0 &#8211; M\u00e1ster en Innovaci\u00f3n en Arquitectura, Tecnolog\u00eda y Dise\u00f1o (MIATD)<\/a><\/span><\/p>\n<p class=\"font_8\"><span style=\"color: #808080;\"><a style=\"color: #808080;\" href=\"https:\/\/www.us.es\/estudiar\/que-estudiar\/oferta-de-masteres\/master-universitario-en-urbanismo-planeamiento-y-diseno\" target=\"_blank\" rel=\"noopener\" data-content=\"http:\/\/www.us.es\/estudios\/master\/master_M043\" data-type=\"external\">\u00a0 \u00a0 \u00a0 \u00a0 \u00a0 \u00a0 \u00a0 \u00a0 &#8211; M\u00e1ster en Urbanismo, Planeamiento y Dise\u00f1o Urbano<\/a><\/span><\/p>\n<p class=\"font_8\"><span style=\"color: #808080;\"><a style=\"color: #808080;\" href=\"http:\/\/etsa.us.es\/estudios\/gradomaster\/masters-propios\/\" target=\"_blank\" rel=\"noopener\" data-content=\"http:\/\/etsa.us.es\/estudios\/gradomaster\/masters-propios\/\" data-type=\"external\">\u00a0 \u00a0 \u00a0 \u00a0 <span style=\"color: #333333;\">M\u00e1steres propios ETSA Sevilla<\/span><\/a><\/span><\/p>\n<p class=\"font_8\"><span style=\"color: #808080;\"><a style=\"color: #808080;\" href=\"http:\/\/www.cfp.us.es\/cursos\/mu\/gestion-del-%20patrimonio-industrial\/4897\/\" target=\"_blank\" rel=\"noopener\" data-content=\"http:\/\/www.cfp.us.es\/cursos\/mu\/gestion-del- patrimonio-industrial\/4897\/\" data-type=\"external\">\u00a0 \u00a0 \u00a0 \u00a0 \u00a0 \u00a0 \u00a0 \u00a0 &#8211; M\u00e1ster Gesti\u00f3n de Patrimonio Industrial<\/a><\/span><\/p>\n<p class=\"font_8\"><a href=\"http:\/\/masters.us.es\/mieac\/\" target=\"_blank\" rel=\"noopener\" data-content=\"http:\/\/masters.us.es\/mieac\/\" data-type=\"external\">\u00a0 \u00a0 \u00a0 \u00a0 \u00a0 \u00a0 \u00a0 \u00a0<span style=\"color: #808080;\"> &#8211; M\u00e1ster Intervenci\u00f3n Estructural en Arq. Contempor\u00e1neas (MIEAC)<\/span><\/a><\/p>\n<p>[\/et_pb_text][\/et_pb_column][\/et_pb_row][et_pb_row _builder_version=\u00bb4.16&#8243; background_size=\u00bbinitial\u00bb background_position=\u00bbtop_left\u00bb background_repeat=\u00bbrepeat\u00bb global_colors_info=\u00bb{}\u00bb][et_pb_column type=\u00bb4_4&#8243; _builder_version=\u00bb4.16&#8243; custom_padding=\u00bb|||\u00bb global_colors_info=\u00bb{}\u00bb custom_padding__hover=\u00bb|||\u00bb][et_pb_text _builder_version=\u00bb4.16&#8243; global_colors_info=\u00bb{}\u00bb]<span style=\"color: #333333;\"><strong>M\u00e1steres internacionales recomendados: <\/strong><\/span><\/p>\n<p><span style=\"color: #333333;\"><strong><span style=\"color: #808080;\">\u00a0 \u00a0 \u00a0 \u00a0 <a style=\"color: #808080;\" href=\"https:\/\/ulysseus.eu\/ulysseuscitiesmd\/\" target=\"_blank\" rel=\"noopener\">&#8211; M\u00e1ster en Energ\u00eda, Transporte y Movilidad, eficientes y sostenibles, para construir las ciudades inteligentes del futuro. UlysseusCitiesMD<\/a><strong style=\"caret-color: #333333;\">\u00a0<\/strong><\/span><\/strong><\/span><\/p>\n<p><a href=\"http:\/\/www.naad-master.com\"><span style=\"color: #333333;\"><strong><span style=\"color: #808080;\">\u00a0 \u00a0 \u00a0 \u00a0 &#8211; M\u00e1ster en Neurociencias aplicadas al Proyecto Arquitect\u00f3nico (NAAD). Universit\u00e0 di Venezia (I<\/span><\/strong><\/span><strong style=\"caret-color: #333333; color: #333333;\"><span style=\"color: #808080;\">UAV)<\/span><\/strong><\/a><\/p>\n<p><span style=\"color: #333333;\">\u00a0 \u00a0 \u00a0 \u00a0<a href=\"https:\/\/the-bac.edu\/academic-programs\/master-of-design-studies-in-design-for-human-health\" target=\"_blank\" rel=\"noopener\"> <strong><span style=\"color: #808080;\">&#8211; Master of Design Studies: Design for Human Health.\u00a0<\/span><\/strong><\/a><\/span><a href=\"https:\/\/the-bac.edu\/academic-programs\/master-of-design-studies-in-design-for-human-health\" target=\"_blank\" rel=\"noopener\"><span style=\"color: #808080;\"><strong>Boston Architectural College<\/strong><\/span><\/a><br \/>\n[\/et_pb_text][\/et_pb_column][\/et_pb_row][et_pb_row _builder_version=\u00bb4.16&#8243; background_size=\u00bbinitial\u00bb background_position=\u00bbtop_left\u00bb background_repeat=\u00bbrepeat\u00bb global_colors_info=\u00bb{}\u00bb][et_pb_column type=\u00bb4_4&#8243; _builder_version=\u00bb4.16&#8243; custom_padding=\u00bb|||\u00bb global_colors_info=\u00bb{}\u00bb custom_padding__hover=\u00bb|||\u00bb][et_pb_text _builder_version=\u00bb4.16&#8243; global_colors_info=\u00bb{}\u00bb]<\/p>\n<h1 style=\"text-align: center;\"><a href=\"https:\/\/grupo.us.es\/hac\/crece-con-nosotros\/\"><span style=\"font-size: 52pt;\">\u00ab<\/span><\/a><\/h1>\n<p>[\/et_pb_text][\/et_pb_column][\/et_pb_row][\/et_pb_section]<\/p>\n","protected":false},"excerpt":{"rendered":"<p>POSTGRADO M\u00c1STER UNIVERSITARIO en ARQUITECTURA\u00a0(habilitante) Escuela T\u00e9cnica Superior de Arquitectura. Universidad de Sevilla Cursos 2018-19; 2019-20; 2020-21; 2021-22 y 2022-23 &nbsp; L\u00ednea tem\u00e1tica del grupo MA07: \u00a0PROYECTAR PARA LA AUSENCIA DE MEMORIA &nbsp; Dec\u00eda Ortega y Gasset que las tres componentes de la misi\u00f3n de la Universidad son: la ense\u00f1anza, la investigaci\u00f3n y la formaci\u00f3n [&hellip;]<\/p>\n","protected":false},"author":2,"featured_media":0,"parent":365,"menu_order":0,"comment_status":"closed","ping_status":"closed","template":"","meta":{"_et_pb_use_builder":"on","_et_pb_old_content":"","_et_gb_content_width":"","wpupg_custom_link":[],"wpupg_custom_link_behaviour":["default"],"wpupg_custom_link_nofollow":[],"wpupg_custom_image":[],"wpupg_custom_image_id":[],"footnotes":""},"class_list":["post-432","page","type-page","status-publish","hentry"],"_links":{"self":[{"href":"https:\/\/grupo.us.es\/hac\/wp-json\/wp\/v2\/pages\/432","targetHints":{"allow":["GET"]}}],"collection":[{"href":"https:\/\/grupo.us.es\/hac\/wp-json\/wp\/v2\/pages"}],"about":[{"href":"https:\/\/grupo.us.es\/hac\/wp-json\/wp\/v2\/types\/page"}],"author":[{"embeddable":true,"href":"https:\/\/grupo.us.es\/hac\/wp-json\/wp\/v2\/users\/2"}],"replies":[{"embeddable":true,"href":"https:\/\/grupo.us.es\/hac\/wp-json\/wp\/v2\/comments?post=432"}],"version-history":[{"count":2,"href":"https:\/\/grupo.us.es\/hac\/wp-json\/wp\/v2\/pages\/432\/revisions"}],"predecessor-version":[{"id":6691,"href":"https:\/\/grupo.us.es\/hac\/wp-json\/wp\/v2\/pages\/432\/revisions\/6691"}],"up":[{"embeddable":true,"href":"https:\/\/grupo.us.es\/hac\/wp-json\/wp\/v2\/pages\/365"}],"wp:attachment":[{"href":"https:\/\/grupo.us.es\/hac\/wp-json\/wp\/v2\/media?parent=432"}],"curies":[{"name":"wp","href":"https:\/\/api.w.org\/{rel}","templated":true}]}}