{"id":4274,"date":"2023-06-10T09:01:07","date_gmt":"2023-06-10T09:01:07","guid":{"rendered":"https:\/\/grupo.us.es\/hac\/?page_id=4274\/"},"modified":"2025-12-08T09:59:49","modified_gmt":"2025-12-08T09:59:49","slug":"thilo-gumbsch","status":"publish","type":"page","link":"https:\/\/grupo.us.es\/hac\/quienes-somos\/thilo-gumbsch\/","title":{"rendered":"Thilo Gumbsch"},"content":{"rendered":"<p>[et_pb_section bb_built=\u00bb1&#8243; _builder_version=\u00bb3.0.89&#8243;][et_pb_row][et_pb_column type=\u00bb1_3&#8243;][et_pb_image _builder_version=\u00bb3.0.89&#8243; src=\u00bbhttps:\/\/grupo.us.es\/hac\/wp-content\/uploads\/2023\/06\/Thilo-2.jpg\u00bb show_in_lightbox=\u00bboff\u00bb url_new_window=\u00bboff\u00bb use_overlay=\u00bboff\u00bb always_center_on_mobile=\u00bbon\u00bb force_fullwidth=\u00bboff\u00bb show_bottom_space=\u00bbon\u00bb module_class=\u00bbfoto-personal\u00bb \/][et_pb_text _builder_version=\u00bb3.0.89&#8243; background_layout=\u00bblight\u00bb]<\/p>\n<h4 style=\"text-align: center;\"><strong>THILO GUMBSCH<\/strong><\/h4>\n<p style=\"text-align: center;\"><strong><em>Arquitecto<\/em><\/strong><\/p>\n<p>[\/et_pb_text][\/et_pb_column][et_pb_column type=\u00bb2_3&#8243;][et_pb_text _builder_version=\u00bb3.0.89&#8243; background_layout=\u00bblight\u00bb module_class=\u00bbtexto-personal\u00bb]<\/p>\n<p style=\"font-weight: 400;\">Arquitecto (<em>Dipl.Ing. der Architektur<\/em>) por la Universidad Stuttgart (Alemania) en 1996 con premio extraordinario (<em>Architekturpreis der Universit\u00e4t Stuttgart<\/em>) por el Proyecto Fin de Carrera: \u201c<em>Bauen im Bestand<\/em>\u201d. <em>Theater, C\u00e1diz, Spanien. <\/em>Obtiene la beca NDS (PhD) del DAAD (<em>Deutscher Akademischer Austauschdienst<\/em>) 1999-2000. Desde 2000 es Profesor del <em>Departamento de Proyectos Arquitect\u00f3nicos<\/em> de la E.T.S.A. de Sevilla (Profesor Asociado T.C. 2000-2007 y Profesor Colaborador T.C. desde 2007). Alcanza el D.E.A. (<em>Diploma de la Suficiencia Investigadora<\/em>) por la Universidad de Sevilla (2013) y desde 2016 tambi\u00e9n es Profesor del MIATD (<em>Master Universitario en Innovaci\u00f3n en Arquitectura: Tecnolog\u00eda y Dise\u00f1o<\/em>) de la E.T.S.A. de Sevilla. Coordina varios convenios de intercambio <em>Erasmus<\/em> con universidades de Austria, Italia y Alemania. Como profesor invitado ha impartido docencia en diversas universidades e instituciones nacionales e internacionales: Espa\u00f1a, Portugal, M\u00e9xico y Alemania<\/p>\n<p style=\"font-weight: 400;\">Recibe diversos premios y distinciones, nacionales e internacionales, en concursos y para obras arquitect\u00f3nicas, investigaci\u00f3n y docencia, entre otros: es seleccionado por el CSCAE para el \u201c<em>Green Building Challenge Helsinki 2011 (SB11 HELSINKI),<\/em> recibe el <em>Premio de Andaluc\u00eda de Urbanismo (PAU) 2018<\/em> y recibe el premio europeo para docencia <em>Europ\u00e4ischer Wettbewerb f\u00fcr Lehrprogramme, Armstrong Linoleum Challenge, 2005<\/em>.\u00a0Ha realizado diversos trabajos de investigaci\u00f3n desde la disciplina de arquitectura sobre paisaje, territorio, arquitectura y asentamientos:\u00a0\u00a0 <em>Investigaci\u00f3n de estudio del Canal del Guadalquivir<\/em>, <em>Estudio de adecuaci\u00f3n medioambiental de espacios fluviales del \u00e1rea de Sevilla como nuevos lugares de la ciudad y del territorio<\/em>, <em>Aproximaci\u00f3n a los mecanismos de la ocupaci\u00f3n del territorio como elemento estructurante, Rota y su litoral<\/em>.<\/p>\n<p>ORCID iD: <span style=\"color: #808080;\"><a style=\"color: #808080;\" href=\"https:\/\/orcid.org\/0000-0001-5930-9967\" target=\"_blank\" rel=\"noopener\"><strong>0000-0001-5930-9967<\/strong><\/a><\/span><a href=\"https:\/\/orcid.org\/0000-0001-5930-9967\" target=\"_blank\" rel=\"noopener\"><strong><span style=\"color: #808080;\">\u00a0 <\/span><\/strong><\/a><span style=\"text-decoration: underline;\"><strong><span style=\"color: #808080; text-decoration: underline;\"><a style=\"color: #808080;\" href=\"https:\/\/orcid.org\/0000-0001-5930-9967\" target=\"_blank\" rel=\"noopener\"><img loading=\"lazy\" decoding=\"async\" class=\"alignnone wp-image-894\" src=\"https:\/\/grupo.us.es\/hac\/wp-content\/uploads\/2018\/02\/Orcid.png\" alt=\"\" width=\"28\" height=\"28\" srcset=\"https:\/\/grupo.us.es\/hac\/wp-content\/uploads\/2018\/02\/Orcid.png 225w, https:\/\/grupo.us.es\/hac\/wp-content\/uploads\/2018\/02\/Orcid-150x150.png 150w\" sizes=\"(max-width: 28px) 100vw, 28px\" \/><\/a><\/span><\/strong><\/span><\/p>\n<p>[\/et_pb_text][et_pb_button _builder_version=\u00bb3.0.89&#8243; button_text=\u00bbVER PRODUCCI\u00d3N CIENT\u00cdFICA \u00bb button_url=\u00bbhttps:\/\/investigacion.us.es\/sisius\/sis_showpub.php?idpers=4578&#8243; url_new_window=\u00bbon\u00bb background_layout=\u00bblight\u00bb custom_button=\u00bbon\u00bb button_icon_placement=\u00bbright\u00bb module_class=\u00bbboton-personal\u00bb button_text_size=\u00bb15&#8243; button_text_color=\u00bb#000000&#8243; button_border_width=\u00bb1&#8243; button_border_color=\u00bb#000000&#8243; button_border_radius=\u00bb0&#8243; \/][\/et_pb_column][\/et_pb_row][\/et_pb_section]<\/p>\n","protected":false},"excerpt":{"rendered":"<p><div class=\"et_pb_row et_pb_row_0 et_pb_row_empty\">\n\t\t\t\t\n\t\t\t\t\n\t\t\t\t\n\t\t\t\t\n\t\t\t\t\n\t\t\t<\/div> THILO GUMBSCH Arquitecto Arquitecto (Dipl.Ing. der Architektur) por la Universidad Stuttgart (Alemania) en 1996 con premio extraordinario (Architekturpreis der Universit\u00e4t Stuttgart) por el Proyecto Fin de Carrera: \u201cBauen im Bestand\u201d. Theater, C\u00e1diz, Spanien. Obtiene la beca NDS (PhD) del DAAD (Deutscher Akademischer Austauschdienst) 1999-2000. Desde 2000 es Profesor del Departamento de Proyectos Arquitect\u00f3nicos de [&hellip;]<\/p>\n","protected":false},"author":2,"featured_media":0,"parent":4626,"menu_order":0,"comment_status":"closed","ping_status":"closed","template":"","meta":{"_et_pb_use_builder":"on","_et_pb_old_content":"","_et_gb_content_width":"","wpupg_custom_link":[],"wpupg_custom_link_behaviour":["default"],"wpupg_custom_link_nofollow":[],"wpupg_custom_image":[],"wpupg_custom_image_id":[],"footnotes":""},"class_list":["post-4274","page","type-page","status-publish","hentry"],"_links":{"self":[{"href":"https:\/\/grupo.us.es\/hac\/wp-json\/wp\/v2\/pages\/4274","targetHints":{"allow":["GET"]}}],"collection":[{"href":"https:\/\/grupo.us.es\/hac\/wp-json\/wp\/v2\/pages"}],"about":[{"href":"https:\/\/grupo.us.es\/hac\/wp-json\/wp\/v2\/types\/page"}],"author":[{"embeddable":true,"href":"https:\/\/grupo.us.es\/hac\/wp-json\/wp\/v2\/users\/2"}],"replies":[{"embeddable":true,"href":"https:\/\/grupo.us.es\/hac\/wp-json\/wp\/v2\/comments?post=4274"}],"version-history":[{"count":1,"href":"https:\/\/grupo.us.es\/hac\/wp-json\/wp\/v2\/pages\/4274\/revisions"}],"predecessor-version":[{"id":10052,"href":"https:\/\/grupo.us.es\/hac\/wp-json\/wp\/v2\/pages\/4274\/revisions\/10052"}],"up":[{"embeddable":true,"href":"https:\/\/grupo.us.es\/hac\/wp-json\/wp\/v2\/pages\/4626"}],"wp:attachment":[{"href":"https:\/\/grupo.us.es\/hac\/wp-json\/wp\/v2\/media?parent=4274"}],"curies":[{"name":"wp","href":"https:\/\/api.w.org\/{rel}","templated":true}]}}