{"id":397,"date":"2018-01-03T13:04:28","date_gmt":"2018-01-03T13:04:28","guid":{"rendered":"http:\/\/grupo.us.es\/hac\/?page_id=397\/"},"modified":"2023-08-14T08:51:02","modified_gmt":"2023-08-14T08:51:02","slug":"tecnologias-emergentes-en-la-edificacion","status":"publish","type":"page","link":"https:\/\/grupo.us.es\/hac\/que-investigamos\/tecnologias-emergentes-en-la-edificacion\/","title":{"rendered":"# Tecnolog\u00edas Saludables Emergentes"},"content":{"rendered":"<p>[et_pb_section bb_built=\u00bb1&#8243;][et_pb_row _builder_version=\u00bb3.0.89&#8243;][et_pb_column type=\u00bb4_4&#8243;][et_pb_text _builder_version=\u00bb3.0.89&#8243; background_layout=\u00bblight\u00bb]<\/p>\n<h3 style=\"text-align: center;\"><strong>TECNOLOG\u00cdAS SALUDABLES EMERGENTES EN LA EDIFICACI\u00d3N<\/strong><\/h3>\n<p>[\/et_pb_text][\/et_pb_column][\/et_pb_row][et_pb_row _builder_version=\u00bb3.0.89&#8243; width_unit=\u00bboff\u00bb use_custom_gutter=\u00bbon\u00bb gutter_width=\u00bb2&#8243;][et_pb_column type=\u00bb1_2&#8243;][et_pb_image _builder_version=\u00bb3.0.89&#8243; src=\u00bbhttps:\/\/grupo.us.es\/hac\/wp-content\/uploads\/2018\/03\/4.1.5-bis.jpg\u00bb show_in_lightbox=\u00bboff\u00bb url_new_window=\u00bboff\u00bb use_overlay=\u00bboff\u00bb always_center_on_mobile=\u00bbon\u00bb force_fullwidth=\u00bbon\u00bb show_bottom_space=\u00bbon\u00bb align=\u00bbright\u00bb custom_padding=\u00bb10px|||\u00bb \/][\/et_pb_column][et_pb_column type=\u00bb1_2&#8243;][et_pb_text _builder_version=\u00bb3.0.89&#8243; background_layout=\u00bblight\u00bb]<\/p>\n<p class=\"font_8\" style=\"text-align: left;\">La constante exigencia de confort a los edificios, as\u00ed como su sostenibilidad y adecuada eficiencia energ\u00e9tica, hace imprescindible la aplicaci\u00f3n de las nuevas Tecnolog\u00edas de la Informaci\u00f3n y Comunicaci\u00f3n (TIC) en la edificaci\u00f3n. El objetivo de esta l\u00ednea es investigar, explorar y transferir conocimiento por medio del desarrollo de proyectos que\u00a0<strong>integren las tecnolog\u00edas en cualquier entorno: residencial (<a href=\"https:\/\/grupo.us.es\/hac\/que-hacemos\/smart-house\/\" target=\"_blank\" rel=\"noopener\">Smart House<\/a>), equipamientos (<a href=\"https:\/\/grupo.us.es\/hac\/que-hacemos\/smart-building\/\" target=\"_blank\" rel=\"noopener\">Smart Building<\/a>) y urbano (<a href=\"https:\/\/grupo.us.es\/hac\/que-hacemos\/smart-city\/\" target=\"_blank\" rel=\"noopener\">Smart City<\/a>).<\/strong><\/p>\n<p class=\"font_8\" style=\"text-align: left;\">La primera escala o\u00a0<a href=\"https:\/\/grupo.us.es\/hac\/que-hacemos\/smart-house\/\" target=\"_blank\" rel=\"noopener\"><strong>Smart House<\/strong><\/a>\u00a0se centra en las tecnolog\u00edas al servicio de la autonom\u00eda personal y en la contribuci\u00f3n de las TIC para la reintegraci\u00f3n de personas con diversidad funcional o cognitiva en sus entornos dom\u00e9sticos, La escala\u00a0<a href=\"https:\/\/grupo.us.es\/hac\/que-hacemos\/smart-building\/\" target=\"_blank\" rel=\"noopener\"><strong>Smart Building<\/strong><\/a>\u00a0investiga soluciones tecnol\u00f3gicas energ\u00e9ticamente eficientes destinadas a la renovaci\u00f3n y rehabilitaci\u00f3n de edificios. Por \u00faltimo, la l\u00ednea\u00a0<a href=\"https:\/\/grupo.us.es\/hac\/que-hacemos\/smart-city\/\" target=\"_blank\" rel=\"noopener\"><strong>Smart City<\/strong>\u00a0<\/a>estudia y analiza un nuevo paradigma de ciudad, basado en sistemas de datos que construyen redes para crear ciudades mejor gestionadas, equilibradas y eficientes.<\/p>\n<p class=\"font_8\" style=\"text-align: left;\">Con esta l\u00ednea de investigaci\u00f3n el grupo <strong>Healthy Architecture &amp; City<\/strong> se alinea con una de las <a href=\"https:\/\/grupo.us.es\/hac\/home\/tecnologias-emergentes\/\" target=\"_blank\" rel=\"noopener\"><strong>Tecnolog\u00edas Facilitadoras Esenciales (TEF)<\/strong><\/a>\u00a0consideradas como prioritarias por los programas de investigaci\u00f3n comunitarios de la <strong>Uni\u00f3n Europea.<\/strong><\/p>\n<p>&nbsp;<\/p>\n<p>[\/et_pb_text][\/et_pb_column][\/et_pb_row][et_pb_row][et_pb_column type=\u00bb4_4&#8243;][et_pb_text _builder_version=\u00bb3.0.89&#8243; background_layout=\u00bblight\u00bb]<\/p>\n<h1 style=\"text-align: center;\"><a href=\"https:\/\/grupo.us.es\/hac\/que-investigamos\/\"><span style=\"font-size: 52pt;\">\u00ab<\/span><\/a><\/h1>\n<p>[\/et_pb_text][\/et_pb_column][\/et_pb_row][\/et_pb_section]<\/p>\n","protected":false},"excerpt":{"rendered":"<p>TECNOLOG\u00cdAS SALUDABLES EMERGENTES EN LA EDIFICACI\u00d3N La constante exigencia de confort a los edificios, as\u00ed como su sostenibilidad y adecuada eficiencia energ\u00e9tica, hace imprescindible la aplicaci\u00f3n de las nuevas Tecnolog\u00edas de la Informaci\u00f3n y Comunicaci\u00f3n (TIC) en la edificaci\u00f3n. El objetivo de esta l\u00ednea es investigar, explorar y transferir conocimiento por medio del desarrollo de [&hellip;]<\/p>\n","protected":false},"author":2,"featured_media":0,"parent":344,"menu_order":0,"comment_status":"closed","ping_status":"closed","template":"","meta":{"_et_pb_use_builder":"on","_et_pb_old_content":"","_et_gb_content_width":"","wpupg_custom_link":[],"wpupg_custom_link_behaviour":["default"],"wpupg_custom_link_nofollow":[],"wpupg_custom_image":[],"wpupg_custom_image_id":[],"footnotes":""},"class_list":["post-397","page","type-page","status-publish","hentry"],"_links":{"self":[{"href":"https:\/\/grupo.us.es\/hac\/wp-json\/wp\/v2\/pages\/397","targetHints":{"allow":["GET"]}}],"collection":[{"href":"https:\/\/grupo.us.es\/hac\/wp-json\/wp\/v2\/pages"}],"about":[{"href":"https:\/\/grupo.us.es\/hac\/wp-json\/wp\/v2\/types\/page"}],"author":[{"embeddable":true,"href":"https:\/\/grupo.us.es\/hac\/wp-json\/wp\/v2\/users\/2"}],"replies":[{"embeddable":true,"href":"https:\/\/grupo.us.es\/hac\/wp-json\/wp\/v2\/comments?post=397"}],"version-history":[{"count":0,"href":"https:\/\/grupo.us.es\/hac\/wp-json\/wp\/v2\/pages\/397\/revisions"}],"up":[{"embeddable":true,"href":"https:\/\/grupo.us.es\/hac\/wp-json\/wp\/v2\/pages\/344"}],"wp:attachment":[{"href":"https:\/\/grupo.us.es\/hac\/wp-json\/wp\/v2\/media?parent=397"}],"curies":[{"name":"wp","href":"https:\/\/api.w.org\/{rel}","templated":true}]}}

# Tecnologías Saludables Emergentes

<p>[et_pb_section bb_built=»1&#8243;][et_pb_row _builder_version=»3.0.89&#8243;][et_pb_column type=»4_4&#8243;][et_pb_text _builder_version=»3.0.89&#8243; background_layout=»light»]</p>
<h3 style="text-align: center;"><strong>TECNOLOGÍAS SALUDABLES EMERGENTES EN LA EDIFICACIÓN</strong></h3>
<p>[/et_pb_text][/et_pb_column][/et_pb_row][et_pb_row _builder_version=»3.0.89&#8243; width_unit=»off» use_custom_gutter=»on» gutter_width=»2&#8243;][et_pb_column type=»1_2&#8243;][et_pb_image _builder_version=»3.0.89&#8243; src=»https://grupo.us.es/hac/wp-content/uploads/2018/03/4.1.5-bis.jpg» show_in_lightbox=»off» url_new_window=»off» use_overlay=»off» always_center_on_mobile=»on» force_fullwidth=»on» show_bottom_space=»on» align=»right» custom_padding=»10px|||» /][/et_pb_column][et_pb_column type=»1_2&#8243;][et_pb_text _builder_version=»3.0.89&#8243; background_layout=»light»]</p>
<p class="font_8" style="text-align: left;">La constante exigencia de confort a los edificios, así como su sostenibilidad y adecuada eficiencia energética, hace imprescindible la aplicación de las nuevas Tecnologías de la Información y Comunicación (TIC) en la edificación. El objetivo de esta línea es investigar, explorar y transferir conocimiento por medio del desarrollo de proyectos que <strong>integren las tecnologías en cualquier entorno: residencial (<a href="https://grupo.us.es/hac/que-hacemos/smart-house/" target="_blank" rel="noopener">Smart House</a>), equipamientos (<a href="https://grupo.us.es/hac/que-hacemos/smart-building/" target="_blank" rel="noopener">Smart Building</a>) y urbano (<a href="https://grupo.us.es/hac/que-hacemos/smart-city/" target="_blank" rel="noopener">Smart City</a>).</strong></p>
<p class="font_8" style="text-align: left;">La primera escala o <a href="https://grupo.us.es/hac/que-hacemos/smart-house/" target="_blank" rel="noopener"><strong>Smart House</strong></a> se centra en las tecnologías al servicio de la autonomía personal y en la contribución de las TIC para la reintegración de personas con diversidad funcional o cognitiva en sus entornos domésticos, La escala <a href="https://grupo.us.es/hac/que-hacemos/smart-building/" target="_blank" rel="noopener"><strong>Smart Building</strong></a> investiga soluciones tecnológicas energéticamente eficientes destinadas a la renovación y rehabilitación de edificios. Por último, la línea <a href="https://grupo.us.es/hac/que-hacemos/smart-city/" target="_blank" rel="noopener"><strong>Smart City</strong> </a>estudia y analiza un nuevo paradigma de ciudad, basado en sistemas de datos que construyen redes para crear ciudades mejor gestionadas, equilibradas y eficientes.</p>
<p class="font_8" style="text-align: left;">Con esta línea de investigación el grupo <strong>Healthy Architecture &amp; City</strong> se alinea con una de las <a href="https://grupo.us.es/hac/home/tecnologias-emergentes/" target="_blank" rel="noopener"><strong>Tecnologías Facilitadoras Esenciales (TEF)</strong></a> consideradas como prioritarias por los programas de investigación comunitarios de la <strong>Unión Europea.</strong></p>
<p>&nbsp;</p>
<p>[/et_pb_text][/et_pb_column][/et_pb_row][et_pb_row][et_pb_column type=»4_4&#8243;][et_pb_text _builder_version=»3.0.89&#8243; background_layout=»light»]</p>
<h1 style="text-align: center;"><a href="https://grupo.us.es/hac/que-investigamos/"><span style="font-size: 52pt;">«</span></a></h1>
<p>[/et_pb_text][/et_pb_column][/et_pb_row][/et_pb_section]</p>

<p>TECNOLOGÍAS SALUDABLES EMERGENTES EN LA EDIFICACIÓN La constante exigencia de confort a los edificios, así como su sostenibilidad y adecuada eficiencia energética, hace imprescindible la aplicación de las nuevas Tecnologías de la Información y Comunicación (TIC) en la edificación. El objetivo de esta línea es investigar, explorar y transferir conocimiento por medio del desarrollo de [&hellip;]</p>
