{"id":389,"date":"2018-01-03T12:55:03","date_gmt":"2018-01-03T12:55:03","guid":{"rendered":"http:\/\/grupo.us.es\/hac\/?page_id=389\/"},"modified":"2025-07-24T21:56:52","modified_gmt":"2025-07-24T21:56:52","slug":"proyectar-para-la-ausencia-de-la-memoria","status":"publish","type":"page","link":"https:\/\/grupo.us.es\/hac\/que-investigamos\/proyectar-para-la-ausencia-de-la-memoria\/","title":{"rendered":"# Proyectar para la ausencia de memoria"},"content":{"rendered":"<p>[et_pb_section fb_built=\u00bb1&#8243; _builder_version=\u00bb4.16&#8243; global_colors_info=\u00bb{}\u00bb][et_pb_row _builder_version=\u00bb4.16&#8243; global_colors_info=\u00bb{}\u00bb][et_pb_column type=\u00bb4_4&#8243; _builder_version=\u00bb4.16&#8243; custom_padding=\u00bb|||\u00bb global_colors_info=\u00bb{}\u00bb custom_padding__hover=\u00bb|||\u00bb][et_pb_text _builder_version=\u00bb4.16&#8243; global_colors_info=\u00bb{}\u00bb]<\/p>\n<h3 style=\"text-align: center;\"><strong>PROYECTAR PARA LA AUSENCIA DE LA MEMORIA<\/strong><\/h3>\n<p>[\/et_pb_text][\/et_pb_column][\/et_pb_row][et_pb_row column_structure=\u00bb1_2,1_2&#8243; use_custom_gutter=\u00bbon\u00bb gutter_width=\u00bb2&#8243; _builder_version=\u00bb4.16&#8243; width_unit=\u00bboff\u00bb global_colors_info=\u00bb{}\u00bb][et_pb_column type=\u00bb1_2&#8243; _builder_version=\u00bb4.16&#8243; custom_padding=\u00bb|||\u00bb global_colors_info=\u00bb{}\u00bb custom_padding__hover=\u00bb|||\u00bb][et_pb_image src=\u00bbhttps:\/\/grupo.us.es\/hac\/wp-content\/uploads\/2023\/09\/William-Utermohlen.webp\u00bb title_text=\u00bbPortada The New Yorker, dibujada por Lonni Sue Johnson, artista con amnesia\u00bb align=\u00bbright\u00bb force_fullwidth=\u00bbon\u00bb align_tablet=\u00bbcenter\u00bb align_phone=\u00bbcenter\u00bb align_last_edited=\u00bbon|desktop\u00bb _builder_version=\u00bb4.16&#8243; custom_padding=\u00bb5px|||\u00bb always_center_on_mobile=\u00bbon\u00bb global_colors_info=\u00bb{}\u00bb][\/et_pb_image][et_pb_text _builder_version=\u00bb4.27.4&#8243; text_orientation=\u00bbcenter\u00bb module_alignment=\u00bbcenter\u00bb hover_enabled=\u00bb0&#8243; global_colors_info=\u00bb{}\u00bb sticky_enabled=\u00bb0&#8243;]<\/p>\n<p style=\"font-weight: 400;\">Conmovedores autorretratos del pintor <strong>William Utermohlen<\/strong>, que fue diagnosticado con la enfermedad de Alzheimer en 1995<\/p>\n<p>&nbsp;<\/p>\n<p>&nbsp;<\/p>\n<p style=\"text-align: left;\"><span style=\"font-size: 11pt; color: #333333;\"><br \/>Ver <strong>p\u00f3sters<\/strong> de difusi\u00f3n de esta l\u00ednea de investigaci\u00f3n<\/span><\/p>\n<p style=\"text-align: left;\"><span style=\"color: #333333;\"><a style=\"color: #333333;\" href=\"https:\/\/grupo.us.es\/hac\/wp-content\/uploads\/2023\/09\/ALZ_DIF_C230919_Poster_DEF_red.pdf\" target=\"_blank\" rel=\"noopener\"><strong>2023<\/strong>.<strong> Adaptaci\u00f3n espacial del entorno habitacional a personas con alzh\u00e9imer: Avance de resultados para un manual de buenas pr\u00e1cticas<\/strong><\/a><\/span><\/p>\n<p style=\"text-align: left;\"><span style=\"color: #333333;\"><a style=\"color: #333333;\" href=\"https:\/\/grupo.us.es\/hac\/wp-content\/uploads\/2018\/02\/Poster-Lisboa.pdf\" target=\"_blank\" rel=\"noopener\"><strong>2017<\/strong><em>.\u00a0<\/em><strong>Nuevas t\u00e9cnicas en investigaci\u00f3n arq. para determinar influencia entorno f\u00edsico en las personas con alzh\u00e9imer<\/strong><\/a><\/span><\/p>\n<p style=\"text-align: left;\"><span style=\"color: #333333;\"><a style=\"color: #333333;\" href=\"https:\/\/grupo.us.es\/hac\/wp-content\/uploads\/2018\/02\/P\u00f3ster-V-Conferencia-M\u00e1laga-Alzheimer.pdf\" target=\"_blank\" rel=\"noopener\"><span style=\"font-weight: 400;\"><strong>2017<\/strong>.\u00a0<strong>Propuesta de nueva tipolog\u00eda arquitect\u00f3nica para enfermos con alzh\u00e9imer: estudio preliminar<\/strong><\/span><\/a><\/span><\/p>\n<p>&nbsp;<\/p>\n<p style=\"text-align: left;\"><span style=\"color: #333333;\">Ver\u00a0<strong>art\u00edculo<\/strong>:<br \/><span style=\"font-size: 11pt;\"><a style=\"color: #333333;\" href=\"https:\/\/revistas.ucm.es\/index.php\/ARIS\/article\/view\/54602\" target=\"_blank\" rel=\"noopener\"><b>Proyectar espacios para habitantes con alzh\u00e9imer, una visi\u00f3n desde la arquitectura<\/b><\/a><\/span><\/span><\/p>\n<p>&nbsp;<\/p>\n<p>&nbsp;<\/p>\n<p>&nbsp;<\/p>\n<p>[\/et_pb_text][et_pb_divider color=\u00bb#FFFFFF\u00bb divider_weight=\u00bb5px\u00bb _builder_version=\u00bb4.27.4&#8243; _module_preset=\u00bbdefault\u00bb background_color=\u00bb#FFFFFF\u00bb hover_transition_duration=\u00bb0ms\u00bb global_colors_info=\u00bb{}\u00bb][\/et_pb_divider][\/et_pb_column][et_pb_column type=\u00bb1_2&#8243; _builder_version=\u00bb4.16&#8243; custom_padding=\u00bb|||\u00bb global_colors_info=\u00bb{}\u00bb custom_padding__hover=\u00bb|||\u00bb][et_pb_text _builder_version=\u00bb4.27.4&#8243; hover_enabled=\u00bb0&#8243; global_colors_info=\u00bb{}\u00bb sticky_enabled=\u00bb0&#8243;]<\/p>\n<p><strong>Sin memoria no hay poes\u00eda<\/strong>. Somos memoria. La memoria es necesaria para que el individuo contempor\u00e1neo pueda definir su identidad y su propio medio. La memoria produce intensas interferencias sobre la arquitectura, tanto la memoria personal como la colectiva. La primera genera tantos paisajes como personas. La segunda es la memoria que cada sociedad ha desarrollado sobre su propia cultura como dep\u00f3sito de mitos, tradiciones e innovaciones a los que da significado y que constantemente est\u00e1 cambiando. Memoria que establece la relaci\u00f3n simb\u00f3lica que une al sujeto con el medio natural que lo rodea y que le es transmitida de manera social.<\/p>\n<p>Cuando se diluye el poderoso ligante de la memoria, la arquitectura de los recuerdos se derrumba. El recuerdo no posee argumentaci\u00f3n, no se trata de una narraci\u00f3n que puede ser evocada por una l\u00ednea secuencial o argumental, el recuerdo nos presenta lo vivido como fragmentos de situaciones e im\u00e1genes inconexas que no est\u00e1n ordenadas temporalmente. Esta caracter\u00edstica de nuestra mente y de la relaci\u00f3n que establecemos con la realidad y el tiempo se transmite al proceso del proyecto, interviene en nuestro trabajo.<\/p>\n<p>La <strong>memoria<\/strong>\u00a0y sus implicaciones con el\u00a0<strong>patrimonio<\/strong>, el\u00a0<strong>paisaje<\/strong>, la\u00a0<strong>arquitectura<\/strong>, en definitiva, con el entorno f\u00edsico de las personas, es una de las principales l\u00edneas de investigaci\u00f3n del grupo y la abordamos desde el punto de vista del Proyecto Arquitect\u00f3nico.<\/p>\n<p>El paradigma contempor\u00e1neo de la p\u00e9rdida de memoria es la enfermedad de alzh\u00e9imer, que es considerada como la epidemia del siglo XXI, no s\u00f3lo por la cantidad de casos diagnosticados en progresi\u00f3n geom\u00e9trica, sino porque cada vez se diagnostica a personas con menor edad. Cuando el alzh\u00e9imer entra en un hogar, una serie de cambios se desencadenan en la vida diaria de sus moradores, su forma de habitar cambia inevitablemente. Ante algunos comportamientos de usuarios con problemas de memoria cabe preguntarse si est\u00e1n condicionados por la enfermedad o por el entorno, Indagar sobre estos aspectos es el objetivo de esta l\u00ednea de investigaci\u00f3n.<\/p>\n<p>&nbsp;<\/p>\n<p>&nbsp;<\/p>\n<p style=\"text-align: right;\"><span style=\"font-size: 18pt;\"><strong>\u00bfc\u00f3mo proyectar para la ausencia de memoria?<\/strong><\/span><\/p>\n<p>[\/et_pb_text][et_pb_divider color=\u00bb#FFFFFF\u00bb divider_weight=\u00bb100px\u00bb _builder_version=\u00bb4.25.0&#8243; _module_preset=\u00bbdefault\u00bb background_color=\u00bb#FFFFFF\u00bb hover_transition_duration=\u00bb0ms\u00bb global_colors_info=\u00bb{}\u00bb][\/et_pb_divider][et_pb_divider color=\u00bb#FFFFFF\u00bb divider_weight=\u00bb50px\u00bb _builder_version=\u00bb4.27.4&#8243; _module_preset=\u00bbdefault\u00bb background_color=\u00bb#FFFFFF\u00bb hover_transition_duration=\u00bb0ms\u00bb global_colors_info=\u00bb{}\u00bb][\/et_pb_divider][et_pb_text _builder_version=\u00bb4.27.4&#8243; global_colors_info=\u00bb{}\u00bb]<\/p>\n<p>&nbsp;<\/p>\n<p>&nbsp;<\/p>\n<p><span style=\"color: #333333;\">Ver <strong>presentaci\u00f3n<\/strong> de la l\u00ednea de investigaci\u00f3n en <strong>YouTube<\/strong>:<\/span><br \/><span style=\"font-size: 11pt; color: #333333;\"><a style=\"color: #333333;\" href=\"https:\/\/youtu.be\/LIQuCd2XxKg?feature=shared\" target=\"_blank\" rel=\"noopener\"><b>Proyectar para la ausencia de memoria<\/b><\/a><br \/><\/span><a href=\"https:\/\/www.youtube.com\/@HealthyArchitectureandCity\"><img loading=\"lazy\" decoding=\"async\" class=\"alignleft wp-image-7543\" src=\"https:\/\/grupo.us.es\/hac\/wp-content\/uploads\/2024\/03\/YouTube-frente-nuevo-sistema-membresias_1573052702_973841_1440x600.jpg\" alt=\"\" width=\"166\" height=\"69\" \/><\/a><\/p>\n<p>&nbsp;<\/p>\n<p>&nbsp;<\/p>\n<p>&nbsp;<\/p>\n<p><span style=\"color: #333333;\">Ver <strong>presentaci\u00f3n<\/strong> de la l\u00ednea de investigaci\u00f3n en <strong>Slideshare<\/strong>:<\/span><br \/><span style=\"font-size: 11pt; color: #333333;\"><a style=\"color: #333333;\" href=\"https:\/\/es.slideshare.net\/Santiago_Quesada\/proyectar-para-la-ausencia-de-memoria\" target=\"_blank\" rel=\"noopener\"><b>Proyectar para la ausencia de memoria<\/b><\/a><\/span><\/p>\n<p><img loading=\"lazy\" decoding=\"async\" class=\"wp-image-7762  alignleft\" src=\"https:\/\/grupo.us.es\/hac\/wp-content\/uploads\/2024\/05\/Slideshare.png\" alt=\"\" width=\"140\" height=\"105\" \/><\/p>\n<p>&nbsp;<\/p>\n<p>[\/et_pb_text][\/et_pb_column][\/et_pb_row][et_pb_row _builder_version=\u00bb4.16&#8243; background_size=\u00bbinitial\u00bb background_position=\u00bbtop_left\u00bb background_repeat=\u00bbrepeat\u00bb global_colors_info=\u00bb{}\u00bb][et_pb_column type=\u00bb4_4&#8243; _builder_version=\u00bb4.16&#8243; custom_padding=\u00bb|||\u00bb global_colors_info=\u00bb{}\u00bb custom_padding__hover=\u00bb|||\u00bb][et_pb_video src=\u00bbhttps:\/\/youtu.be\/tNtaOC6m6fo?feature=shared\u00bb _builder_version=\u00bb4.27.4&#8243; _module_preset=\u00bbdefault\u00bb global_colors_info=\u00bb{}\u00bb][\/et_pb_video][et_pb_text _builder_version=\u00bb4.16&#8243; global_colors_info=\u00bb{}\u00bb]<\/p>\n<h1 style=\"text-align: center;\"><a href=\"https:\/\/grupo.us.es\/hac\/que-investigamos\/\"><span style=\"font-size: 52pt;\">\u00ab<\/span><\/a><\/h1>\n<p>[\/et_pb_text][\/et_pb_column][\/et_pb_row][\/et_pb_section]<\/p>\n","protected":false},"excerpt":{"rendered":"<p>PROYECTAR PARA LA AUSENCIA DE LA MEMORIA Conmovedores autorretratos del pintor William Utermohlen, que fue diagnosticado con la enfermedad de Alzheimer en 1995 &nbsp; &nbsp; Ver p\u00f3sters de difusi\u00f3n de esta l\u00ednea de investigaci\u00f3n 2023. Adaptaci\u00f3n espacial del entorno habitacional a personas con alzh\u00e9imer: Avance de resultados para un manual de buenas pr\u00e1cticas 2017.\u00a0Nuevas t\u00e9cnicas [&hellip;]<\/p>\n","protected":false},"author":2,"featured_media":0,"parent":344,"menu_order":0,"comment_status":"closed","ping_status":"closed","template":"","meta":{"_et_pb_use_builder":"on","_et_pb_old_content":"","_et_gb_content_width":"","wpupg_custom_link":[],"wpupg_custom_link_behaviour":["default"],"wpupg_custom_link_nofollow":["default"],"wpupg_custom_image":[],"wpupg_custom_image_id":[],"footnotes":""},"class_list":["post-389","page","type-page","status-publish","hentry"],"_links":{"self":[{"href":"https:\/\/grupo.us.es\/hac\/wp-json\/wp\/v2\/pages\/389","targetHints":{"allow":["GET"]}}],"collection":[{"href":"https:\/\/grupo.us.es\/hac\/wp-json\/wp\/v2\/pages"}],"about":[{"href":"https:\/\/grupo.us.es\/hac\/wp-json\/wp\/v2\/types\/page"}],"author":[{"embeddable":true,"href":"https:\/\/grupo.us.es\/hac\/wp-json\/wp\/v2\/users\/2"}],"replies":[{"embeddable":true,"href":"https:\/\/grupo.us.es\/hac\/wp-json\/wp\/v2\/comments?post=389"}],"version-history":[{"count":2,"href":"https:\/\/grupo.us.es\/hac\/wp-json\/wp\/v2\/pages\/389\/revisions"}],"predecessor-version":[{"id":10139,"href":"https:\/\/grupo.us.es\/hac\/wp-json\/wp\/v2\/pages\/389\/revisions\/10139"}],"up":[{"embeddable":true,"href":"https:\/\/grupo.us.es\/hac\/wp-json\/wp\/v2\/pages\/344"}],"wp:attachment":[{"href":"https:\/\/grupo.us.es\/hac\/wp-json\/wp\/v2\/media?parent=389"}],"curies":[{"name":"wp","href":"https:\/\/api.w.org\/{rel}","templated":true}]}}

<p>[et_pb_section fb_built=»1&#8243; _builder_version=»4.16&#8243; global_colors_info=»{}»][et_pb_row _builder_version=»4.16&#8243; global_colors_info=»{}»][et_pb_column type=»4_4&#8243; _builder_version=»4.16&#8243; custom_padding=»|||» global_colors_info=»{}» custom_padding__hover=»|||»][et_pb_text _builder_version=»4.16&#8243; global_colors_info=»{}»]</p>
<h3 style="text-align: center;"><strong>PROYECTAR PARA LA AUSENCIA DE LA MEMORIA</strong></h3>
<p>[/et_pb_text][/et_pb_column][/et_pb_row][et_pb_row column_structure=»1_2,1_2&#8243; use_custom_gutter=»on» gutter_width=»2&#8243; _builder_version=»4.16&#8243; width_unit=»off» global_colors_info=»{}»][et_pb_column type=»1_2&#8243; _builder_version=»4.16&#8243; custom_padding=»|||» global_colors_info=»{}» custom_padding__hover=»|||»][et_pb_image src=»https://grupo.us.es/hac/wp-content/uploads/2023/09/William-Utermohlen.webp» title_text=»Portada The New Yorker, dibujada por Lonni Sue Johnson, artista con amnesia» align=»right» force_fullwidth=»on» align_tablet=»center» align_phone=»center» align_last_edited=»on|desktop» _builder_version=»4.16&#8243; custom_padding=»5px|||» always_center_on_mobile=»on» global_colors_info=»{}»][/et_pb_image][et_pb_text _builder_version=»4.27.4&#8243; text_orientation=»center» module_alignment=»center» hover_enabled=»0&#8243; global_colors_info=»{}» sticky_enabled=»0&#8243;]</p>
<p style="font-weight: 400;">Conmovedores autorretratos del pintor <strong>William Utermohlen</strong>, que fue diagnosticado con la enfermedad de Alzheimer en 1995</p>
<p>&nbsp;</p>
<p>&nbsp;</p>
<p style="text-align: left;"><span style="font-size: 11pt; color: #333333;"><br />Ver <strong>pósters</strong> de difusión de esta línea de investigación</span></p>
<p style="text-align: left;"><span style="color: #333333;"><a style="color: #333333;" href="https://grupo.us.es/hac/wp-content/uploads/2023/09/ALZ_DIF_C230919_Poster_DEF_red.pdf" target="_blank" rel="noopener"><strong>2023</strong>.<strong> Adaptación espacial del entorno habitacional a personas con alzhéimer: Avance de resultados para un manual de buenas prácticas</strong></a></span></p>
<p style="text-align: left;"><span style="color: #333333;"><a style="color: #333333;" href="https://grupo.us.es/hac/wp-content/uploads/2018/02/Poster-Lisboa.pdf" target="_blank" rel="noopener"><strong>2017</strong><em>. </em><strong>Nuevas técnicas en investigación arq. para determinar influencia entorno físico en las personas con alzhéimer</strong></a></span></p>
<p style="text-align: left;"><span style="color: #333333;"><a style="color: #333333;" href="https://grupo.us.es/hac/wp-content/uploads/2018/02/Póster-V-Conferencia-Málaga-Alzheimer.pdf" target="_blank" rel="noopener"><span style="font-weight: 400;"><strong>2017</strong>. <strong>Propuesta de nueva tipología arquitectónica para enfermos con alzhéimer: estudio preliminar</strong></span></a></span></p>
<p>&nbsp;</p>
<p style="text-align: left;"><span style="color: #333333;">Ver <strong>artículo</strong>:<br /><span style="font-size: 11pt;"><a style="color: #333333;" href="https://revistas.ucm.es/index.php/ARIS/article/view/54602" target="_blank" rel="noopener"><b>Proyectar espacios para habitantes con alzhéimer, una visión desde la arquitectura</b></a></span></span></p>
<p>&nbsp;</p>
<p>&nbsp;</p>
<p>&nbsp;</p>
<p>[/et_pb_text][et_pb_divider color=»#FFFFFF» divider_weight=»5px» _builder_version=»4.27.4&#8243; _module_preset=»default» background_color=»#FFFFFF» hover_transition_duration=»0ms» global_colors_info=»{}»][/et_pb_divider][/et_pb_column][et_pb_column type=»1_2&#8243; _builder_version=»4.16&#8243; custom_padding=»|||» global_colors_info=»{}» custom_padding__hover=»|||»][et_pb_text _builder_version=»4.27.4&#8243; hover_enabled=»0&#8243; global_colors_info=»{}» sticky_enabled=»0&#8243;]</p>
<p><strong>Sin memoria no hay poesía</strong>. Somos memoria. La memoria es necesaria para que el individuo contemporáneo pueda definir su identidad y su propio medio. La memoria produce intensas interferencias sobre la arquitectura, tanto la memoria personal como la colectiva. La primera genera tantos paisajes como personas. La segunda es la memoria que cada sociedad ha desarrollado sobre su propia cultura como depósito de mitos, tradiciones e innovaciones a los que da significado y que constantemente está cambiando. Memoria que establece la relación simbólica que une al sujeto con el medio natural que lo rodea y que le es transmitida de manera social.</p>
<p>Cuando se diluye el poderoso ligante de la memoria, la arquitectura de los recuerdos se derrumba. El recuerdo no posee argumentación, no se trata de una narración que puede ser evocada por una línea secuencial o argumental, el recuerdo nos presenta lo vivido como fragmentos de situaciones e imágenes inconexas que no están ordenadas temporalmente. Esta característica de nuestra mente y de la relación que establecemos con la realidad y el tiempo se transmite al proceso del proyecto, interviene en nuestro trabajo.</p>
<p>La <strong>memoria</strong> y sus implicaciones con el <strong>patrimonio</strong>, el <strong>paisaje</strong>, la <strong>arquitectura</strong>, en definitiva, con el entorno físico de las personas, es una de las principales líneas de investigación del grupo y la abordamos desde el punto de vista del Proyecto Arquitectónico.</p>
<p>El paradigma contemporáneo de la pérdida de memoria es la enfermedad de alzhéimer, que es considerada como la epidemia del siglo XXI, no sólo por la cantidad de casos diagnosticados en progresión geométrica, sino porque cada vez se diagnostica a personas con menor edad. Cuando el alzhéimer entra en un hogar, una serie de cambios se desencadenan en la vida diaria de sus moradores, su forma de habitar cambia inevitablemente. Ante algunos comportamientos de usuarios con problemas de memoria cabe preguntarse si están condicionados por la enfermedad o por el entorno, Indagar sobre estos aspectos es el objetivo de esta línea de investigación.</p>
<p>&nbsp;</p>
<p>&nbsp;</p>
<p style="text-align: right;"><span style="font-size: 18pt;"><strong>¿cómo proyectar para la ausencia de memoria?</strong></span></p>
<p>[/et_pb_text][et_pb_divider color=»#FFFFFF» divider_weight=»100px» _builder_version=»4.25.0&#8243; _module_preset=»default» background_color=»#FFFFFF» hover_transition_duration=»0ms» global_colors_info=»{}»][/et_pb_divider][et_pb_divider color=»#FFFFFF» divider_weight=»50px» _builder_version=»4.27.4&#8243; _module_preset=»default» background_color=»#FFFFFF» hover_transition_duration=»0ms» global_colors_info=»{}»][/et_pb_divider][et_pb_text _builder_version=»4.27.4&#8243; global_colors_info=»{}»]</p>
<p>&nbsp;</p>
<p>&nbsp;</p>
<p><span style="color: #333333;">Ver <strong>presentación</strong> de la línea de investigación en <strong>YouTube</strong>:</span><br /><span style="font-size: 11pt; color: #333333;"><a style="color: #333333;" href="https://youtu.be/LIQuCd2XxKg?feature=shared" target="_blank" rel="noopener"><b>Proyectar para la ausencia de memoria</b></a><br /></span><a href="https://www.youtube.com/@HealthyArchitectureandCity"><img loading="lazy" decoding="async" class="alignleft wp-image-7543" src="https://grupo.us.es/hac/wp-content/uploads/2024/03/YouTube-frente-nuevo-sistema-membresias_1573052702_973841_1440x600.jpg" alt="" width="166" height="69" /></a></p>
<p>&nbsp;</p>
<p>&nbsp;</p>
<p>&nbsp;</p>
<p><span style="color: #333333;">Ver <strong>presentación</strong> de la línea de investigación en <strong>Slideshare</strong>:</span><br /><span style="font-size: 11pt; color: #333333;"><a style="color: #333333;" href="https://es.slideshare.net/Santiago_Quesada/proyectar-para-la-ausencia-de-memoria" target="_blank" rel="noopener"><b>Proyectar para la ausencia de memoria</b></a></span></p>
<p><img loading="lazy" decoding="async" class="wp-image-7762  alignleft" src="https://grupo.us.es/hac/wp-content/uploads/2024/05/Slideshare.png" alt="" width="140" height="105" /></p>
<p>&nbsp;</p>
<p>[/et_pb_text][/et_pb_column][/et_pb_row][et_pb_row _builder_version=»4.16&#8243; background_size=»initial» background_position=»top_left» background_repeat=»repeat» global_colors_info=»{}»][et_pb_column type=»4_4&#8243; _builder_version=»4.16&#8243; custom_padding=»|||» global_colors_info=»{}» custom_padding__hover=»|||»][et_pb_video src=»https://youtu.be/tNtaOC6m6fo?feature=shared» _builder_version=»4.27.4&#8243; _module_preset=»default» global_colors_info=»{}»][/et_pb_video][et_pb_text _builder_version=»4.16&#8243; global_colors_info=»{}»]</p>
<h1 style="text-align: center;"><a href="https://grupo.us.es/hac/que-investigamos/"><span style="font-size: 52pt;">«</span></a></h1>
<p>[/et_pb_text][/et_pb_column][/et_pb_row][/et_pb_section]</p>

<p>PROYECTAR PARA LA AUSENCIA DE LA MEMORIA Conmovedores autorretratos del pintor William Utermohlen, que fue diagnosticado con la enfermedad de Alzheimer en 1995 &nbsp; &nbsp; Ver pósters de difusión de esta línea de investigación 2023. Adaptación espacial del entorno habitacional a personas con alzhéimer: Avance de resultados para un manual de buenas prácticas 2017. Nuevas técnicas [&hellip;]</p>
