{"id":381,"date":"2018-01-03T11:40:58","date_gmt":"2018-01-03T11:40:58","guid":{"rendered":"http:\/\/grupo.us.es\/hac\/?page_id=381\/"},"modified":"2023-08-14T08:14:32","modified_gmt":"2023-08-14T08:14:32","slug":"arquitectura-saludable","status":"publish","type":"page","link":"https:\/\/grupo.us.es\/hac\/que-investigamos\/arquitectura-saludable\/","title":{"rendered":"# Arquitectura Saludable"},"content":{"rendered":"<p>[et_pb_section bb_built=\u00bb1&#8243;][et_pb_row _builder_version=\u00bb3.0.89&#8243;][et_pb_column type=\u00bb4_4&#8243;][et_pb_text _builder_version=\u00bb3.0.89&#8243; background_layout=\u00bblight\u00bb]<\/p>\n<h3 style=\"text-align: center;\"><strong>ARQUITECTURA SALUDABLE PARA EL <\/strong><strong>ENVEJECIMIENTO POBLACIONAL<\/strong><\/h3>\n<p>[\/et_pb_text][\/et_pb_column][\/et_pb_row][et_pb_row][et_pb_column type=\u00bb4_4&#8243;][et_pb_text _builder_version=\u00bb3.0.89&#8243; background_layout=\u00bblight\u00bb]<\/p>\n<p class=\"font_8\" style=\"text-align: left;\">El desarrollo de estudios e investigaciones comparativas entre la tercera y cuarta edad, con el prop\u00f3sito de definir y desarrollar su m\u00e1xima calidad de vida, influye en el conocimiento pr\u00e1ctico de sus formas de vida, necesidades y demandas habitacionales.\u00a0Las personas que mantienen una funcionalidad \u00f3ptima, es decir, autonom\u00eda e independencia personal tienen una mayor calidad de vida frente a situaciones de dependencia.\u00a0<strong>Proyectar adecuadamente el entorno y medio f\u00edsico destinado al envejecimiento de la poblaci\u00f3n<\/strong>\u00a0es fundamental para conseguir esos objetivos.<\/p>\n<p class=\"font_8\" style=\"text-align: left;\">La investigaci\u00f3n en esta l\u00ednea est\u00e1 centrada en tres aspectos: en primer lugar, en el estudio y desarrollo del\u00a0<strong>modelo salutog\u00e9nico;<\/strong>\u00a0en segundo lugar, en el\u00a0<strong>modelo de patrimonio en salud<\/strong>\u00a0y, por \u00faltimo, la realizaci\u00f3n de\u00a0<strong>mapas o etiquetados en el territorio de activos en salud<\/strong>. Desde este punto de vista, el\u00a0<strong>bienestar<\/strong>\u00a0es uno de los objetivos principales de la\u00a0<a href=\"https:\/\/grupo.us.es\/hac\/home\/arquitectura-saludable-decalogo\/\" target=\"_blank\" rel=\"noopener\"><strong>Arquitectura Saludable<\/strong><\/a>\u00a0que se centra en dos elementos b\u00e1sicos: sentirse bien y funcionar correctamente. Por tanto, la arquitectura tiene la capacidad de influir sobre el modo en el que el ser humano se relaciona con el entorno, creando escenarios que favorezcan un modo de vida saludable.<\/p>\n<p class=\"font_8\" style=\"text-align: left;\">El bienestar est\u00e1 \u00edntimamente ligado a la forma en la que el organismo interact\u00faa con el medio; \u00e9ste produce sobre los cuerpos una serie est\u00edmulos que se manifiestan continuamente, de modo no consciente, pero que tienen un efecto acumulativo sobre el organismo. La luz, la temperatura, el sonido, la materialidad o capacidad para generar espacios de colectividad constituyen herramientas o material de proyecto para la <a href=\"https:\/\/grupo.us.es\/hac\/home\/arquitectura-saludable-decalogo\/\" target=\"_blank\" rel=\"noopener\"><strong>Arquitectura Saludable<\/strong><\/a>. Los hallazgos y resultados que se obtienen de investigaciones centradas en el entorno habitado por la poblaci\u00f3n de personas mayores son extensibles, posteriormente, al resto de la sociedad con el consiguiente valor a\u00f1adido que ello conlleva.<\/p>\n<p>[\/et_pb_text][et_pb_image _builder_version=\u00bb3.0.89&#8243; src=\u00bbhttps:\/\/grupo.us.es\/hac\/wp-content\/uploads\/2018\/01\/3806e1_476b8035a3eb4454adcd92f249a9a2a5_mv2.jpg\u00bb show_in_lightbox=\u00bboff\u00bb url_new_window=\u00bboff\u00bb use_overlay=\u00bboff\u00bb always_center_on_mobile=\u00bbon\u00bb force_fullwidth=\u00bbon\u00bb show_bottom_space=\u00bbon\u00bb align=\u00bbright\u00bb custom_padding=\u00bb10px|||\u00bb \/][\/et_pb_column][\/et_pb_row][et_pb_row][et_pb_column type=\u00bb4_4&#8243;][et_pb_text _builder_version=\u00bb3.0.89&#8243; background_layout=\u00bblight\u00bb]<\/p>\n<h1 style=\"text-align: center;\"><a href=\"https:\/\/grupo.us.es\/hac\/que-investigamos\/\"><span style=\"font-size: 52pt;\">\u00ab<\/span><\/a><\/h1>\n<p>[\/et_pb_text][\/et_pb_column][\/et_pb_row][\/et_pb_section]<\/p>\n","protected":false},"excerpt":{"rendered":"<p>ARQUITECTURA SALUDABLE PARA EL ENVEJECIMIENTO POBLACIONAL <div class=\"et_pb_row et_pb_row_0 et_pb_row_empty\">\n\t\t\t\t\n\t\t\t\t\n\t\t\t\t\n\t\t\t\t\n\t\t\t\t\n\t\t\t<\/div> El desarrollo de estudios e investigaciones comparativas entre la tercera y cuarta edad, con el prop\u00f3sito de definir y desarrollar su m\u00e1xima calidad de vida, influye en el conocimiento pr\u00e1ctico de sus formas de vida, necesidades y demandas habitacionales.\u00a0Las personas que mantienen una funcionalidad \u00f3ptima, es decir, autonom\u00eda [&hellip;]<\/p>\n","protected":false},"author":2,"featured_media":0,"parent":344,"menu_order":0,"comment_status":"closed","ping_status":"closed","template":"","meta":{"_et_pb_use_builder":"on","_et_pb_old_content":"","_et_gb_content_width":"","wpupg_custom_link":[],"wpupg_custom_link_behaviour":["default"],"wpupg_custom_link_nofollow":[],"wpupg_custom_image":[],"wpupg_custom_image_id":[],"footnotes":""},"class_list":["post-381","page","type-page","status-publish","hentry"],"_links":{"self":[{"href":"https:\/\/grupo.us.es\/hac\/wp-json\/wp\/v2\/pages\/381","targetHints":{"allow":["GET"]}}],"collection":[{"href":"https:\/\/grupo.us.es\/hac\/wp-json\/wp\/v2\/pages"}],"about":[{"href":"https:\/\/grupo.us.es\/hac\/wp-json\/wp\/v2\/types\/page"}],"author":[{"embeddable":true,"href":"https:\/\/grupo.us.es\/hac\/wp-json\/wp\/v2\/users\/2"}],"replies":[{"embeddable":true,"href":"https:\/\/grupo.us.es\/hac\/wp-json\/wp\/v2\/comments?post=381"}],"version-history":[{"count":0,"href":"https:\/\/grupo.us.es\/hac\/wp-json\/wp\/v2\/pages\/381\/revisions"}],"up":[{"embeddable":true,"href":"https:\/\/grupo.us.es\/hac\/wp-json\/wp\/v2\/pages\/344"}],"wp:attachment":[{"href":"https:\/\/grupo.us.es\/hac\/wp-json\/wp\/v2\/media?parent=381"}],"curies":[{"name":"wp","href":"https:\/\/api.w.org\/{rel}","templated":true}]}}