{"id":1703,"date":"2018-03-21T12:07:53","date_gmt":"2018-03-21T12:07:53","guid":{"rendered":"http:\/\/grupo.us.es\/hac\/?page_id=1703\/"},"modified":"2023-08-13T15:57:23","modified_gmt":"2023-08-13T15:57:23","slug":"salutogenesis","status":"publish","type":"page","link":"https:\/\/grupo.us.es\/hac\/home\/salutogenesis\/","title":{"rendered":"TEMAS_Salutog\u00e9nesis"},"content":{"rendered":"<p>[et_pb_section bb_built=\u00bb1&#8243;][et_pb_row _builder_version=\u00bb3.0.89&#8243;][et_pb_column type=\u00bb4_4&#8243;][et_pb_text _builder_version=\u00bb3.0.89&#8243; background_layout=\u00bblight\u00bb]<\/p>\n<h3 style=\"text-align: center;\"><strong>SALUTOG\u00c9NESIS<\/strong><\/h3>\n<p>[\/et_pb_text][\/et_pb_column][\/et_pb_row][et_pb_row _builder_version=\u00bb3.0.89&#8243; width_unit=\u00bboff\u00bb use_custom_gutter=\u00bbon\u00bb gutter_width=\u00bb2&#8243; custom_margin=\u00bb||0px|\u00bb custom_padding=\u00bb||0px|\u00bb padding_bottom_1=\u00bb0px\u00bb padding_bottom_2=\u00bb0px\u00bb][et_pb_column type=\u00bb1_2&#8243;][et_pb_image _builder_version=\u00bb3.0.89&#8243; src=\u00bbhttps:\/\/grupo.us.es\/hac\/wp-content\/uploads\/2018\/03\/Gartnavel.-Scotland.-2011-OMA-7.jpg\u00bb show_in_lightbox=\u00bboff\u00bb url_new_window=\u00bboff\u00bb use_overlay=\u00bboff\u00bb always_center_on_mobile=\u00bbon\u00bb force_fullwidth=\u00bbon\u00bb show_bottom_space=\u00bbon\u00bb align=\u00bbright\u00bb custom_margin=\u00bb||0px|\u00bb custom_padding=\u00bb10px||0px|\u00bb \/][\/et_pb_column][et_pb_column type=\u00bb1_2&#8243;][et_pb_text _builder_version=\u00bb3.0.89&#8243; background_layout=\u00bblight\u00bb custom_margin=\u00bb||0px|\u00bb custom_padding=\u00bb||0px|\u00bb]<\/p>\n<p style=\"text-align: justify;\">El t\u00e9rmino salutog\u00e9nesis define una disciplina que centra su estudio en el <strong>origen de la salud<\/strong> y en los denominados <strong>activos para la salud<\/strong>, como complemento al enfoque patog\u00e9nico que contempla los or\u00edgenes de la enfermedad y sus factores de riesgo. El concepto es utilizado por primera vez en la d\u00e9cada de los setenta del pasado siglo por el m\u00e9dico y soci\u00f3logo <strong>Aaron Antonovsky<\/strong> en su libro <strong>Health, Stress and Coping<\/strong>.<\/p>\n<p style=\"text-align: justify;\">El modelo salutog\u00e9nico postula que la buena salud emocional, ps\u00edquica y som\u00e1tica se mantiene gracias a la habilidad din\u00e1mica del ser humano para adaptarse a los cambios de sus circunstancias vitales. La teor\u00eda salutog\u00e9nica define un concepto que denomina \u201c<strong>sentido de coherencia<\/strong>\u201d que es la suma de los recursos generales de resistencia a la enfermedad menos el d\u00e9ficit general de resistencia a la misma. Los recursos de resistencia se interrelacionan en <strong>tres dominios b\u00e1sicos<\/strong>: aqu\u00e9llos que mejoran la capacidad de obtenerlos, aqu\u00e9llos que benefician la comprensi\u00f3n del entorno y aqu\u00e9llos que permiten encontrarle un significado a la propia vida.<\/p>\n<p style=\"text-align: justify;\">Por el contrario, los d\u00e9ficits de resistencia se definen como entr\u00f3picos, lo que significa que, sin el impulso de un sentido positivo, \u00e9stos ejercen una fuerza desintegradora continua, permitiendo que una determinada enfermedad venza a una persona. La teor\u00eda salutog\u00e9nica proporciona una base con capacidad para ser aplicada al dise\u00f1o de edificios pensados desde el punto de vista del mantenimiento de la salud, no desde el punto de vista sanitario. Su objetivo es dise\u00f1ar y construir una Arquitectura que ayude a liberar recursos de forma que estos se reserven o habiliten para la resistencia a la enfermedad, reduciendo la falta de adaptaci\u00f3n de la persona al entorno f\u00edsico.<\/p>\n<p style=\"text-align: justify;\">Para ello es necesario definir, cu\u00e1les son esos recursos, en qu\u00e9 consisten y c\u00f3mo se puede impulsar su desarrollo en el dise\u00f1o del entorno construido.<\/p>\n<p style=\"text-align: justify;\">La capacidad de <strong>obtenci\u00f3n de recursos<\/strong> o <strong><em>manageability<\/em><\/strong> se define como la habilidad que la persona tiene para gestionar las realidades f\u00edsicas del d\u00eda a d\u00eda. Esta capacidad debe proporcionar los requisitos b\u00e1sicos para mantener la homeostasis: regulaci\u00f3n de la temperatura corporal, la glucosa en sangre, la hidrataci\u00f3n y otras cuestiones som\u00e1ticas.\u00a0Un adecuado dise\u00f1o salutog\u00e9nico tiene por objeto mejorar los recursos que la persona posee para recuperarse, devolvi\u00e9ndole el control de su d\u00eda a d\u00eda. Esto pasa por proporcionar y construir entornos seguros, accesibles y confortables, aportando a los habitantes la capacidad de controlarlos y la posibilidad de tomar decisiones por s\u00ed mismos evitando, en la medida de lo posible, servicios centralizados o controlados por terceros.<\/p>\n<p>&nbsp;<\/p>\n<p>[\/et_pb_text][\/et_pb_column][\/et_pb_row][et_pb_row _builder_version=\u00bb3.0.89&#8243; custom_margin=\u00bb20px|||\u00bb custom_padding=\u00bb0px|||\u00bb padding_top_1=\u00bb0px\u00bb][et_pb_column type=\u00bb4_4&#8243;][et_pb_text _builder_version=\u00bb3.0.89&#8243; background_layout=\u00bblight\u00bb custom_margin=\u00bb0px|||\u00bb custom_padding=\u00bb0px|||\u00bb]<\/p>\n<p style=\"text-align: justify;\">Un segundo dominio ser\u00eda la <strong>comprensi\u00f3n del entorno<\/strong> o <strong><em>comprehensibility<\/em> <\/strong>se define como la habilidad de una persona para encontrar sentido a la narraci\u00f3n de su ambiente f\u00edsico, su contexto y sus circunstancias. Los principios para fomentar este recurso a trav\u00e9s del proyecto arquitect\u00f3nico incluyen la cuidada elaboraci\u00f3n de itinerarios, la mejora de la orientaci\u00f3n, el uso de patrones identificables, la incorporaci\u00f3n de hitos distintivos. El concepto de comprensi\u00f3n del entorno, seg\u00fan la arquitectura salutog\u00e9nica, intenta dise\u00f1ar ambientes que refuercen la capacidad de recuperaci\u00f3n de una persona.<\/p>\n<p style=\"text-align: justify;\">Finalmente, la <strong>b\u00fasqueda de significado<\/strong> o <strong><em>meaningfulness<\/em> <\/strong>se define como el deseo que impulsa a perseguir las metas que se desean alcanzar. Su importancia radica en la capacidad que tiene para fortalecer la voluntad de la persona para resistir a la enfermedad. Esto lo convierte en el recurso m\u00e1s importante de la salutog\u00e9nesis \u00a0pero tambi\u00e9n en el m\u00e1s complejo ya que, adem\u00e1s de subjetivo, resulta dif\u00edcil definir y determinar qu\u00e9 factores aportan significado a la vida de las personas. En este \u00e1mbito, la pr\u00e1ctica del dise\u00f1o salutog\u00e9nico centra sus esfuerzos en volver a conectar a la persona, usuario o habitante con el mundo real exterior. Ese significado puede alcanzarse a trav\u00e9s de nociones que est\u00e1n por encima del individuo como son la familia, los amigos o la sociedad. Estas relaciones deben tenerse en cuenta para hacer frente al alejamiento f\u00edsico y social que produce la enfermedad de todo lo que da sentido a la vida. Desde el campo de la salutog\u00e9nesis se propone la inserci\u00f3n de la vida en los edificios por medio de la relaci\u00f3n con el arte como fuente de significado, a trav\u00e9s de la poes\u00eda, la m\u00fasica, la pintura, el dibujo, la escultura o el baile, entre otros.<\/p>\n<p>[\/et_pb_text][et_pb_image _builder_version=\u00bb3.0.89&#8243; src=\u00bbhttps:\/\/grupo.us.es\/hac\/wp-content\/uploads\/2018\/03\/Highlands.-Escocia.-2005-Park-Architects-2.jpg\u00bb show_in_lightbox=\u00bboff\u00bb url_new_window=\u00bboff\u00bb use_overlay=\u00bboff\u00bb always_center_on_mobile=\u00bbon\u00bb force_fullwidth=\u00bboff\u00bb show_bottom_space=\u00bbon\u00bb \/][et_pb_text _builder_version=\u00bb3.0.89&#8243; background_layout=\u00bblight\u00bb]<\/p>\n<h1 style=\"text-align: center;\"><a href=\"https:\/\/grupo.us.es\/hac\/\"><span style=\"font-size: 52pt;\">\u00ab<\/span><\/a><\/h1>\n<p>[\/et_pb_text][\/et_pb_column][\/et_pb_row][\/et_pb_section]<\/p>\n","protected":false},"excerpt":{"rendered":"<p>SALUTOG\u00c9NESIS El t\u00e9rmino salutog\u00e9nesis define una disciplina que centra su estudio en el origen de la salud y en los denominados activos para la salud, como complemento al enfoque patog\u00e9nico que contempla los or\u00edgenes de la enfermedad y sus factores de riesgo. El concepto es utilizado por primera vez en la d\u00e9cada de los setenta [&hellip;]<\/p>\n","protected":false},"author":2,"featured_media":0,"parent":103,"menu_order":0,"comment_status":"closed","ping_status":"closed","template":"","meta":{"_et_pb_use_builder":"on","_et_pb_old_content":"","_et_gb_content_width":"","wpupg_custom_link":[],"wpupg_custom_link_behaviour":["default"],"wpupg_custom_link_nofollow":[],"wpupg_custom_image":[],"wpupg_custom_image_id":[],"footnotes":""},"class_list":["post-1703","page","type-page","status-publish","hentry"],"_links":{"self":[{"href":"https:\/\/grupo.us.es\/hac\/wp-json\/wp\/v2\/pages\/1703","targetHints":{"allow":["GET"]}}],"collection":[{"href":"https:\/\/grupo.us.es\/hac\/wp-json\/wp\/v2\/pages"}],"about":[{"href":"https:\/\/grupo.us.es\/hac\/wp-json\/wp\/v2\/types\/page"}],"author":[{"embeddable":true,"href":"https:\/\/grupo.us.es\/hac\/wp-json\/wp\/v2\/users\/2"}],"replies":[{"embeddable":true,"href":"https:\/\/grupo.us.es\/hac\/wp-json\/wp\/v2\/comments?post=1703"}],"version-history":[{"count":0,"href":"https:\/\/grupo.us.es\/hac\/wp-json\/wp\/v2\/pages\/1703\/revisions"}],"up":[{"embeddable":true,"href":"https:\/\/grupo.us.es\/hac\/wp-json\/wp\/v2\/pages\/103"}],"wp:attachment":[{"href":"https:\/\/grupo.us.es\/hac\/wp-json\/wp\/v2\/media?parent=1703"}],"curies":[{"name":"wp","href":"https:\/\/api.w.org\/{rel}","templated":true}]}}