{"id":21,"date":"2024-10-15T12:44:39","date_gmt":"2024-10-15T10:44:39","guid":{"rendered":"http:\/\/grupo.us.es\/habitae\/?page_id=21"},"modified":"2025-11-19T09:50:31","modified_gmt":"2025-11-19T08:50:31","slug":"noticias","status":"publish","type":"page","link":"https:\/\/grupo.us.es\/habitae\/noticias\/","title":{"rendered":"Noticias"},"content":{"rendered":"\t\t<div data-elementor-type=\"wp-page\" data-elementor-id=\"21\" class=\"elementor elementor-21\" data-elementor-post-type=\"page\">\n\t\t\t\t<div class=\"elementor-element elementor-element-ec8c76f e-flex e-con-boxed e-con e-parent\" data-id=\"ec8c76f\" data-element_type=\"container\" data-e-type=\"container\">\n\t\t\t\t\t<div class=\"e-con-inner\">\n\t\t\t\t<div class=\"elementor-element elementor-element-073bd1a elementor-grid-3 elementor-grid-tablet-2 elementor-grid-mobile-1 elementor-posts--thumbnail-top elementor-widget elementor-widget-posts\" data-id=\"073bd1a\" data-element_type=\"widget\" data-e-type=\"widget\" data-settings=\"{&quot;pagination_type&quot;:&quot;numbers_and_prev_next&quot;,&quot;classic_columns&quot;:&quot;3&quot;,&quot;classic_columns_tablet&quot;:&quot;2&quot;,&quot;classic_columns_mobile&quot;:&quot;1&quot;,&quot;classic_row_gap&quot;:{&quot;unit&quot;:&quot;px&quot;,&quot;size&quot;:35,&quot;sizes&quot;:[]},&quot;classic_row_gap_tablet&quot;:{&quot;unit&quot;:&quot;px&quot;,&quot;size&quot;:&quot;&quot;,&quot;sizes&quot;:[]},&quot;classic_row_gap_mobile&quot;:{&quot;unit&quot;:&quot;px&quot;,&quot;size&quot;:&quot;&quot;,&quot;sizes&quot;:[]}}\" data-widget_type=\"posts.classic\">\n\t\t\t\t<div class=\"elementor-widget-container\">\n\t\t\t\t\t\t\t<div class=\"elementor-posts-container elementor-posts elementor-posts--skin-classic elementor-grid\" role=\"list\">\n\t\t\t\t<article class=\"elementor-post elementor-grid-item post-818 post type-post status-publish format-standard has-post-thumbnail hentry category-noticias\" role=\"listitem\">\n\t\t\t\t<a class=\"elementor-post__thumbnail__link\" href=\"https:\/\/grupo.us.es\/habitae\/i-jornada-tcnica-futurhist\/\" tabindex=\"-1\" >\n\t\t\t<div class=\"elementor-post__thumbnail\"><img fetchpriority=\"high\" decoding=\"async\" width=\"2011\" height=\"656\" src=\"https:\/\/grupo.us.es\/habitae\/wp-content\/uploads\/2026\/03\/foto-jornada-AVRA.jpg\" class=\"attachment-full size-full wp-image-817\" alt=\"\" srcset=\"https:\/\/grupo.us.es\/habitae\/wp-content\/uploads\/2026\/03\/foto-jornada-AVRA.jpg 2011w, https:\/\/grupo.us.es\/habitae\/wp-content\/uploads\/2026\/03\/foto-jornada-AVRA-300x98.jpg 300w, https:\/\/grupo.us.es\/habitae\/wp-content\/uploads\/2026\/03\/foto-jornada-AVRA-1024x334.jpg 1024w, https:\/\/grupo.us.es\/habitae\/wp-content\/uploads\/2026\/03\/foto-jornada-AVRA-768x251.jpg 768w, https:\/\/grupo.us.es\/habitae\/wp-content\/uploads\/2026\/03\/foto-jornada-AVRA-1536x501.jpg 1536w\" sizes=\"(max-width: 2011px) 100vw, 2011px\" \/><\/div>\n\t\t<\/a>\n\t\t\t\t<div class=\"elementor-post__text\">\n\t\t\t\t<h3 class=\"elementor-post__title\">\n\t\t\t<a href=\"https:\/\/grupo.us.es\/habitae\/i-jornada-tcnica-futurhist\/\" >\n\t\t\t\tI Jornada t\u00e9cnica FuturHist\t\t\t<\/a>\n\t\t<\/h3>\n\t\t\t\t<div class=\"elementor-post__meta-data\">\n\t\t\t\t\t<span class=\"elementor-post-date\">\n\t\t\t13 de marzo de 2026\t\t<\/span>\n\t\t\t\t<\/div>\n\t\t\t\t<div class=\"elementor-post__excerpt\">\n\t\t\t<p>El pasado mi\u00e9rcoles 11 de marzo se celebr\u00f3 en AVRA una sesi\u00f3n t\u00e9cnica dirigida a su personal t\u00e9cnico, en la que se presentaron las medidas<\/p>\n\t\t<\/div>\n\t\t\n\t\t<a class=\"elementor-post__read-more\" href=\"https:\/\/grupo.us.es\/habitae\/i-jornada-tcnica-futurhist\/\" aria-label=\"M\u00e1s informaci\u00f3n sobre I Jornada t\u00e9cnica FuturHist\" tabindex=\"-1\" >\n\t\t\tLeer m\u00e1s \u00bb\t\t<\/a>\n\n\t\t\t\t<\/div>\n\t\t\t\t<\/article>\n\t\t\t\t<article class=\"elementor-post elementor-grid-item post-815 post type-post status-publish format-standard has-post-thumbnail hentry category-noticias\" role=\"listitem\">\n\t\t\t\t<a class=\"elementor-post__thumbnail__link\" href=\"https:\/\/grupo.us.es\/habitae\/jornadas-envi-met\/\" tabindex=\"-1\" >\n\t\t\t<div class=\"elementor-post__thumbnail\"><img decoding=\"async\" width=\"1299\" height=\"337\" src=\"https:\/\/grupo.us.es\/habitae\/wp-content\/uploads\/2026\/03\/Jornadas-ENVI-met.png\" class=\"attachment-full size-full wp-image-816\" alt=\"\" srcset=\"https:\/\/grupo.us.es\/habitae\/wp-content\/uploads\/2026\/03\/Jornadas-ENVI-met.png 1299w, https:\/\/grupo.us.es\/habitae\/wp-content\/uploads\/2026\/03\/Jornadas-ENVI-met-300x78.png 300w, https:\/\/grupo.us.es\/habitae\/wp-content\/uploads\/2026\/03\/Jornadas-ENVI-met-1024x266.png 1024w, https:\/\/grupo.us.es\/habitae\/wp-content\/uploads\/2026\/03\/Jornadas-ENVI-met-768x199.png 768w\" sizes=\"(max-width: 1299px) 100vw, 1299px\" \/><\/div>\n\t\t<\/a>\n\t\t\t\t<div class=\"elementor-post__text\">\n\t\t\t\t<h3 class=\"elementor-post__title\">\n\t\t\t<a href=\"https:\/\/grupo.us.es\/habitae\/jornadas-envi-met\/\" >\n\t\t\t\tJornadas ENVI-met\t\t\t<\/a>\n\t\t<\/h3>\n\t\t\t\t<div class=\"elementor-post__meta-data\">\n\t\t\t\t\t<span class=\"elementor-post-date\">\n\t\t\t11 de marzo de 2026\t\t<\/span>\n\t\t\t\t<\/div>\n\t\t\t\t<div class=\"elementor-post__excerpt\">\n\t\t\t<p>Madrid 25-27 feb 2026 Nuestras compa\u00f1eras Teresa Bl\u00e1zquez, Roc\u00edo Escand\u00f3n y Enedina Alberdi, participaron en la jornada colaborativa de investigaci\u00f3n de los proyectos Interreg SUDOE<\/p>\n\t\t<\/div>\n\t\t\n\t\t<a class=\"elementor-post__read-more\" href=\"https:\/\/grupo.us.es\/habitae\/jornadas-envi-met\/\" aria-label=\"M\u00e1s informaci\u00f3n sobre Jornadas ENVI-met\" tabindex=\"-1\" >\n\t\t\tLeer m\u00e1s \u00bb\t\t<\/a>\n\n\t\t\t\t<\/div>\n\t\t\t\t<\/article>\n\t\t\t\t<article class=\"elementor-post elementor-grid-item post-800 post type-post status-publish format-standard has-post-thumbnail hentry category-noticias\" role=\"listitem\">\n\t\t\t\t<a class=\"elementor-post__thumbnail__link\" href=\"https:\/\/grupo.us.es\/habitae\/semana-de-la-ciencia-en-madrid\/\" tabindex=\"-1\" >\n\t\t\t<div class=\"elementor-post__thumbnail\"><img decoding=\"async\" width=\"425\" height=\"189\" src=\"https:\/\/grupo.us.es\/habitae\/wp-content\/uploads\/2025\/11\/Semana-de-la-Ciencia-en-Madrid.jpg\" class=\"attachment-full size-full wp-image-801\" alt=\"\" srcset=\"https:\/\/grupo.us.es\/habitae\/wp-content\/uploads\/2025\/11\/Semana-de-la-Ciencia-en-Madrid.jpg 425w, https:\/\/grupo.us.es\/habitae\/wp-content\/uploads\/2025\/11\/Semana-de-la-Ciencia-en-Madrid-300x133.jpg 300w\" sizes=\"(max-width: 425px) 100vw, 425px\" \/><\/div>\n\t\t<\/a>\n\t\t\t\t<div class=\"elementor-post__text\">\n\t\t\t\t<h3 class=\"elementor-post__title\">\n\t\t\t<a href=\"https:\/\/grupo.us.es\/habitae\/semana-de-la-ciencia-en-madrid\/\" >\n\t\t\t\tSemana de la Ciencia en Madrid\t\t\t<\/a>\n\t\t<\/h3>\n\t\t\t\t<div class=\"elementor-post__meta-data\">\n\t\t\t\t\t<span class=\"elementor-post-date\">\n\t\t\t19 de noviembre de 2025\t\t<\/span>\n\t\t\t\t<\/div>\n\t\t\t\t<div class=\"elementor-post__excerpt\">\n\t\t\t<p>Nuestra compa\u00f1era Carmen Mar\u00eda Calama Gonz\u00e1lez, Profesora Ayudante Doctora en la Universidad Polit\u00e9cnica de Madrid, ha participado en la Semana de la Ciencia y la<\/p>\n\t\t<\/div>\n\t\t\n\t\t<a class=\"elementor-post__read-more\" href=\"https:\/\/grupo.us.es\/habitae\/semana-de-la-ciencia-en-madrid\/\" aria-label=\"M\u00e1s informaci\u00f3n sobre Semana de la Ciencia en Madrid\" tabindex=\"-1\" >\n\t\t\tLeer m\u00e1s \u00bb\t\t<\/a>\n\n\t\t\t\t<\/div>\n\t\t\t\t<\/article>\n\t\t\t\t<article class=\"elementor-post elementor-grid-item post-798 post type-post status-publish format-standard has-post-thumbnail hentry category-noticias\" role=\"listitem\">\n\t\t\t\t<a class=\"elementor-post__thumbnail__link\" href=\"https:\/\/grupo.us.es\/habitae\/el-pasado-24-de-octubre-nuestra-companera-julia-diaz-borrego-presento-su-investigacion-en-la-sustainable-built-environment-conference-sbe25-westmed\/\" tabindex=\"-1\" >\n\t\t\t<div class=\"elementor-post__thumbnail\"><img loading=\"lazy\" decoding=\"async\" width=\"555\" height=\"181\" src=\"https:\/\/grupo.us.es\/habitae\/wp-content\/uploads\/2025\/11\/SBE25-WestMED.jpg\" class=\"attachment-full size-full wp-image-799\" alt=\"\" srcset=\"https:\/\/grupo.us.es\/habitae\/wp-content\/uploads\/2025\/11\/SBE25-WestMED.jpg 555w, https:\/\/grupo.us.es\/habitae\/wp-content\/uploads\/2025\/11\/SBE25-WestMED-300x98.jpg 300w\" sizes=\"(max-width: 555px) 100vw, 555px\" \/><\/div>\n\t\t<\/a>\n\t\t\t\t<div class=\"elementor-post__text\">\n\t\t\t\t<h3 class=\"elementor-post__title\">\n\t\t\t<a href=\"https:\/\/grupo.us.es\/habitae\/el-pasado-24-de-octubre-nuestra-companera-julia-diaz-borrego-presento-su-investigacion-en-la-sustainable-built-environment-conference-sbe25-westmed\/\" >\n\t\t\t\tEl pasado 24 de octubre nuestra compa\u00f1era Julia D\u00edaz-Borrego present\u00f3 su investigaci\u00f3n en la Sustainable Built Environment Conference (SBE25 WestMED)\t\t\t<\/a>\n\t\t<\/h3>\n\t\t\t\t<div class=\"elementor-post__meta-data\">\n\t\t\t\t\t<span class=\"elementor-post-date\">\n\t\t\t19 de noviembre de 2025\t\t<\/span>\n\t\t\t\t<\/div>\n\t\t\t\t<div class=\"elementor-post__excerpt\">\n\t\t\t<p>El pasado 24 de octubre nuestra compa\u00f1era Julia D\u00edaz-Borrego present\u00f3 su investigaci\u00f3n en la Sustainable Built Environment Conference (SBE25 WestMED), celebrada del 22 al 24<\/p>\n\t\t<\/div>\n\t\t\n\t\t<a class=\"elementor-post__read-more\" href=\"https:\/\/grupo.us.es\/habitae\/el-pasado-24-de-octubre-nuestra-companera-julia-diaz-borrego-presento-su-investigacion-en-la-sustainable-built-environment-conference-sbe25-westmed\/\" aria-label=\"M\u00e1s informaci\u00f3n sobre El pasado 24 de octubre nuestra compa\u00f1era Julia D\u00edaz-Borrego present\u00f3 su investigaci\u00f3n en la Sustainable Built Environment Conference (SBE25 WestMED)\" tabindex=\"-1\" >\n\t\t\tLeer m\u00e1s \u00bb\t\t<\/a>\n\n\t\t\t\t<\/div>\n\t\t\t\t<\/article>\n\t\t\t\t<article class=\"elementor-post elementor-grid-item post-768 post type-post status-publish format-standard has-post-thumbnail hentry category-noticias\" role=\"listitem\">\n\t\t\t\t<a class=\"elementor-post__thumbnail__link\" href=\"https:\/\/grupo.us.es\/habitae\/col3natur-proyecto-europeo-interreg-sudoe\/\" tabindex=\"-1\" >\n\t\t\t<div class=\"elementor-post__thumbnail\"><img loading=\"lazy\" decoding=\"async\" width=\"2560\" height=\"1061\" src=\"https:\/\/grupo.us.es\/habitae\/wp-content\/uploads\/2025\/06\/DSC08856edit_1_-scaled.jpg\" class=\"attachment-full size-full wp-image-771\" alt=\"\" srcset=\"https:\/\/grupo.us.es\/habitae\/wp-content\/uploads\/2025\/06\/DSC08856edit_1_-scaled.jpg 2560w, https:\/\/grupo.us.es\/habitae\/wp-content\/uploads\/2025\/06\/DSC08856edit_1_-300x124.jpg 300w, https:\/\/grupo.us.es\/habitae\/wp-content\/uploads\/2025\/06\/DSC08856edit_1_-1024x425.jpg 1024w, https:\/\/grupo.us.es\/habitae\/wp-content\/uploads\/2025\/06\/DSC08856edit_1_-768x318.jpg 768w, https:\/\/grupo.us.es\/habitae\/wp-content\/uploads\/2025\/06\/DSC08856edit_1_-1536x637.jpg 1536w, https:\/\/grupo.us.es\/habitae\/wp-content\/uploads\/2025\/06\/DSC08856edit_1_-2048x849.jpg 2048w\" sizes=\"(max-width: 2560px) 100vw, 2560px\" \/><\/div>\n\t\t<\/a>\n\t\t\t\t<div class=\"elementor-post__text\">\n\t\t\t\t<h3 class=\"elementor-post__title\">\n\t\t\t<a href=\"https:\/\/grupo.us.es\/habitae\/col3natur-proyecto-europeo-interreg-sudoe\/\" >\n\t\t\t\tCOL3NATUR, un proyecto para renaturalizar los entornos escolares y adaptarse al cambio clim\u00e1tico\t\t\t<\/a>\n\t\t<\/h3>\n\t\t\t\t<div class=\"elementor-post__meta-data\">\n\t\t\t\t\t<span class=\"elementor-post-date\">\n\t\t\t23 de junio de 2025\t\t<\/span>\n\t\t\t\t<\/div>\n\t\t\t\t<div class=\"elementor-post__excerpt\">\n\t\t\t<p>El consorcio del proyecto est\u00e1 formado por universidades, centros de investigaci\u00f3n, administraciones p\u00fablicas y empresas de Espa\u00f1a, Francia y Portugal. La Universidad de Navarra lidera<\/p>\n\t\t<\/div>\n\t\t\n\t\t<a class=\"elementor-post__read-more\" href=\"https:\/\/grupo.us.es\/habitae\/col3natur-proyecto-europeo-interreg-sudoe\/\" aria-label=\"M\u00e1s informaci\u00f3n sobre COL3NATUR, un proyecto para renaturalizar los entornos escolares y adaptarse al cambio clim\u00e1tico\" tabindex=\"-1\" >\n\t\t\tLeer m\u00e1s \u00bb\t\t<\/a>\n\n\t\t\t\t<\/div>\n\t\t\t\t<\/article>\n\t\t\t\t<article class=\"elementor-post elementor-grid-item post-587 post type-post status-publish format-standard has-post-thumbnail hentry category-noticias\" role=\"listitem\">\n\t\t\t\t<a class=\"elementor-post__thumbnail__link\" href=\"https:\/\/grupo.us.es\/habitae\/premio-a-la-mejor-presentacion-en-congreso-icsree-2025\/\" tabindex=\"-1\" >\n\t\t\t<div class=\"elementor-post__thumbnail\"><img loading=\"lazy\" decoding=\"async\" width=\"567\" height=\"180\" src=\"https:\/\/grupo.us.es\/habitae\/wp-content\/uploads\/2025\/05\/Premio-a-la-mejor-presentacion-en-congreso-ICSREE-2025.jpg\" class=\"attachment-full size-full wp-image-588\" alt=\"\" srcset=\"https:\/\/grupo.us.es\/habitae\/wp-content\/uploads\/2025\/05\/Premio-a-la-mejor-presentacion-en-congreso-ICSREE-2025.jpg 567w, https:\/\/grupo.us.es\/habitae\/wp-content\/uploads\/2025\/05\/Premio-a-la-mejor-presentacion-en-congreso-ICSREE-2025-300x95.jpg 300w\" sizes=\"(max-width: 567px) 100vw, 567px\" \/><\/div>\n\t\t<\/a>\n\t\t\t\t<div class=\"elementor-post__text\">\n\t\t\t\t<h3 class=\"elementor-post__title\">\n\t\t\t<a href=\"https:\/\/grupo.us.es\/habitae\/premio-a-la-mejor-presentacion-en-congreso-icsree-2025\/\" >\n\t\t\t\tPremio a la mejor presentaci\u00f3n en congreso ICSREE 2025\t\t\t<\/a>\n\t\t<\/h3>\n\t\t\t\t<div class=\"elementor-post__meta-data\">\n\t\t\t\t\t<span class=\"elementor-post-date\">\n\t\t\t19 de mayo de 2025\t\t<\/span>\n\t\t\t\t<\/div>\n\t\t\t\t<div class=\"elementor-post__excerpt\">\n\t\t\t<p>Nuestro compa\u00f1era Carmen Mar\u00eda Calama Gonz\u00e1lez, Profesora Ayudante Doctora en la Universidad Polit\u00e9cnica de Madrid, ha recibido el \u00a0el premio a la mejor presentaci\u00f3n tras<\/p>\n\t\t<\/div>\n\t\t\n\t\t<a class=\"elementor-post__read-more\" href=\"https:\/\/grupo.us.es\/habitae\/premio-a-la-mejor-presentacion-en-congreso-icsree-2025\/\" aria-label=\"M\u00e1s informaci\u00f3n sobre Premio a la mejor presentaci\u00f3n en congreso ICSREE 2025\" tabindex=\"-1\" >\n\t\t\tLeer m\u00e1s \u00bb\t\t<\/a>\n\n\t\t\t\t<\/div>\n\t\t\t\t<\/article>\n\t\t\t\t<\/div>\n\t\t\n\t\t\t\t<div class=\"e-load-more-anchor\" data-page=\"1\" data-max-page=\"2\" data-next-page=\"https:\/\/grupo.us.es\/habitae\/wp-json\/wp\/v2\/pages\/21\/page\/2\/\"><\/div>\n\t\t\t\t<nav class=\"elementor-pagination\" aria-label=\"Paginaci\u00f3n\">\n\t\t\t<span class=\"page-numbers prev\">&laquo; Anterior<\/span>\n<span aria-current=\"page\" class=\"page-numbers current\"><span class=\"elementor-screen-only\">P\u00e1gina<\/span>1<\/span>\n<a class=\"page-numbers\" href=\"https:\/\/grupo.us.es\/habitae\/wp-json\/wp\/v2\/pages\/21\/page\/2\/\"><span class=\"elementor-screen-only\">P\u00e1gina<\/span>2<\/a>\n<a class=\"page-numbers next\" href=\"https:\/\/grupo.us.es\/habitae\/wp-json\/wp\/v2\/pages\/21\/page\/2\/\">Siguiente &raquo;<\/a>\t\t<\/nav>\n\t\t\t\t\t\t<\/div>\n\t\t\t\t<\/div>\n\t\t\t\t\t<\/div>\n\t\t\t\t<\/div>\n\t\t\t\t<\/div>\n\t\t","protected":false},"excerpt":{"rendered":"","protected":false},"author":1,"featured_media":145,"parent":0,"menu_order":0,"comment_status":"closed","ping_status":"closed","template":"","meta":{"_acf_changed":false,"footnotes":""},"class_list":["post-21","page","type-page","status-publish","has-post-thumbnail","hentry"],"acf":[],"yoast_head":"<!-- This site is optimized with the Yoast SEO plugin v27.3 - https:\/\/yoast.com\/product\/yoast-seo-wordpress\/ -->\n<title>Noticias - HABITAE - Habitabilidad, Acondicionamiento y Energ\u00eda en Arquitectura<\/title>\n<meta name=\"robots\" content=\"index, follow, max-snippet:-1, max-image-preview:large, max-video-preview:-1\" \/>\n<link rel=\"canonical\" href=\"https:\/\/grupo.us.es\/habitae\/noticias\/\" \/>\n<meta property=\"og:locale\" content=\"es_ES\" \/>\n<meta property=\"og:type\" content=\"article\" \/>\n<meta property=\"og:title\" content=\"Noticias - HABITAE - Habitabilidad, Acondicionamiento y Energ\u00eda en Arquitectura\" \/>\n<meta property=\"og:url\" content=\"https:\/\/grupo.us.es\/habitae\/noticias\/\" \/>\n<meta property=\"og:site_name\" content=\"HABITAE - Habitabilidad, Acondicionamiento y Energ\u00eda en Arquitectura\" \/>\n<meta property=\"article:modified_time\" content=\"2025-11-19T08:50:31+00:00\" \/>\n<meta property=\"og:image\" content=\"https:\/\/grupo.us.es\/habitae\/wp-content\/uploads\/2024\/11\/cropped-LOGO_HABITAE_3_fondo-azul_3.png\" \/>\n\t<meta property=\"og:image:width\" content=\"512\" \/>\n\t<meta property=\"og:image:height\" content=\"512\" \/>\n\t<meta property=\"og:image:type\" content=\"image\/png\" \/>\n<meta name=\"twitter:card\" content=\"summary_large_image\" \/>\n<meta name=\"twitter:label1\" content=\"Tiempo de lectura\" \/>\n\t<meta name=\"twitter:data1\" content=\"5 minutos\" \/>\n<script type=\"application\/ld+json\" class=\"yoast-schema-graph\">{\"@context\":\"https:\\\/\\\/schema.org\",\"@graph\":[{\"@type\":\"WebPage\",\"@id\":\"https:\\\/\\\/grupo.us.es\\\/habitae\\\/noticias\\\/\",\"url\":\"https:\\\/\\\/grupo.us.es\\\/habitae\\\/noticias\\\/\",\"name\":\"Noticias - HABITAE - Habitabilidad, Acondicionamiento y Energ\u00eda en Arquitectura\",\"isPartOf\":{\"@id\":\"https:\\\/\\\/grupo.us.es\\\/habitae\\\/#website\"},\"primaryImageOfPage\":{\"@id\":\"https:\\\/\\\/grupo.us.es\\\/habitae\\\/noticias\\\/#primaryimage\"},\"image\":{\"@id\":\"https:\\\/\\\/grupo.us.es\\\/habitae\\\/noticias\\\/#primaryimage\"},\"thumbnailUrl\":\"https:\\\/\\\/grupo.us.es\\\/habitae\\\/wp-content\\\/uploads\\\/2024\\\/11\\\/cropped-LOGO_HABITAE_3_fondo-azul_3.png\",\"datePublished\":\"2024-10-15T10:44:39+00:00\",\"dateModified\":\"2025-11-19T08:50:31+00:00\",\"breadcrumb\":{\"@id\":\"https:\\\/\\\/grupo.us.es\\\/habitae\\\/noticias\\\/#breadcrumb\"},\"inLanguage\":\"es\",\"potentialAction\":[{\"@type\":\"ReadAction\",\"target\":[\"https:\\\/\\\/grupo.us.es\\\/habitae\\\/noticias\\\/\"]}]},{\"@type\":\"ImageObject\",\"inLanguage\":\"es\",\"@id\":\"https:\\\/\\\/grupo.us.es\\\/habitae\\\/noticias\\\/#primaryimage\",\"url\":\"https:\\\/\\\/grupo.us.es\\\/habitae\\\/wp-content\\\/uploads\\\/2024\\\/11\\\/cropped-LOGO_HABITAE_3_fondo-azul_3.png\",\"contentUrl\":\"https:\\\/\\\/grupo.us.es\\\/habitae\\\/wp-content\\\/uploads\\\/2024\\\/11\\\/cropped-LOGO_HABITAE_3_fondo-azul_3.png\",\"width\":512,\"height\":512},{\"@type\":\"BreadcrumbList\",\"@id\":\"https:\\\/\\\/grupo.us.es\\\/habitae\\\/noticias\\\/#breadcrumb\",\"itemListElement\":[{\"@type\":\"ListItem\",\"position\":1,\"name\":\"Portada\",\"item\":\"https:\\\/\\\/grupo.us.es\\\/habitae\\\/\"},{\"@type\":\"ListItem\",\"position\":2,\"name\":\"Noticias\"}]},{\"@type\":\"WebSite\",\"@id\":\"https:\\\/\\\/grupo.us.es\\\/habitae\\\/#website\",\"url\":\"https:\\\/\\\/grupo.us.es\\\/habitae\\\/\",\"name\":\"HABITAE - Habitabilidad, Acondicionamiento y Energ\u00eda en Arquitectura\",\"description\":\"HABITAE - Grupo TEP-999\",\"publisher\":{\"@id\":\"https:\\\/\\\/grupo.us.es\\\/habitae\\\/#organization\"},\"potentialAction\":[{\"@type\":\"SearchAction\",\"target\":{\"@type\":\"EntryPoint\",\"urlTemplate\":\"https:\\\/\\\/grupo.us.es\\\/habitae\\\/?s={search_term_string}\"},\"query-input\":{\"@type\":\"PropertyValueSpecification\",\"valueRequired\":true,\"valueName\":\"search_term_string\"}}],\"inLanguage\":\"es\"},{\"@type\":\"Organization\",\"@id\":\"https:\\\/\\\/grupo.us.es\\\/habitae\\\/#organization\",\"name\":\"HABITAE - Habitabilidad, Acondicionamiento y Energ\u00eda en Arquitectura\",\"url\":\"https:\\\/\\\/grupo.us.es\\\/habitae\\\/\",\"logo\":{\"@type\":\"ImageObject\",\"inLanguage\":\"es\",\"@id\":\"https:\\\/\\\/grupo.us.es\\\/habitae\\\/#\\\/schema\\\/logo\\\/image\\\/\",\"url\":\"https:\\\/\\\/grupo.us.es\\\/habitae\\\/wp-content\\\/uploads\\\/2024\\\/11\\\/LOGO_HABITAE_3_sin-fondo_horizontal_3.png\",\"contentUrl\":\"https:\\\/\\\/grupo.us.es\\\/habitae\\\/wp-content\\\/uploads\\\/2024\\\/11\\\/LOGO_HABITAE_3_sin-fondo_horizontal_3.png\",\"width\":1025,\"height\":396,\"caption\":\"HABITAE - Habitabilidad, Acondicionamiento y Energ\u00eda en Arquitectura\"},\"image\":{\"@id\":\"https:\\\/\\\/grupo.us.es\\\/habitae\\\/#\\\/schema\\\/logo\\\/image\\\/\"}}]}<\/script>\n<!-- \/ Yoast SEO plugin. -->","yoast_head_json":{"title":"Noticias - HABITAE - Habitabilidad, Acondicionamiento y Energ\u00eda en Arquitectura","robots":{"index":"index","follow":"follow","max-snippet":"max-snippet:-1","max-image-preview":"max-image-preview:large","max-video-preview":"max-video-preview:-1"},"canonical":"https:\/\/grupo.us.es\/habitae\/noticias\/","og_locale":"es_ES","og_type":"article","og_title":"Noticias - HABITAE - Habitabilidad, Acondicionamiento y Energ\u00eda en Arquitectura","og_url":"https:\/\/grupo.us.es\/habitae\/noticias\/","og_site_name":"HABITAE - Habitabilidad, Acondicionamiento y Energ\u00eda en Arquitectura","article_modified_time":"2025-11-19T08:50:31+00:00","og_image":[{"width":512,"height":512,"url":"https:\/\/grupo.us.es\/habitae\/wp-content\/uploads\/2024\/11\/cropped-LOGO_HABITAE_3_fondo-azul_3.png","type":"image\/png"}],"twitter_card":"summary_large_image","twitter_misc":{"Tiempo de lectura":"5 minutos"},"schema":{"@context":"https:\/\/schema.org","@graph":[{"@type":"WebPage","@id":"https:\/\/grupo.us.es\/habitae\/noticias\/","url":"https:\/\/grupo.us.es\/habitae\/noticias\/","name":"Noticias - HABITAE - Habitabilidad, Acondicionamiento y Energ\u00eda en Arquitectura","isPartOf":{"@id":"https:\/\/grupo.us.es\/habitae\/#website"},"primaryImageOfPage":{"@id":"https:\/\/grupo.us.es\/habitae\/noticias\/#primaryimage"},"image":{"@id":"https:\/\/grupo.us.es\/habitae\/noticias\/#primaryimage"},"thumbnailUrl":"https:\/\/grupo.us.es\/habitae\/wp-content\/uploads\/2024\/11\/cropped-LOGO_HABITAE_3_fondo-azul_3.png","datePublished":"2024-10-15T10:44:39+00:00","dateModified":"2025-11-19T08:50:31+00:00","breadcrumb":{"@id":"https:\/\/grupo.us.es\/habitae\/noticias\/#breadcrumb"},"inLanguage":"es","potentialAction":[{"@type":"ReadAction","target":["https:\/\/grupo.us.es\/habitae\/noticias\/"]}]},{"@type":"ImageObject","inLanguage":"es","@id":"https:\/\/grupo.us.es\/habitae\/noticias\/#primaryimage","url":"https:\/\/grupo.us.es\/habitae\/wp-content\/uploads\/2024\/11\/cropped-LOGO_HABITAE_3_fondo-azul_3.png","contentUrl":"https:\/\/grupo.us.es\/habitae\/wp-content\/uploads\/2024\/11\/cropped-LOGO_HABITAE_3_fondo-azul_3.png","width":512,"height":512},{"@type":"BreadcrumbList","@id":"https:\/\/grupo.us.es\/habitae\/noticias\/#breadcrumb","itemListElement":[{"@type":"ListItem","position":1,"name":"Portada","item":"https:\/\/grupo.us.es\/habitae\/"},{"@type":"ListItem","position":2,"name":"Noticias"}]},{"@type":"WebSite","@id":"https:\/\/grupo.us.es\/habitae\/#website","url":"https:\/\/grupo.us.es\/habitae\/","name":"HABITAE - Habitabilidad, Acondicionamiento y Energ\u00eda en Arquitectura","description":"HABITAE - Grupo TEP-999","publisher":{"@id":"https:\/\/grupo.us.es\/habitae\/#organization"},"potentialAction":[{"@type":"SearchAction","target":{"@type":"EntryPoint","urlTemplate":"https:\/\/grupo.us.es\/habitae\/?s={search_term_string}"},"query-input":{"@type":"PropertyValueSpecification","valueRequired":true,"valueName":"search_term_string"}}],"inLanguage":"es"},{"@type":"Organization","@id":"https:\/\/grupo.us.es\/habitae\/#organization","name":"HABITAE - Habitabilidad, Acondicionamiento y Energ\u00eda en Arquitectura","url":"https:\/\/grupo.us.es\/habitae\/","logo":{"@type":"ImageObject","inLanguage":"es","@id":"https:\/\/grupo.us.es\/habitae\/#\/schema\/logo\/image\/","url":"https:\/\/grupo.us.es\/habitae\/wp-content\/uploads\/2024\/11\/LOGO_HABITAE_3_sin-fondo_horizontal_3.png","contentUrl":"https:\/\/grupo.us.es\/habitae\/wp-content\/uploads\/2024\/11\/LOGO_HABITAE_3_sin-fondo_horizontal_3.png","width":1025,"height":396,"caption":"HABITAE - Habitabilidad, Acondicionamiento y Energ\u00eda en Arquitectura"},"image":{"@id":"https:\/\/grupo.us.es\/habitae\/#\/schema\/logo\/image\/"}}]}},"_links":{"self":[{"href":"https:\/\/grupo.us.es\/habitae\/wp-json\/wp\/v2\/pages\/21","targetHints":{"allow":["GET"]}}],"collection":[{"href":"https:\/\/grupo.us.es\/habitae\/wp-json\/wp\/v2\/pages"}],"about":[{"href":"https:\/\/grupo.us.es\/habitae\/wp-json\/wp\/v2\/types\/page"}],"author":[{"embeddable":true,"href":"https:\/\/grupo.us.es\/habitae\/wp-json\/wp\/v2\/users\/1"}],"replies":[{"embeddable":true,"href":"https:\/\/grupo.us.es\/habitae\/wp-json\/wp\/v2\/comments?post=21"}],"version-history":[{"count":0,"href":"https:\/\/grupo.us.es\/habitae\/wp-json\/wp\/v2\/pages\/21\/revisions"}],"wp:featuredmedia":[{"embeddable":true,"href":"https:\/\/grupo.us.es\/habitae\/wp-json\/wp\/v2\/media\/145"}],"wp:attachment":[{"href":"https:\/\/grupo.us.es\/habitae\/wp-json\/wp\/v2\/media?parent=21"}],"curies":[{"name":"wp","href":"https:\/\/api.w.org\/{rel}","templated":true}]}}