{"id":25,"date":"2021-06-04T16:25:44","date_gmt":"2021-06-04T16:25:44","guid":{"rendered":"http:\/\/grupo.us.es\/grupotais\/?page_id=25"},"modified":"2021-06-04T16:25:44","modified_gmt":"2021-06-04T16:25:44","slug":"transferencia","status":"publish","type":"page","link":"https:\/\/grupo.us.es\/grupotais\/transferencia\/","title":{"rendered":"Transferencia"},"content":{"rendered":"\n<p>ASPACE Sevilla<\/p>\n\n\n\n<p>Colegio Espec\u00edfico de Educaci\u00f3n Especial Directora Mercedes Sanrom\u00e1<\/p>\n\n\n\n<p><\/p>\n","protected":false},"excerpt":{"rendered":"<p>ASPACE Sevilla Colegio Espec\u00edfico de Educaci\u00f3n Especial Directora Mercedes Sanrom\u00e1<\/p>\n","protected":false},"author":1,"featured_media":0,"parent":0,"menu_order":0,"comment_status":"closed","ping_status":"closed","template":"","meta":{"footnotes":""},"class_list":["post-25","page","type-page","status-publish","hentry"],"guten_post_layout_featured_media_urls":{"full":false,"thumbnail":false,"medium":false,"medium_large":false,"large":false,"1536x1536":false,"2048x2048":false,"guten_post_layout_landscape_large":false,"guten_post_layout_portrait_large":false,"guten_post_layout_square_large":false,"guten_post_layout_landscape":false,"guten_post_layout_portrait":false,"guten_post_layout_square":false,"sciencexlite-blog-thumb":false},"_links":{"self":[{"href":"https:\/\/grupo.us.es\/grupotais\/wp-json\/wp\/v2\/pages\/25","targetHints":{"allow":["GET"]}}],"collection":[{"href":"https:\/\/grupo.us.es\/grupotais\/wp-json\/wp\/v2\/pages"}],"about":[{"href":"https:\/\/grupo.us.es\/grupotais\/wp-json\/wp\/v2\/types\/page"}],"author":[{"embeddable":true,"href":"https:\/\/grupo.us.es\/grupotais\/wp-json\/wp\/v2\/users\/1"}],"replies":[{"embeddable":true,"href":"https:\/\/grupo.us.es\/grupotais\/wp-json\/wp\/v2\/comments?post=25"}],"version-history":[{"count":1,"href":"https:\/\/grupo.us.es\/grupotais\/wp-json\/wp\/v2\/pages\/25\/revisions"}],"predecessor-version":[{"id":26,"href":"https:\/\/grupo.us.es\/grupotais\/wp-json\/wp\/v2\/pages\/25\/revisions\/26"}],"wp:attachment":[{"href":"https:\/\/grupo.us.es\/grupotais\/wp-json\/wp\/v2\/media?parent=25"}],"curies":[{"name":"wp","href":"https:\/\/api.w.org\/{rel}","templated":true}]}}