{"id":18,"date":"2025-03-14T13:45:14","date_gmt":"2025-03-14T12:45:14","guid":{"rendered":"http:\/\/grupo.us.es\/newgrupodisihalc\/?page_id=18"},"modified":"2026-02-01T17:58:06","modified_gmt":"2026-02-01T16:58:06","slug":"proyectos","status":"publish","type":"page","link":"http:\/\/grupo.us.es\/grupodisihalc\/?page_id=18","title":{"rendered":"PROYECTOS"},"content":{"rendered":"\n<div class=\"wp-block-group is-nowrap is-layout-flex wp-container-core-group-is-layout-ad2f72ca wp-block-group-is-layout-flex\">\n<div class=\"wp-block-group is-vertical is-layout-flex wp-container-core-group-is-layout-8cf370e7 wp-block-group-is-layout-flex\">\n<h4 class=\"wp-block-heading\">Transatlantic Crossroads Lab<\/h4>\n\n\n\n<p><strong>Horizon Europe. Duraci\u00f3n: del 01\/01\/2026 a 31\/12\/2029<\/strong><\/p>\n\n\n\n<p>Coordinadora del proyecto: Consuelo Naranjo Orovio (CSIC-Espa\u00f1a)<\/p>\n\n\n\n<p>Coordinador por la Universidad de Sevilla: Emilio Jos\u00e9 Luque Azcona<br>&nbsp;Web: <a href=\"https:\/\/www.cchs.csic.es\/es\/research-project\/transatlantic-crossroads-lab\">https:\/\/www.cchs.csic.es\/es\/research-project\/transatlantic-crossroads-lab<\/a><\/p>\n<\/div>\n\n\n\n<div class=\"wp-block-group\"><div class=\"wp-block-group__inner-container is-layout-constrained wp-block-group-is-layout-constrained\"><\/div><\/div>\n<\/div>\n\n\n\n<p><\/p>\n\n\n\n<p><strong>ENTANGLING INDIGENOUS KNOWLEDGES IN UNIVERSITIES &#8211; EDGES<\/strong><\/p>\n\n\n\n<p><strong>Horizon Europe, Duraci\u00f3n: del 01\/02\/2025 al 31\/12\/2027, Referencia: 101130077.<\/strong><br>Coordinador por la Universidad de Sevilla: Pablo Ib\u00e1\u00f1ez Bonillo<br>Web: <a href=\"https:\/\/edges.fcsh.unl.pt\/\">https:\/\/edges.fcsh.unl.pt\/<\/a><\/p>\n\n\n\n<div class=\"wp-block-group is-vertical is-layout-flex wp-container-core-group-is-layout-8cf370e7 wp-block-group-is-layout-flex\">\n<p><\/p>\n\n\n\n<h4 class=\"wp-block-heading\"><strong>GEMO G\u00e9nero y movilidades. Las mujeres como transmisoras de informaci\u00f3n, ideas y productos en la Am\u00e9rica Hisp\u00e1nica desde el siglo XVIII hasta la actualidad&nbsp;(C\u00f3digo 25-9-ID23)<\/strong><\/h4>\n\n\n\n<p>Financiado por&nbsp;Instituto de las Mujeres, Ministerio de Igualdad, Espa\u00f1a. Convocatoria ID 2023.<\/p>\n\n\n\n<p>Coordinadora: Roc\u00edo Moreno Cabanillas.<\/p>\n\n\n\n<p><\/p>\n<\/div>\n\n\n\n<div class=\"wp-block-group is-vertical is-layout-flex wp-container-core-group-is-layout-8cf370e7 wp-block-group-is-layout-flex\">\n<p><\/p>\n\n\n\n<h4 class=\"wp-block-heading\"><strong>Circulaci\u00f3n de ideas y pr\u00e1cticas sobre polic\u00eda en centros urbanos de la Am\u00e9rica hispana (1700-1821). Referencia:&nbsp;2023\/0000038<\/strong><\/h4>\n\n\n\n<p>Convocatoria V.1A. Ayudas para \u00e1reas de conocimiento con necesidades investigadoras con alto potencial. S\u00e9ptimo Plan Propio de la Universidad de Sevilla (2023).<\/p>\n\n\n\n<p>Coordinador: Emilio Jos\u00e9 Luque Azcona.<\/p>\n\n\n\n<p><\/p>\n<\/div>\n\n\n\n<div class=\"wp-block-group is-vertical is-layout-flex wp-container-core-group-is-layout-8cf370e7 wp-block-group-is-layout-flex\">\n<div class=\"wp-block-group is-vertical is-layout-flex wp-container-core-group-is-layout-8cf370e7 wp-block-group-is-layout-flex\">\n<p><\/p>\n\n\n\n<h4 class=\"wp-block-heading\"><strong>\u201c<\/strong><strong>Historia, patrimonio e identidad para una ciudad sostenible e inclusiva: elaboraci\u00f3n de material did\u00e1ctico sobre el Centro Hist\u00f3rico de Lima para estudiantes de Secundaria\u201d. Referencia: AYP\/13\/2020 (2020)<\/strong><\/h4>\n\n\n\n<p>Convocatoria de actividades y proyectos de cooperaci\u00f3n al desarrollo 2019\/2020, Universidad de Sevilla. Referencia: AYP\/13\/2020 (2020).<\/p>\n\n\n\n<p>Coodinador: Emilio Jos\u00e9 Luque Azcona<\/p>\n\n\n\n<p>WEB: <a href=\"https:\/\/institucional.us.es\/patrimoniolima\/\" target=\"_blank\" rel=\"noreferrer noopener\">https:\/\/institucional.us.es\/patrimoniolima\/<\/a><\/p>\n\n\n\n<p><\/p>\n\n\n\n<h4 class=\"wp-block-heading\"><\/h4>\n\n\n\n<h4 class=\"wp-block-heading\"><strong>\u201cLa revoluci\u00f3n de los precios y el negocio del cr\u00e9dito \u00bfuna burbuja en el siglo XVI?\u201d Referencia UPO-1261964&nbsp;<\/strong><\/h4>\n\n\n\n<p>Convocatoria en concurrencia competitiva a proyectos I+D+I en el marco del Programa FEDER Andaluc\u00eda 2014-2020.<\/p>\n\n\n\n<p>Investigadora Principal: Monserrat Cachero Vinuesa<\/p>\n<\/div>\n<\/div>\n\n\n\n<p><\/p>\n\n\n\n<div class=\"wp-block-group is-vertical is-layout-flex wp-container-core-group-is-layout-8cf370e7 wp-block-group-is-layout-flex\">\n<p><\/p>\n\n\n\n<h4 class=\"wp-block-heading\"><strong>\u201cMedio ambiente, din\u00e1micas urbanas y respuesta social en la Monarqu\u00eda hisp\u00e1nica durante el siglo XVIII: un estudio comparativo entre Andaluc\u00eda y Am\u00e9rica\u201d. Referencia: US-1263159 (2020-2022)<\/strong><\/h4>\n\n\n\n<p>\u201cMedio ambiente, din\u00e1micas urbanas y respuesta social en la Monarqu\u00eda hisp\u00e1nica durante el siglo XVIII: un estudio comparativo entre Andaluc\u00eda y Am\u00e9rica\u201d. Referencia: US-1263159 (2020-2022). Convocatoria en concurrencia competitiva a proyectos I+D+I en el marco del Programa FEDER Andaluc\u00eda 2014-2020.<\/p>\n\n\n\n<p>Investigadores Principales: Emilio Jos\u00e9 Luque Azcona y Mar\u00eda Eugenia Petit-Breuilh Sep\u00falveda.<\/p>\n\n\n\n<p>WEB: <a href=\"https:\/\/institucional.us.es\/dinamicasurbanas\/\" target=\"_blank\" rel=\"noreferrer noopener\">https:\/\/institucional.us.es\/dinamicasurbanas\/<\/a><\/p>\n\n\n\n<p><\/p>\n<\/div>\n\n\n\n<div class=\"wp-block-group is-vertical is-layout-flex wp-container-core-group-is-layout-8cf370e7 wp-block-group-is-layout-flex\">\n<p><\/p>\n\n\n\n<h4 class=\"wp-block-heading\"><strong><em>Connected Worlds: The Caribbean, Origin of Modern World <\/em><\/strong><strong>(CONNECCARIBBEAN-823846).<\/strong><\/h4>\n\n\n\n<p>Proyecto Europeo <em>Connected Worlds: The Caribbean, Origin of Modern World <\/em>(CONNECCARIBBEAN-823846). Acciones Marie Sktodowska-Curie del programa Horizonte 2020. Investigadora Principal: Profesora de Investigaci\u00f3n, Consuelo Naranjo Orovio (2019-2022).<\/p>\n\n\n\n<p>Investigador Principal por la Universidad de Sevilla: Emilio Jos\u00e9 Luque Azcona. 2019-2022.<\/p>\n\n\n\n<p>WEB: <a href=\"https:\/\/conneccaribbean.com\/\" rel=\"noreferrer noopener\" target=\"_blank\">https:\/\/conneccaribbean.com\/<\/a><\/p>\n<\/div>\n","protected":false},"excerpt":{"rendered":"<p>Transatlantic Crossroads Lab Horizon Europe. Duraci\u00f3n: del 01\/01\/2026 a 31\/12\/2029 Coordinadora del proyecto: Consuelo Naranjo Orovio (CSIC-Espa\u00f1a) Coordinador por la Universidad de Sevilla: Emilio Jos\u00e9 Luque Azcona&nbsp;Web: https:\/\/www.cchs.csic.es\/es\/research-project\/transatlantic-crossroads-lab ENTANGLING INDIGENOUS KNOWLEDGES IN UNIVERSITIES &#8211; EDGES Horizon Europe, Duraci\u00f3n: del 01\/02\/2025 al 31\/12\/2027, Referencia: 101130077.Coordinador por la Universidad de Sevilla: Pablo Ib\u00e1\u00f1ez BonilloWeb: https:\/\/edges.fcsh.unl.pt\/ GEMO G\u00e9nero [&hellip;]<\/p>\n","protected":false},"author":2,"featured_media":0,"parent":0,"menu_order":0,"comment_status":"closed","ping_status":"closed","template":"","meta":{"footnotes":""},"class_list":["post-18","page","type-page","status-publish","hentry"],"_links":{"self":[{"href":"http:\/\/grupo.us.es\/grupodisihalc\/index.php?rest_route=\/wp\/v2\/pages\/18","targetHints":{"allow":["GET"]}}],"collection":[{"href":"http:\/\/grupo.us.es\/grupodisihalc\/index.php?rest_route=\/wp\/v2\/pages"}],"about":[{"href":"http:\/\/grupo.us.es\/grupodisihalc\/index.php?rest_route=\/wp\/v2\/types\/page"}],"author":[{"embeddable":true,"href":"http:\/\/grupo.us.es\/grupodisihalc\/index.php?rest_route=\/wp\/v2\/users\/2"}],"replies":[{"embeddable":true,"href":"http:\/\/grupo.us.es\/grupodisihalc\/index.php?rest_route=%2Fwp%2Fv2%2Fcomments&post=18"}],"version-history":[{"count":20,"href":"http:\/\/grupo.us.es\/grupodisihalc\/index.php?rest_route=\/wp\/v2\/pages\/18\/revisions"}],"predecessor-version":[{"id":189,"href":"http:\/\/grupo.us.es\/grupodisihalc\/index.php?rest_route=\/wp\/v2\/pages\/18\/revisions\/189"}],"wp:attachment":[{"href":"http:\/\/grupo.us.es\/grupodisihalc\/index.php?rest_route=%2Fwp%2Fv2%2Fmedia&parent=18"}],"curies":[{"name":"wp","href":"https:\/\/api.w.org\/{rel}","templated":true}]}}