{"id":17,"date":"2025-03-14T13:45:14","date_gmt":"2025-03-14T12:45:14","guid":{"rendered":"http:\/\/grupo.us.es\/newgrupodisihalc\/?page_id=17"},"modified":"2026-03-31T10:18:49","modified_gmt":"2026-03-31T08:18:49","slug":"investigadores","status":"publish","type":"page","link":"http:\/\/grupo.us.es\/grupodisihalc\/?page_id=17","title":{"rendered":"INVESTIGADORES"},"content":{"rendered":"\n<div class=\"wp-block-columns is-layout-flex wp-container-core-columns-is-layout-9d6595d7 wp-block-columns-is-layout-flex\">\n<div class=\"wp-block-column is-layout-flow wp-block-column-is-layout-flow\">\n<figure class=\"wp-block-image size-full\"><img loading=\"lazy\" decoding=\"async\" width=\"300\" height=\"300\" src=\"http:\/\/grupo.us.es\/grupodisihalc\/wp-content\/uploads\/2025\/04\/luque.fw_.png\" alt=\"\" class=\"wp-image-74\" srcset=\"http:\/\/grupo.us.es\/grupodisihalc\/wp-content\/uploads\/2025\/04\/luque.fw_.png 300w, http:\/\/grupo.us.es\/grupodisihalc\/wp-content\/uploads\/2025\/04\/luque.fw_-150x150.png 150w\" sizes=\"auto, (max-width: 300px) 100vw, 300px\" \/><\/figure>\n\n\n\n<h4 class=\"wp-block-heading\">Emilio Luque (Inv. Respons)<\/h4>\n\n\n\n<p><small>Departamento de Historia de Am\u00e9rica. <br>Universidad de Sevilla<br><a href=\"http:\/\/grupo.us.es\/grupodisihalc\/wp-content\/uploads\/2025\/07\/luque.pdf\">DESCARGA BREVE CURRICULUM<\/a><\/small><\/p>\n\n\n\n<p><\/p>\n<\/div>\n\n\n\n<div class=\"wp-block-column is-layout-flow wp-block-column-is-layout-flow\">\n<figure class=\"wp-block-image size-full\"><img loading=\"lazy\" decoding=\"async\" width=\"300\" height=\"300\" src=\"http:\/\/grupo.us.es\/grupodisihalc\/wp-content\/uploads\/2025\/04\/acosta.fw_.png\" alt=\"\" class=\"wp-image-88\" srcset=\"http:\/\/grupo.us.es\/grupodisihalc\/wp-content\/uploads\/2025\/04\/acosta.fw_.png 300w, http:\/\/grupo.us.es\/grupodisihalc\/wp-content\/uploads\/2025\/04\/acosta.fw_-150x150.png 150w\" sizes=\"auto, (max-width: 300px) 100vw, 300px\" \/><\/figure>\n\n\n\n<h4 class=\"wp-block-heading\">Antonio Acosta<\/h4>\n\n\n\n<p><small>Instituto de Estudios sobre Am\u00e9rica Latina (IEAL). Universidad de Sevilla<br><a href=\"http:\/\/grupo.us.es\/grupodisihalc\/wp-content\/uploads\/2025\/07\/acosta.pdf\">DESCARGA BREVE CURRICULUM<\/a><\/small><\/p>\n\n\n\n<p><\/p>\n<\/div>\n\n\n\n<div class=\"wp-block-column is-layout-flow wp-block-column-is-layout-flow\">\n<figure class=\"wp-block-image size-full\"><img loading=\"lazy\" decoding=\"async\" width=\"300\" height=\"300\" src=\"http:\/\/grupo.us.es\/grupodisihalc\/wp-content\/uploads\/2025\/04\/altez.fw_.png\" alt=\"\" class=\"wp-image-90\" srcset=\"http:\/\/grupo.us.es\/grupodisihalc\/wp-content\/uploads\/2025\/04\/altez.fw_.png 300w, http:\/\/grupo.us.es\/grupodisihalc\/wp-content\/uploads\/2025\/04\/altez.fw_-150x150.png 150w\" sizes=\"auto, (max-width: 300px) 100vw, 300px\" \/><\/figure>\n\n\n\n<h4 class=\"wp-block-heading\">Rogelio Altez<\/h4>\n\n\n\n<p><small>Departamento de Historia de Am\u00e9rica. <br>Universidad de Sevilla<br><a href=\"http:\/\/grupo.us.es\/grupodisihalc\/wp-content\/uploads\/2025\/07\/altez.pdf\">DESCARGA BREVE CURRICULUM <\/a><\/small><\/p>\n\n\n\n<p><\/p>\n<\/div>\n<\/div>\n\n\n\n<div class=\"wp-block-columns is-layout-flex wp-container-core-columns-is-layout-9d6595d7 wp-block-columns-is-layout-flex\">\n<div class=\"wp-block-column is-layout-flow wp-block-column-is-layout-flow\">\n<figure class=\"wp-block-image size-full\"><img loading=\"lazy\" decoding=\"async\" width=\"299\" height=\"299\" src=\"http:\/\/grupo.us.es\/grupodisihalc\/wp-content\/uploads\/2026\/03\/belmonte.jpg\" alt=\"\" class=\"wp-image-206\" srcset=\"http:\/\/grupo.us.es\/grupodisihalc\/wp-content\/uploads\/2026\/03\/belmonte.jpg 299w, http:\/\/grupo.us.es\/grupodisihalc\/wp-content\/uploads\/2026\/03\/belmonte-150x150.jpg 150w\" sizes=\"auto, (max-width: 299px) 100vw, 299px\" \/><\/figure>\n\n\n\n<p><strong>Jose Luis Belmonte<\/strong><\/p>\n\n\n\n<p><small>Departamento de Historia de Am\u00e9rica. <br>Universidad de Sevilla<br><a href=\"http:\/\/grupo.us.es\/grupodisihalc\/wp-content\/uploads\/2025\/07\/belmonte.pdf\">DESCARGA BREVE CURRICULUM<\/a><\/small><\/p>\n<\/div>\n\n\n\n<div class=\"wp-block-column is-layout-flow wp-block-column-is-layout-flow\">\n<figure class=\"wp-block-image size-full\"><img loading=\"lazy\" decoding=\"async\" width=\"300\" height=\"300\" src=\"http:\/\/grupo.us.es\/grupodisihalc\/wp-content\/uploads\/2025\/06\/Lizbeth.png\" alt=\"\" class=\"wp-image-98\" srcset=\"http:\/\/grupo.us.es\/grupodisihalc\/wp-content\/uploads\/2025\/06\/Lizbeth.png 300w, http:\/\/grupo.us.es\/grupodisihalc\/wp-content\/uploads\/2025\/06\/Lizbeth-150x150.png 150w\" sizes=\"auto, (max-width: 300px) 100vw, 300px\" \/><\/figure>\n\n\n\n<p><strong>Lizbeth J. Chaviano<\/strong><\/p>\n\n\n\n<p><small>Departamento de Historia de Am\u00e9rica. <br>Universidad de Sevilla<br><a href=\"http:\/\/grupo.us.es\/grupodisihalc\/wp-content\/uploads\/2025\/07\/chaviano.pdf\">DESCARGA BREVE CURRICULUM<\/a><\/small><\/p>\n\n\n\n<p><\/p>\n<\/div>\n\n\n\n<div class=\"wp-block-column is-layout-flow wp-block-column-is-layout-flow\">\n<figure class=\"wp-block-image size-full\"><img loading=\"lazy\" decoding=\"async\" width=\"300\" height=\"300\" src=\"http:\/\/grupo.us.es\/grupodisihalc\/wp-content\/uploads\/2025\/06\/delibes.fw_.png\" alt=\"\" class=\"wp-image-108\" srcset=\"http:\/\/grupo.us.es\/grupodisihalc\/wp-content\/uploads\/2025\/06\/delibes.fw_.png 300w, http:\/\/grupo.us.es\/grupodisihalc\/wp-content\/uploads\/2025\/06\/delibes.fw_-150x150.png 150w\" sizes=\"auto, (max-width: 300px) 100vw, 300px\" \/><\/figure>\n\n\n\n<p><strong>Roc\u00edo Delibes<\/strong><\/p>\n\n\n\n<p><small>Departamento de Historia de Am\u00e9rica. <br>Universidad de Sevilla<br><a href=\"http:\/\/grupo.us.es\/grupodisihalc\/wp-content\/uploads\/2025\/07\/delibes.pdf\">DESCARGA BREVE CURRICULUM <\/a><\/small><\/p>\n\n\n\n<p><\/p>\n<\/div>\n<\/div>\n\n\n\n<div class=\"wp-block-columns is-layout-flex wp-container-core-columns-is-layout-9d6595d7 wp-block-columns-is-layout-flex\">\n<div class=\"wp-block-column is-layout-flow wp-block-column-is-layout-flow\">\n<figure class=\"wp-block-image size-full\"><img loading=\"lazy\" decoding=\"async\" width=\"300\" height=\"300\" src=\"http:\/\/grupo.us.es\/grupodisihalc\/wp-content\/uploads\/2025\/06\/fuentes.fw_.png\" alt=\"\" class=\"wp-image-111\" srcset=\"http:\/\/grupo.us.es\/grupodisihalc\/wp-content\/uploads\/2025\/06\/fuentes.fw_.png 300w, http:\/\/grupo.us.es\/grupodisihalc\/wp-content\/uploads\/2025\/06\/fuentes.fw_-150x150.png 150w\" sizes=\"auto, (max-width: 300px) 100vw, 300px\" \/><\/figure>\n\n\n\n<p><strong>Antonio Fuentes<\/strong><\/p>\n\n\n\n<p><small>Departamento de Historia de Am\u00e9rica. <br>Universidad de Sevilla<br><a href=\"http:\/\/grupo.us.es\/grupodisihalc\/wp-content\/uploads\/2025\/07\/fuentes.pdf\">DESCARGA BREVE CURRICULUM<\/a><\/small><\/p>\n\n\n\n<p><\/p>\n<\/div>\n\n\n\n<div class=\"wp-block-column is-layout-flow wp-block-column-is-layout-flow\">\n<figure class=\"wp-block-image size-full\"><img loading=\"lazy\" decoding=\"async\" width=\"300\" height=\"300\" src=\"http:\/\/grupo.us.es\/grupodisihalc\/wp-content\/uploads\/2025\/06\/selina.fw_.png\" alt=\"\" class=\"wp-image-105\" srcset=\"http:\/\/grupo.us.es\/grupodisihalc\/wp-content\/uploads\/2025\/06\/selina.fw_.png 300w, http:\/\/grupo.us.es\/grupodisihalc\/wp-content\/uploads\/2025\/06\/selina.fw_-150x150.png 150w\" sizes=\"auto, (max-width: 300px) 100vw, 300px\" \/><\/figure>\n\n\n\n<p><strong>Selina Guti\u00e9rrez<\/strong><\/p>\n\n\n\n<p><small>Departamento de Historia de Am\u00e9rica. <br>Universidad de Sevilla<br><a href=\"http:\/\/grupo.us.es\/grupodisihalc\/wp-content\/uploads\/2025\/07\/selina.pdf\">DESCARGA BREVE CURRICULUM<\/a><\/small><\/p>\n\n\n\n<p><\/p>\n<\/div>\n\n\n\n<div class=\"wp-block-column is-layout-flow wp-block-column-is-layout-flow\">\n<figure class=\"wp-block-image size-full\"><img loading=\"lazy\" decoding=\"async\" width=\"300\" height=\"300\" src=\"http:\/\/grupo.us.es\/grupodisihalc\/wp-content\/uploads\/2025\/06\/ibanez.fw_.png\" alt=\"\" class=\"wp-image-95\" srcset=\"http:\/\/grupo.us.es\/grupodisihalc\/wp-content\/uploads\/2025\/06\/ibanez.fw_.png 300w, http:\/\/grupo.us.es\/grupodisihalc\/wp-content\/uploads\/2025\/06\/ibanez.fw_-150x150.png 150w\" sizes=\"auto, (max-width: 300px) 100vw, 300px\" \/><\/figure>\n\n\n\n<p><strong>Pablo Ib\u00e1\u00f1ez<\/strong><\/p>\n\n\n\n<p><small>Departamento de Historia de Am\u00e9rica. <br>Universidad de Sevilla<br><a href=\"http:\/\/grupo.us.es\/grupodisihalc\/wp-content\/uploads\/2025\/07\/ibanez.pdf\">DESCARGA BREVE CURRICULUM<\/a><\/small><\/p>\n\n\n\n<p><\/p>\n<\/div>\n<\/div>\n\n\n\n<div class=\"wp-block-columns is-layout-flex wp-container-core-columns-is-layout-9d6595d7 wp-block-columns-is-layout-flex\">\n<div class=\"wp-block-column is-layout-flow wp-block-column-is-layout-flow\">\n<figure class=\"wp-block-image size-full\"><img loading=\"lazy\" decoding=\"async\" width=\"300\" height=\"300\" src=\"http:\/\/grupo.us.es\/grupodisihalc\/wp-content\/uploads\/2025\/06\/jimenez.jpg\" alt=\"\" class=\"wp-image-96\" srcset=\"http:\/\/grupo.us.es\/grupodisihalc\/wp-content\/uploads\/2025\/06\/jimenez.jpg 300w, http:\/\/grupo.us.es\/grupodisihalc\/wp-content\/uploads\/2025\/06\/jimenez-150x150.jpg 150w\" sizes=\"auto, (max-width: 300px) 100vw, 300px\" \/><\/figure>\n\n\n\n<p><strong>Ismael Jim\u00e9nez<\/strong><\/p>\n\n\n\n<p><small>Departamento de Historia de Am\u00e9rica. <br>Universidad de Sevilla<br><a href=\"http:\/\/grupo.us.es\/grupodisihalc\/wp-content\/uploads\/2025\/07\/jimenez.pdf\">DESCARGA BREVE CURRICULUM<\/a><\/small><\/p>\n\n\n\n<p><\/p>\n<\/div>\n\n\n\n<div class=\"wp-block-column is-layout-flow wp-block-column-is-layout-flow\">\n<figure class=\"wp-block-image size-full\"><img loading=\"lazy\" decoding=\"async\" width=\"300\" height=\"300\" src=\"http:\/\/grupo.us.es\/grupodisihalc\/wp-content\/uploads\/2025\/06\/cmena.jpg\" alt=\"\" class=\"wp-image-114\" srcset=\"http:\/\/grupo.us.es\/grupodisihalc\/wp-content\/uploads\/2025\/06\/cmena.jpg 300w, http:\/\/grupo.us.es\/grupodisihalc\/wp-content\/uploads\/2025\/06\/cmena-150x150.jpg 150w\" sizes=\"auto, (max-width: 300px) 100vw, 300px\" \/><\/figure>\n\n\n\n<p><strong>Carmen Mena<\/strong><\/p>\n\n\n\n<p><small>Departamento de Historia de Am\u00e9rica. <br>Universidad de Sevilla<br><a href=\"http:\/\/grupo.us.es\/grupodisihalc\/wp-content\/uploads\/2025\/07\/mena.pdf\">DESCARGA BREVE CURRICULUM<\/a><\/small><\/p>\n\n\n\n<p><\/p>\n<\/div>\n\n\n\n<div class=\"wp-block-column is-layout-flow wp-block-column-is-layout-flow\">\n<figure class=\"wp-block-image size-full\"><img loading=\"lazy\" decoding=\"async\" width=\"300\" height=\"300\" src=\"http:\/\/grupo.us.es\/grupodisihalc\/wp-content\/uploads\/2025\/06\/rociomoreno.fw_.png\" alt=\"\" class=\"wp-image-116\" srcset=\"http:\/\/grupo.us.es\/grupodisihalc\/wp-content\/uploads\/2025\/06\/rociomoreno.fw_.png 300w, http:\/\/grupo.us.es\/grupodisihalc\/wp-content\/uploads\/2025\/06\/rociomoreno.fw_-150x150.png 150w\" sizes=\"auto, (max-width: 300px) 100vw, 300px\" \/><\/figure>\n\n\n\n<p><strong>Rocio Moreno<\/strong><\/p>\n\n\n\n<p><small>Departamento de Historia de Am\u00e9rica. <br>Universidad de Sevilla<br><a href=\"http:\/\/grupo.us.es\/grupodisihalc\/wp-content\/uploads\/2025\/07\/moreno.pdf\">DESCARGA BREVE CURRICULUM<\/a><\/small><\/p>\n\n\n\n<p><\/p>\n<\/div>\n<\/div>\n\n\n\n<div class=\"wp-block-columns is-layout-flex wp-container-core-columns-is-layout-9d6595d7 wp-block-columns-is-layout-flex\">\n<div class=\"wp-block-column is-layout-flow wp-block-column-is-layout-flow\">\n<figure class=\"wp-block-image size-full\"><img loading=\"lazy\" decoding=\"async\" width=\"300\" height=\"300\" src=\"http:\/\/grupo.us.es\/grupodisihalc\/wp-content\/uploads\/2025\/06\/mallaina.jpg\" alt=\"\" class=\"wp-image-100\" srcset=\"http:\/\/grupo.us.es\/grupodisihalc\/wp-content\/uploads\/2025\/06\/mallaina.jpg 300w, http:\/\/grupo.us.es\/grupodisihalc\/wp-content\/uploads\/2025\/06\/mallaina-150x150.jpg 150w\" sizes=\"auto, (max-width: 300px) 100vw, 300px\" \/><\/figure>\n\n\n\n<p><strong>Pablo E. P\u00e9rez Mallaina<\/strong><\/p>\n\n\n\n<p><small>Departamento de Historia de Am\u00e9rica. <br>Universidad de Sevilla<br><a href=\"http:\/\/grupo.us.es\/grupodisihalc\/wp-content\/uploads\/2025\/07\/mallaina.pdf\">DESCARGA BREVE CURRICULUM<\/a><\/small><\/p>\n\n\n\n<p><\/p>\n<\/div>\n\n\n\n<div class=\"wp-block-column is-layout-flow wp-block-column-is-layout-flow\">\n<figure class=\"wp-block-image size-full\"><img loading=\"lazy\" decoding=\"async\" width=\"300\" height=\"300\" src=\"http:\/\/grupo.us.es\/grupodisihalc\/wp-content\/uploads\/2025\/06\/liliana.jpg\" alt=\"\" class=\"wp-image-97\" srcset=\"http:\/\/grupo.us.es\/grupodisihalc\/wp-content\/uploads\/2025\/06\/liliana.jpg 300w, http:\/\/grupo.us.es\/grupodisihalc\/wp-content\/uploads\/2025\/06\/liliana-150x150.jpg 150w\" sizes=\"auto, (max-width: 300px) 100vw, 300px\" \/><\/figure>\n\n\n\n<p><strong>Liliana P\u00e9rez Miguel<\/strong><\/p>\n\n\n\n<p><small>Departamento de Historia de Am\u00e9rica. <br>Universidad de Sevilla<br><a href=\"http:\/\/grupo.us.es\/grupodisihalc\/wp-content\/uploads\/2025\/07\/perez.pdf\">DESCARGA BREVE CURRICULUM<\/a><\/small><\/p>\n\n\n\n<p><\/p>\n<\/div>\n\n\n\n<div class=\"wp-block-column is-layout-flow wp-block-column-is-layout-flow\">\n<figure class=\"wp-block-image size-full\"><img loading=\"lazy\" decoding=\"async\" width=\"300\" height=\"300\" src=\"http:\/\/grupo.us.es\/grupodisihalc\/wp-content\/uploads\/2025\/06\/petit.fw_.png\" alt=\"\" class=\"wp-image-102\" srcset=\"http:\/\/grupo.us.es\/grupodisihalc\/wp-content\/uploads\/2025\/06\/petit.fw_.png 300w, http:\/\/grupo.us.es\/grupodisihalc\/wp-content\/uploads\/2025\/06\/petit.fw_-150x150.png 150w\" sizes=\"auto, (max-width: 300px) 100vw, 300px\" \/><\/figure>\n\n\n\n<p><strong>Mar\u00eda Eugenia Petit-Breuilh<\/strong><\/p>\n\n\n\n<p><small>Departamento de Historia de Am\u00e9rica. <br>Universidad de Sevilla<br><a href=\"http:\/\/grupo.us.es\/grupodisihalc\/wp-content\/uploads\/2025\/07\/petit.pdf\">DESCARGA BREVE CURRICULUM<\/a><\/small><\/p>\n\n\n\n<p><\/p>\n<\/div>\n<\/div>\n\n\n\n<div class=\"wp-block-columns is-layout-flex wp-container-core-columns-is-layout-9d6595d7 wp-block-columns-is-layout-flex\">\n<div class=\"wp-block-column is-layout-flow wp-block-column-is-layout-flow\">\n<figure class=\"wp-block-image size-full\"><img loading=\"lazy\" decoding=\"async\" width=\"300\" height=\"300\" src=\"http:\/\/grupo.us.es\/grupodisihalc\/wp-content\/uploads\/2025\/07\/ramirez.jpg\" alt=\"\" class=\"wp-image-136\" srcset=\"http:\/\/grupo.us.es\/grupodisihalc\/wp-content\/uploads\/2025\/07\/ramirez.jpg 300w, http:\/\/grupo.us.es\/grupodisihalc\/wp-content\/uploads\/2025\/07\/ramirez-150x150.jpg 150w\" sizes=\"auto, (max-width: 300px) 100vw, 300px\" \/><\/figure>\n\n\n\n<p><strong>Gonzalo Ram\u00edrez S\u00e1nchez<\/strong><\/p>\n\n\n\n<p><small>Departamento de Historia de Am\u00e9rica. <br>Universidad de Sevilla<br><a href=\"http:\/\/grupo.us.es\/grupodisihalc\/wp-content\/uploads\/2025\/07\/ramirez.pdf\">DESCARGA BREVE CURRICULUM<\/a><\/small><\/p>\n\n\n\n<p><\/p>\n<\/div>\n\n\n\n<div class=\"wp-block-column is-layout-flow wp-block-column-is-layout-flow\">\n<figure class=\"wp-block-image size-full\"><img loading=\"lazy\" decoding=\"async\" width=\"300\" height=\"300\" src=\"http:\/\/grupo.us.es\/grupodisihalc\/wp-content\/uploads\/2025\/07\/simon.fw_.png\" alt=\"\" class=\"wp-image-137\" srcset=\"http:\/\/grupo.us.es\/grupodisihalc\/wp-content\/uploads\/2025\/07\/simon.fw_.png 300w, http:\/\/grupo.us.es\/grupodisihalc\/wp-content\/uploads\/2025\/07\/simon.fw_-150x150.png 150w\" sizes=\"auto, (max-width: 300px) 100vw, 300px\" \/><\/figure>\n\n\n\n<p><strong>Inmaculada Sim\u00f3n<\/strong><\/p>\n\n\n\n<p><small>Departamento de Historia de Am\u00e9rica. <br>Universidad de Sevilla<br><a href=\"http:\/\/grupo.us.es\/grupodisihalc\/wp-content\/uploads\/2025\/07\/simon.pdf\">DESCARGA BREVE CURRICULUM<\/a><\/small><\/p>\n\n\n\n<p><\/p>\n<\/div>\n\n\n\n<div class=\"wp-block-column is-layout-flow wp-block-column-is-layout-flow\">\n<figure class=\"wp-block-image size-full\"><img loading=\"lazy\" decoding=\"async\" width=\"300\" height=\"300\" src=\"http:\/\/grupo.us.es\/grupodisihalc\/wp-content\/uploads\/2025\/07\/vitar.fw_.png\" alt=\"\" class=\"wp-image-138\" srcset=\"http:\/\/grupo.us.es\/grupodisihalc\/wp-content\/uploads\/2025\/07\/vitar.fw_.png 300w, http:\/\/grupo.us.es\/grupodisihalc\/wp-content\/uploads\/2025\/07\/vitar.fw_-150x150.png 150w\" sizes=\"auto, (max-width: 300px) 100vw, 300px\" \/><\/figure>\n\n\n\n<p><strong>Beatriz Vitar<\/strong><\/p>\n\n\n\n<p><small>Departamento de Historia de Am\u00e9rica. <br>Universidad de Sevilla<br><a href=\"http:\/\/grupo.us.es\/grupodisihalc\/wp-content\/uploads\/2025\/07\/vitar.pdf\">DESCARGA BREVE CURRICULUM<\/a><\/small><\/p>\n\n\n\n<p><\/p>\n<\/div>\n<\/div>\n","protected":false},"excerpt":{"rendered":"<p>Emilio Luque (Inv. Respons) Departamento de Historia de Am\u00e9rica. Universidad de SevillaDESCARGA BREVE CURRICULUM Antonio Acosta Instituto de Estudios sobre Am\u00e9rica Latina (IEAL). Universidad de SevillaDESCARGA BREVE CURRICULUM Rogelio Altez Departamento de Historia de Am\u00e9rica. Universidad de SevillaDESCARGA BREVE CURRICULUM Jose Luis Belmonte Departamento de Historia de Am\u00e9rica. Universidad de SevillaDESCARGA BREVE CURRICULUM Lizbeth J. [&hellip;]<\/p>\n","protected":false},"author":2,"featured_media":0,"parent":0,"menu_order":0,"comment_status":"closed","ping_status":"closed","template":"","meta":{"footnotes":""},"class_list":["post-17","page","type-page","status-publish","hentry"],"_links":{"self":[{"href":"http:\/\/grupo.us.es\/grupodisihalc\/index.php?rest_route=\/wp\/v2\/pages\/17","targetHints":{"allow":["GET"]}}],"collection":[{"href":"http:\/\/grupo.us.es\/grupodisihalc\/index.php?rest_route=\/wp\/v2\/pages"}],"about":[{"href":"http:\/\/grupo.us.es\/grupodisihalc\/index.php?rest_route=\/wp\/v2\/types\/page"}],"author":[{"embeddable":true,"href":"http:\/\/grupo.us.es\/grupodisihalc\/index.php?rest_route=\/wp\/v2\/users\/2"}],"replies":[{"embeddable":true,"href":"http:\/\/grupo.us.es\/grupodisihalc\/index.php?rest_route=%2Fwp%2Fv2%2Fcomments&post=17"}],"version-history":[{"count":29,"href":"http:\/\/grupo.us.es\/grupodisihalc\/index.php?rest_route=\/wp\/v2\/pages\/17\/revisions"}],"predecessor-version":[{"id":207,"href":"http:\/\/grupo.us.es\/grupodisihalc\/index.php?rest_route=\/wp\/v2\/pages\/17\/revisions\/207"}],"wp:attachment":[{"href":"http:\/\/grupo.us.es\/grupodisihalc\/index.php?rest_route=%2Fwp%2Fv2%2Fmedia&parent=17"}],"curies":[{"name":"wp","href":"https:\/\/api.w.org\/{rel}","templated":true}]}}