{"id":2,"date":"2018-08-07T08:40:46","date_gmt":"2018-08-07T08:40:46","guid":{"rendered":"https:\/\/eikon.bgoapps.es\/?page_id=2"},"modified":"2022-10-19T11:22:58","modified_gmt":"2022-10-19T09:22:58","slug":"grupo","status":"publish","type":"page","link":"https:\/\/grupo.us.es\/greikon\/grupo\/","title":{"rendered":"Grupo"},"content":{"rendered":"<p>[vc_row][vc_column][vc_row_inner][vc_column_inner][vc_column_text]EIKON es un equipo de investigaci\u00f3n de la imagen y la cultura visual centrado en el \u00e1mbito de la comunicaci\u00f3n audiovisual desde la perspectiva de la Teor\u00eda de la Imagen, los mitos e imaginarios, los discursos ic\u00f3nicos y la narrativa de la imagen. Trabajamos desde la Facultad de Comunicaci\u00f3n de la Universidad de Sevilla.<\/p>\n<p>[\/vc_column_text][\/vc_column_inner][\/vc_row_inner][vc_row_inner][vc_column_inner width=&#8221;1\/6&#8243;][\/vc_column_inner][vc_column_inner width=&#8221;2\/3&#8243;][vc_single_image image=&#8221;3545&#8243; img_size=&#8221;full&#8221; alignment=&#8221;center&#8221;][\/vc_column_inner][vc_column_inner width=&#8221;1\/6&#8243;][\/vc_column_inner][\/vc_row_inner][\/vc_column][\/vc_row]<\/p>\n","protected":false},"excerpt":{"rendered":"<p>[vc_row][vc_column][vc_row_inner][vc_column_inner][vc_column_text]EIKON es un equipo de investigaci\u00f3n de la imagen y la cultura visual centrado en el \u00e1mbito de la comunicaci\u00f3n audiovisual desde la perspectiva de la Teor\u00eda de la Imagen,&hellip;&nbsp;<a href=\"https:\/\/grupo.us.es\/greikon\/grupo\/\" class=\"\" rel=\"bookmark\">Leer m\u00e1s &raquo;<span class=\"screen-reader-text\">Grupo<\/span><\/a><\/p>\n","protected":false},"author":4,"featured_media":0,"parent":0,"menu_order":0,"comment_status":"closed","ping_status":"open","template":"","meta":{"inline_featured_image":false,"neve_meta_sidebar":"","neve_meta_container":"","neve_meta_enable_content_width":"off","neve_meta_content_width":100,"neve_meta_title_alignment":"","neve_meta_author_avatar":"","neve_post_elements_order":"","neve_meta_disable_header":"","neve_meta_disable_footer":"","neve_meta_disable_title":"","_themeisle_gutenberg_block_has_review":false,"_ti_tpc_template_sync":false,"_ti_tpc_template_id":""},"acf":[],"yoast_head":"<!-- This site is optimized with the Yoast SEO plugin v21.8.1 - https:\/\/yoast.com\/wordpress\/plugins\/seo\/ -->\n<title>Grupo | EIKON<\/title>\n<meta name=\"robots\" content=\"index, follow, max-snippet:-1, max-image-preview:large, max-video-preview:-1\" \/>\n<link rel=\"canonical\" href=\"https:\/\/grupo.us.es\/greikon\/grupo\/\" \/>\n<meta property=\"og:locale\" content=\"es_ES\" \/>\n<meta property=\"og:type\" content=\"article\" \/>\n<meta property=\"og:title\" content=\"Grupo | EIKON\" \/>\n<meta property=\"og:description\" content=\"[vc_row][vc_column][vc_row_inner][vc_column_inner][vc_column_text]EIKON es un equipo de investigaci\u00f3n de la imagen y la cultura visual centrado en el \u00e1mbito de la comunicaci\u00f3n audiovisual desde la perspectiva de la Teor\u00eda de la Imagen,&hellip;&nbsp;Leer m\u00e1s &raquo;Grupo\" \/>\n<meta property=\"og:url\" content=\"https:\/\/grupo.us.es\/greikon\/grupo\/\" \/>\n<meta property=\"og:site_name\" content=\"EIKON\" \/>\n<meta property=\"article:modified_time\" content=\"2022-10-19T09:22:58+00:00\" \/>\n<meta name=\"twitter:card\" content=\"summary_large_image\" \/>\n<meta name=\"twitter:label1\" content=\"Tiempo de lectura\" \/>\n\t<meta name=\"twitter:data1\" content=\"1 minuto\" \/>\n<script type=\"application\/ld+json\" class=\"yoast-schema-graph\">{\"@context\":\"https:\/\/schema.org\",\"@graph\":[{\"@type\":\"WebPage\",\"@id\":\"https:\/\/grupo.us.es\/greikon\/grupo\/\",\"url\":\"https:\/\/grupo.us.es\/greikon\/grupo\/\",\"name\":\"Grupo | EIKON\",\"isPartOf\":{\"@id\":\"https:\/\/grupo.us.es\/greikon\/#website\"},\"datePublished\":\"2018-08-07T08:40:46+00:00\",\"dateModified\":\"2022-10-19T09:22:58+00:00\",\"breadcrumb\":{\"@id\":\"https:\/\/grupo.us.es\/greikon\/grupo\/#breadcrumb\"},\"inLanguage\":\"es\",\"potentialAction\":[{\"@type\":\"ReadAction\",\"target\":[\"https:\/\/grupo.us.es\/greikon\/grupo\/\"]}]},{\"@type\":\"BreadcrumbList\",\"@id\":\"https:\/\/grupo.us.es\/greikon\/grupo\/#breadcrumb\",\"itemListElement\":[{\"@type\":\"ListItem\",\"position\":1,\"name\":\"Portada\",\"item\":\"https:\/\/grupo.us.es\/greikon\/\"},{\"@type\":\"ListItem\",\"position\":2,\"name\":\"Grupo\"}]},{\"@type\":\"WebSite\",\"@id\":\"https:\/\/grupo.us.es\/greikon\/#website\",\"url\":\"https:\/\/grupo.us.es\/greikon\/\",\"name\":\"EIKON\",\"description\":\"Equipo de investigaci\u00f3n de la imagen y la cultura visual en el \u00e1mbito de la Comunicaci\u00f3n audiovisual\",\"publisher\":{\"@id\":\"https:\/\/grupo.us.es\/greikon\/#organization\"},\"potentialAction\":[{\"@type\":\"SearchAction\",\"target\":{\"@type\":\"EntryPoint\",\"urlTemplate\":\"https:\/\/grupo.us.es\/greikon\/?s={search_term_string}\"},\"query-input\":\"required name=search_term_string\"}],\"inLanguage\":\"es\"},{\"@type\":\"Organization\",\"@id\":\"https:\/\/grupo.us.es\/greikon\/#organization\",\"name\":\"EIKON\",\"url\":\"https:\/\/grupo.us.es\/greikon\/\",\"logo\":{\"@type\":\"ImageObject\",\"inLanguage\":\"es\",\"@id\":\"https:\/\/grupo.us.es\/greikon\/#\/schema\/logo\/image\/\",\"url\":\"https:\/\/grupo.us.es\/greikon\/wp-content\/uploads\/2022\/09\/logo_black.svg\",\"contentUrl\":\"https:\/\/grupo.us.es\/greikon\/wp-content\/uploads\/2022\/09\/logo_black.svg\",\"width\":\"1030\",\"height\":\"1030\",\"caption\":\"EIKON\"},\"image\":{\"@id\":\"https:\/\/grupo.us.es\/greikon\/#\/schema\/logo\/image\/\"}}]}<\/script>\n<!-- \/ Yoast SEO plugin. -->","yoast_head_json":{"title":"Grupo | EIKON","robots":{"index":"index","follow":"follow","max-snippet":"max-snippet:-1","max-image-preview":"max-image-preview:large","max-video-preview":"max-video-preview:-1"},"canonical":"https:\/\/grupo.us.es\/greikon\/grupo\/","og_locale":"es_ES","og_type":"article","og_title":"Grupo | EIKON","og_description":"[vc_row][vc_column][vc_row_inner][vc_column_inner][vc_column_text]EIKON es un equipo de investigaci\u00f3n de la imagen y la cultura visual centrado en el \u00e1mbito de la comunicaci\u00f3n audiovisual desde la perspectiva de la Teor\u00eda de la Imagen,&hellip;&nbsp;Leer m\u00e1s &raquo;Grupo","og_url":"https:\/\/grupo.us.es\/greikon\/grupo\/","og_site_name":"EIKON","article_modified_time":"2022-10-19T09:22:58+00:00","twitter_card":"summary_large_image","twitter_misc":{"Tiempo de lectura":"1 minuto"},"schema":{"@context":"https:\/\/schema.org","@graph":[{"@type":"WebPage","@id":"https:\/\/grupo.us.es\/greikon\/grupo\/","url":"https:\/\/grupo.us.es\/greikon\/grupo\/","name":"Grupo | EIKON","isPartOf":{"@id":"https:\/\/grupo.us.es\/greikon\/#website"},"datePublished":"2018-08-07T08:40:46+00:00","dateModified":"2022-10-19T09:22:58+00:00","breadcrumb":{"@id":"https:\/\/grupo.us.es\/greikon\/grupo\/#breadcrumb"},"inLanguage":"es","potentialAction":[{"@type":"ReadAction","target":["https:\/\/grupo.us.es\/greikon\/grupo\/"]}]},{"@type":"BreadcrumbList","@id":"https:\/\/grupo.us.es\/greikon\/grupo\/#breadcrumb","itemListElement":[{"@type":"ListItem","position":1,"name":"Portada","item":"https:\/\/grupo.us.es\/greikon\/"},{"@type":"ListItem","position":2,"name":"Grupo"}]},{"@type":"WebSite","@id":"https:\/\/grupo.us.es\/greikon\/#website","url":"https:\/\/grupo.us.es\/greikon\/","name":"EIKON","description":"Equipo de investigaci\u00f3n de la imagen y la cultura visual en el \u00e1mbito de la Comunicaci\u00f3n audiovisual","publisher":{"@id":"https:\/\/grupo.us.es\/greikon\/#organization"},"potentialAction":[{"@type":"SearchAction","target":{"@type":"EntryPoint","urlTemplate":"https:\/\/grupo.us.es\/greikon\/?s={search_term_string}"},"query-input":"required name=search_term_string"}],"inLanguage":"es"},{"@type":"Organization","@id":"https:\/\/grupo.us.es\/greikon\/#organization","name":"EIKON","url":"https:\/\/grupo.us.es\/greikon\/","logo":{"@type":"ImageObject","inLanguage":"es","@id":"https:\/\/grupo.us.es\/greikon\/#\/schema\/logo\/image\/","url":"https:\/\/grupo.us.es\/greikon\/wp-content\/uploads\/2022\/09\/logo_black.svg","contentUrl":"https:\/\/grupo.us.es\/greikon\/wp-content\/uploads\/2022\/09\/logo_black.svg","width":"1030","height":"1030","caption":"EIKON"},"image":{"@id":"https:\/\/grupo.us.es\/greikon\/#\/schema\/logo\/image\/"}}]}},"_links":{"self":[{"href":"https:\/\/grupo.us.es\/greikon\/wp-json\/wp\/v2\/pages\/2"}],"collection":[{"href":"https:\/\/grupo.us.es\/greikon\/wp-json\/wp\/v2\/pages"}],"about":[{"href":"https:\/\/grupo.us.es\/greikon\/wp-json\/wp\/v2\/types\/page"}],"author":[{"embeddable":true,"href":"https:\/\/grupo.us.es\/greikon\/wp-json\/wp\/v2\/users\/4"}],"replies":[{"embeddable":true,"href":"https:\/\/grupo.us.es\/greikon\/wp-json\/wp\/v2\/comments?post=2"}],"version-history":[{"count":7,"href":"https:\/\/grupo.us.es\/greikon\/wp-json\/wp\/v2\/pages\/2\/revisions"}],"predecessor-version":[{"id":3878,"href":"https:\/\/grupo.us.es\/greikon\/wp-json\/wp\/v2\/pages\/2\/revisions\/3878"}],"wp:attachment":[{"href":"https:\/\/grupo.us.es\/greikon\/wp-json\/wp\/v2\/media?parent=2"}],"curies":[{"name":"wp","href":"https:\/\/api.w.org\/{rel}","templated":true}]}}

<p>[vc_row][vc_column][vc_row_inner][vc_column_inner][vc_column_text]EIKON es un equipo de investigación de la imagen y la cultura visual centrado en el ámbito de la comunicación audiovisual desde la perspectiva de la Teoría de la Imagen, los mitos e imaginarios, los discursos icónicos y la narrativa de la imagen. Trabajamos desde la Facultad de Comunicación de la Universidad de Sevilla.</p>
<p>[/vc_column_text][/vc_column_inner][/vc_row_inner][vc_row_inner][vc_column_inner width=&#8221;1/6&#8243;][/vc_column_inner][vc_column_inner width=&#8221;2/3&#8243;][vc_single_image image=&#8221;3545&#8243; img_size=&#8221;full&#8221; alignment=&#8221;center&#8221;][/vc_column_inner][vc_column_inner width=&#8221;1/6&#8243;][/vc_column_inner][/vc_row_inner][/vc_column][/vc_row]</p>

<p>[vc_row][vc_column][vc_row_inner][vc_column_inner][vc_column_text]EIKON es un equipo de investigación de la imagen y la cultura visual centrado en el ámbito de la comunicación audiovisual desde la perspectiva de la Teoría de la Imagen,&hellip;&nbsp;<a href="https://grupo.us.es/greikon/grupo/" class="" rel="bookmark">Leer más &raquo;<span class="screen-reader-text">Grupo</span></a></p>

<!-- This site is optimized with the Yoast SEO plugin v21.8.1 - https://yoast.com/wordpress/plugins/seo/ -->
<title>Grupo | EIKON</title>
<meta name="robots" content="index, follow, max-snippet:-1, max-image-preview:large, max-video-preview:-1" />
<link rel="canonical" href="https://grupo.us.es/greikon/grupo/" />
<meta property="og:locale" content="es_ES" />
<meta property="og:type" content="article" />
<meta property="og:title" content="Grupo | EIKON" />
<meta property="og:description" content="[vc_row][vc_column][vc_row_inner][vc_column_inner][vc_column_text]EIKON es un equipo de investigación de la imagen y la cultura visual centrado en el ámbito de la comunicación audiovisual desde la perspectiva de la Teoría de la Imagen,&hellip;&nbsp;Leer más &raquo;Grupo" />
<meta property="og:url" content="https://grupo.us.es/greikon/grupo/" />
<meta property="og:site_name" content="EIKON" />
<meta property="article:modified_time" content="2022-10-19T09:22:58+00:00" />
<meta name="twitter:card" content="summary_large_image" />
<meta name="twitter:label1" content="Tiempo de lectura" />
	<meta name="twitter:data1" content="1 minuto" />
<script type="application/ld+json" class="yoast-schema-graph">{"@context":"https://schema.org","@graph":[{"@type":"WebPage","@id":"https://grupo.us.es/greikon/grupo/","url":"https://grupo.us.es/greikon/grupo/","name":"Grupo | EIKON","isPartOf":{"@id":"https://grupo.us.es/greikon/#website"},"datePublished":"2018-08-07T08:40:46+00:00","dateModified":"2022-10-19T09:22:58+00:00","breadcrumb":{"@id":"https://grupo.us.es/greikon/grupo/#breadcrumb"},"inLanguage":"es","potentialAction":[{"@type":"ReadAction","target":["https://grupo.us.es/greikon/grupo/"]}]},{"@type":"BreadcrumbList","@id":"https://grupo.us.es/greikon/grupo/#breadcrumb","itemListElement":[{"@type":"ListItem","position":1,"name":"Portada","item":"https://grupo.us.es/greikon/"},{"@type":"ListItem","position":2,"name":"Grupo"}]},{"@type":"WebSite","@id":"https://grupo.us.es/greikon/#website","url":"https://grupo.us.es/greikon/","name":"EIKON","description":"Equipo de investigación de la imagen y la cultura visual en el ámbito de la Comunicación audiovisual","publisher":{"@id":"https://grupo.us.es/greikon/#organization"},"potentialAction":[{"@type":"SearchAction","target":{"@type":"EntryPoint","urlTemplate":"https://grupo.us.es/greikon/?s={search_term_string}"},"query-input":"required name=search_term_string"}],"inLanguage":"es"},{"@type":"Organization","@id":"https://grupo.us.es/greikon/#organization","name":"EIKON","url":"https://grupo.us.es/greikon/","logo":{"@type":"ImageObject","inLanguage":"es","@id":"https://grupo.us.es/greikon/#/schema/logo/image/","url":"https://grupo.us.es/greikon/wp-content/uploads/2022/09/logo_black.svg","contentUrl":"https://grupo.us.es/greikon/wp-content/uploads/2022/09/logo_black.svg","width":"1030","height":"1030","caption":"EIKON"},"image":{"@id":"https://grupo.us.es/greikon/#/schema/logo/image/"}}]}</script>
<!-- / Yoast SEO plugin. -->

[vc_row][vc_column][vc_row_inner][vc_column_inner][vc_column_text]EIKON es un equipo de investigación de la imagen y la cultura visual centrado en el ámbito de la comunicación audiovisual desde la perspectiva de la Teoría de la Imagen,&hellip;&nbsp;Leer más &raquo;Grupo

Equipo de investigación de la imagen y la cultura visual en el ámbito de la Comunicación audiovisual
