{"id":105,"date":"2020-06-29T23:38:07","date_gmt":"2020-06-29T23:38:07","guid":{"rendered":"https:\/\/demosites.io\/pet-shop-gb\/?page_id=105"},"modified":"2022-11-21T14:39:10","modified_gmt":"2022-11-21T13:39:10","slug":"d09c8-home","status":"publish","type":"page","link":"https:\/\/grupo.us.es\/greikon\/","title":{"rendered":"Home"},"content":{"rendered":"<p>[vc_row full_width=&#8221;stretch_row&#8221; fullwidth=&#8221;true&#8221; equal_columns=&#8221;true&#8221; css=&#8221;.vc_custom_1662035584273{padding-top: 150px !important;background-image: url(https:\/\/grupo.us.es\/greikon\/wp-content\/uploads\/2022\/08\/grupo-55-1-scaled.jpg?id=3545) !important;background-position: center !important;background-repeat: no-repeat !important;background-size: cover !important;}&#8221; el_class=&#8221;slider&#8221;][vc_column][vc_column_text]<\/p>\n<h1 class=\"titulo-banner\">Equipo de<br \/>\nInvestigaci\u00f3n<br \/>\nde la <strong>Imagen<\/strong> y<br \/>\nla <strong>Cultura<\/strong><br \/>\nVisual en el<br \/>\n\u00c1mbito de la<br \/>\n<strong>Comunicaci\u00f3n<br \/>\nAudiovisual<\/strong><\/h1>\n<p>[\/vc_column_text][\/vc_column][\/vc_row][vc_row full_width=&#8221;stretch_row_content_no_spaces&#8221; fullwidth=&#8221;true&#8221; equal_columns=&#8221;true&#8221; css=&#8221;.vc_custom_1665057787628{margin-bottom: 40px !important;}&#8221;][vc_column][vc_row_inner equal_height=&#8221;yes&#8221; css=&#8221;.vc_custom_1662026953250{padding-top: 30px !important;padding-bottom: 30px !important;}&#8221; el_class=&#8221;d-flex justify-content-center&#8221;][vc_column_inner el_class=&#8221;iconos_eikon&#8221; width=&#8221;1\/3&#8243;][vc_column_text css=&#8221;.vc_custom_1665057334776{margin-bottom: 0px !important;}&#8221;]<img decoding=\"async\" loading=\"lazy\" class=\"wp-image-3439 size-thumbnail aligncenter\" src=\"https:\/\/grupo.us.es\/greikon\/wp-content\/uploads\/2022\/07\/Grupo-51.svg\" alt=\"\" width=\"70\" height=\"70\" \/><\/p>\n<h3 style=\"text-align: center;\">\u00bfQu\u00e9 es Eikon?<\/h3>\n<p style=\"text-align: center;\">EIKON es un Equipo de Investigaci\u00f3n de la Imagen y la Cultura Visual en el \u00c1mbito de la Comunicaci\u00f3n Audiovisual (HUM1013).<\/p>\n<p>[\/vc_column_text][\/vc_column_inner][vc_column_inner el_class=&#8221;iconos_eikon&#8221; width=&#8221;1\/3&#8243;][vc_column_text css=&#8221;.vc_custom_1665057389687{margin-bottom: 0px !important;}&#8221;]<img decoding=\"async\" loading=\"lazy\" class=\"wp-image-3437 size-thumbnail aligncenter\" src=\"https:\/\/grupo.us.es\/greikon\/wp-content\/uploads\/2022\/07\/Grupo-49.svg\" alt=\"\" width=\"70\" height=\"70\" \/><\/p>\n<h3 style=\"text-align: center;\">\u00bfQui\u00e9nes lo forman?<\/h3>\n<p style=\"text-align: center;\">Jes\u00fas Jim\u00e9nez Varea (director),<br \/>\n\u00c1ngeles Mart\u00ednez-Garc\u00eda, Joaqu\u00edn Mar\u00edn Mont\u00edn, M\u00f3nica Barrientos Bueno, Alberto Hermida Congosto, Antonio G\u00f3mez-Aguilar, Milagros Exp\u00f3sito Barea, Estrella Fern\u00e1ndez Jim\u00e9nez, \u00c1lvaro Linares Barrones.<\/p>\n<p>[\/vc_column_text][\/vc_column_inner][vc_column_inner el_class=&#8221;iconos_eikon&#8221; width=&#8221;1\/3&#8243;][vc_column_text css=&#8221;.vc_custom_1665057453214{margin-bottom: 0px !important;}&#8221;]<img decoding=\"async\" loading=\"lazy\" class=\"aligncenter wp-image-3438 size-thumbnail\" src=\"https:\/\/grupo.us.es\/greikon\/wp-content\/uploads\/2022\/07\/Grupo-50.svg\" alt=\"\" width=\"70\" height=\"70\" \/><\/p>\n<h3 style=\"text-align: center;\">\u00bfQu\u00e9 hacemos?<\/h3>\n<p style=\"text-align: center;\">Teor\u00eda de la Imagen para la Comunicaci\u00f3n Audiovisual, Mitos e Imaginarios en la Comunicaci\u00f3n Audiovisual, Cultura de la Imagen en la Comunicaci\u00f3n Audiovisual, Usos Narrativos de la Imagen en la Comunicaci\u00f3n Audiovisual, Discursos Ic\u00f3nicos en la Comunicaci\u00f3n Audiovisual, Cognici\u00f3n Visual en la Comunicaci\u00f3n Audiovisual.<\/p>\n<p>[\/vc_column_text][\/vc_column_inner][\/vc_row_inner][\/vc_column][\/vc_row][vc_row full_width=&#8221;stretch_row&#8221; css=&#8221;.vc_custom_1662036026312{background-color: #ebebeb !important;}&#8221;][vc_column width=&#8221;1\/2&#8243; css=&#8221;.vc_custom_1662035771607{background-position: center !important;background-repeat: no-repeat !important;background-size: contain !important;}&#8221;][vc_single_image image=&#8221;3489&#8243; img_size=&#8221;full&#8221; alignment=&#8221;center&#8221;][\/vc_column][vc_column width=&#8221;1\/2&#8243; css=&#8221;.vc_custom_1663570992891{padding-top: 30px !important;padding-right: 30px !important;padding-bottom: 30px !important;padding-left: 30px !important;}&#8221; el_class=&#8221;eikon_style&#8221;][vc_column_text]<\/p>\n<h2>\u00bfQu\u00e9 es el <strong>grupo Eikon?<\/strong><\/h2>\n<p>EIKON es un Equipo de Investigaci\u00f3n de la Imagen y la Cultura Visual en el \u00c1mbito de la Comunicaci\u00f3n Audiovisual (HUM1013).<\/p>\n<p>L\u00edneas de Investigaci\u00f3n:<\/p>\n<ol>\n<li>Teor\u00eda de la Imagen para la Comunicaci\u00f3n Audiovisual<\/li>\n<li>Mitos e Imaginarios en la Comunicaci\u00f3n Audiovisual<\/li>\n<li>Cultura de la Imagen en la Comunicaci\u00f3n Audiovisual<\/li>\n<li>Usos Narrativos de la Imagen en la Comunicaci\u00f3n Audiovisual<\/li>\n<li>Discursos Ic\u00f3nicos en la Comunicaci\u00f3n Audiovisual<\/li>\n<li>Cognici\u00f3n Visual en la Comunicaci\u00f3n Audiovisual<\/li>\n<\/ol>\n<p>[\/vc_column_text][\/vc_column][\/vc_row][vc_row fullwidth=&#8221;true&#8221; fullwidth_content=&#8221;false&#8221; el_class=&#8221;team_eikon&#8221;][vc_column][vc_row_inner][vc_column_inner][vc_raw_html]JTVCaW52ZXN0aWdhZG9yZXMlNUQ=[\/vc_raw_html][\/vc_column_inner][\/vc_row_inner][\/vc_column][\/vc_row][vc_row full_width=&#8221;stretch_row_content&#8221; fullwidth=&#8221;true&#8221; css=&#8221;.vc_custom_1662036602950{background-image: url(https:\/\/grupo.us.es\/greikon\/wp-content\/uploads\/2022\/08\/bg_eikon_sus.jpg?id=3578) !important;background-position: 0 0 !important;background-repeat: no-repeat !important;}&#8221;][vc_column css=&#8221;.vc_custom_1665396196111{padding-top: 5% !important;padding-right: 10% !important;padding-bottom: 0px !important;padding-left: 10% !important;background-color: rgba(34,34,34,0.75) !important;*background-color: rgb(34,34,34) !important;}&#8221;][vc_row_inner][vc_column_inner][vc_column_text css=&#8221;.vc_custom_1665389889170{margin-bottom: 0px !important;}&#8221;]<\/p>\n<h1 class=\"text-light text-center\">Subscr\u00edbete para estar al d\u00eda de todos nuestros eventos y \u00faltimas noticias.<\/h1>\n<p>[\/vc_column_text][vc_raw_html]JTNDZGl2JTIwc3R5bGUlM0QlMjJ0ZXh0LWFsaWduJTNBY2VudGVyJTNCJTIyJTNFJTNDYnV0dG9uJTIwY2xhc3MlM0QlMjJlaWtvbl9idXR0b24lMjBlaWtvbl9idXR0b25fd2hpdGUlMjIlMjBvbkNsaWNrJTNEJTIyamF2YXNjcmlwdCUzQXdpbmRvdy5vcGVuJTI4JTI3aHR0cHMlM0ElMkYlMkZncnVwby51cy5lcyUyRmdyZWlrb24lMkZzdXNjcmlwY2lvbiUyRiUyNyUyQyUyMCUyN19ibGFuayUyNyUyOSUzQiUyMiUzRUluc2NyaWJpcm1lJTIwJTNDaW1nJTIwc3R5bGUlM0QlMjJtYXgtd2lkdGglM0ElMjAyOHB4JTNCJTIyJTIwc3JjJTNEJTIyaHR0cHMlM0ElMkYlMkZncnVwby51cy5lcyUyRmdyZWlrb24lMkZ3cC1jb250ZW50JTJGdXBsb2FkcyUyRjIwMjIlMkYwOCUyRmljb25vX2xvZ29fcmVkLnN2ZyUyMiUzRSUzQyUyRmJ1dHRvbiUzRSUzQyUyRmRpdiUzRSUwQSUwQQ==[\/vc_raw_html][\/vc_column_inner][\/vc_row_inner][\/vc_column][\/vc_row][vc_row fullwidth=&#8221;true&#8221; fullwidth_content=&#8221;false&#8221; equal_columns=&#8221;true&#8221; el_class=&#8221;team_eikon&#8221;][vc_column][vc_row_inner][vc_column_inner el_class=&#8221;eikon_style&#8221; width=&#8221;2\/5&#8243;][vc_column_text css=&#8221;.vc_custom_1663578266542{margin-bottom: 0px !important;}&#8221;]<\/p>\n<h2><strong>Actividades<\/strong> <img decoding=\"async\" class=\"alignnone size-medium wp-image-3683\" src=\"https:\/\/grupo.us.es\/greikon\/wp-content\/uploads\/2022\/09\/arrow_right-1.svg\" alt=\"\" width=\"40\" \/><\/h2>\n<p>[\/vc_column_text][\/vc_column_inner][vc_column_inner el_class=&#8221;eikon_categories&#8221; width=&#8221;3\/5&#8243;][vc_raw_html]JTVCZWlrb25jYXRlZ29yaWVzJTVE[\/vc_raw_html][\/vc_column_inner][\/vc_row_inner][vc_row_inner css=&#8221;.vc_custom_1659007178968{padding-top: 30px !important;padding-bottom: 30px !important;}&#8221; el_class=&#8221;d-flex justify-content-center&#8221;][vc_column_inner][vc_raw_html]JTVCZWlrb25ibG9nJTVE[\/vc_raw_html][\/vc_column_inner][\/vc_row_inner][vc_raw_html]JTNDZGl2JTIwc3R5bGUlM0QlMjJ0ZXh0LWFsaWduJTNBY2VudGVyJTNCJTIyJTNFJTNDYSUyMGhyZWYlM0QlMjJodHRwcyUzQSUyRiUyRmdydXBvLnVzLmVzJTJGZ3JlaWtvbiUyRmFjdGl2aWRhZGVzJTJGJTIyJTNFJTNDYnV0dG9uJTIwY2xhc3MlM0QlMjJlaWtvbl9idXR0b24lMjIlM0VWZXIlMjB0b2RvcyUyMCUzQ2ltZyUyMHNyYyUzRCUyMmh0dHBzJTNBJTJGJTJGZ3J1cG8udXMuZXMlMkZncmVpa29uJTJGd3AtY29udGVudCUyRnVwbG9hZHMlMkYyMDIyJTJGMDglMkZpY29ub19sb2dvLnN2ZyUyMiUzRSUzQyUyRmJ1dHRvbiUzRSUzQyUyRmElM0UlM0MlMkZkaXYlM0U=[\/vc_raw_html][\/vc_column][\/vc_row][vc_row full_width=&#8221;stretch_row&#8221; fullwidth=&#8221;true&#8221; fullwidth_content=&#8221;false&#8221; css=&#8221;.vc_custom_1662036523998{background-image: url(https:\/\/grupo.us.es\/greikon\/wp-content\/uploads\/2022\/08\/bg_inscribirse.jpg?id=3594) !important;background-position: 0 0 !important;background-repeat: no-repeat !important;}&#8221;][vc_column width=&#8221;2\/3&#8243; css=&#8221;.vc_custom_1661421007351{padding-top: 5% !important;}&#8221;][vc_row_inner][vc_column_inner el_class=&#8221;jornadas&#8221;][vc_column_text css=&#8221;.vc_custom_1665389949156{margin-bottom: 0px !important;}&#8221;]<\/p>\n<h1 class=\"text-light\">Inscr\u00edbete en<br \/>\nnuestras jornadas<\/h1>\n<p>[\/vc_column_text][vc_raw_html]JTNDZGl2JTIwc3R5bGUlM0QlMjJ0ZXh0LWFsaWduJTNBbGVmdCUzQiUyMiUzRSUzQ2J1dHRvbiUyMGNsYXNzJTNEJTIyZWlrb25fYnV0dG9uJTIwZWlrb25fYnV0dG9uX3doaXRlJTIyJTIwJTBBb25jbGljayUzRCUyMmxvY2F0aW9uLmhyZWYlM0QlMjdodHRwcyUzQSUyRiUyRmdydXBvLnVzLmVzJTJGZ3JlaWtvbiUyRmpvcm5hZGFzJTJGJTI3JTNCJTIyJTNFU2FiZXIlMjBtJUMzJUExcyUyMCUzQ2ltZyUyMHN0eWxlJTNEJTIybWF4LXdpZHRoJTNBJTIwMjhweCUzQiUyMiUyMHNyYyUzRCUyMmh0dHBzJTNBJTJGJTJGZ3J1cG8udXMuZXMlMkZncmVpa29uJTJGd3AtY29udGVudCUyRnVwbG9hZHMlMkYyMDIyJTJGMDglMkZpY29ub19sb2dvX3JlZC5zdmclMjIlM0UlM0MlMkZidXR0b24lM0UlM0MlMkZkaXYlM0UlMEElMEElMEE=[\/vc_raw_html][\/vc_column_inner][\/vc_row_inner][\/vc_column][vc_column width=&#8221;1\/3&#8243;][\/vc_column][\/vc_row][vc_row full_width=&#8221;stretch_row_content&#8221; fullwidth=&#8221;true&#8221; equal_columns=&#8221;true&#8221; css=&#8221;.vc_custom_1663846553270{margin-top: -120px !important;}&#8221;][vc_column width=&#8221;3\/5&#8243; css=&#8221;.vc_custom_1661427542541{margin-top: 0px !important;margin-right: 0px !important;margin-bottom: 0px !important;margin-left: 0px !important;border-top-width: 0px !important;border-right-width: 0px !important;border-bottom-width: 0px !important;border-left-width: 0px !important;padding-top: 120px !important;padding-right: 0px !important;padding-bottom: 0px !important;padding-left: 0px !important;}&#8221;][vc_gmaps link=&#8221;#E-8_JTNDaWZyYW1lJTIwc3JjJTNEJTIyaHR0cHMlM0ElMkYlMkZ3d3cuZ29vZ2xlLmNvbSUyRm1hcHMlMkZlbWJlZCUzRnBiJTNEJTIxMW0xOCUyMTFtMTIlMjExbTMlMjExZDMxNjkuMzUzNDQ1MjcyMjE3JTIxMmQtNi4wMTAzODI4ODQ2OTI5NTQlMjEzZDM3LjQwNTExOTk3OTgyODQzNCUyMTJtMyUyMTFmMCUyMTJmMCUyMTNmMCUyMTNtMiUyMTFpMTAyNCUyMTJpNzY4JTIxNGYxMy4xJTIxM20zJTIxMW0yJTIxMXMweGQxMjZiOGIyNDI1MTNmMyUyNTNBMHhmNWZjMTU2ZjgxNTUzOGZjJTIxMnNDLiUyNTIwQW0lMjVDMyUyNUE5cmljbyUyNTIwVmVzcHVjaW8lMjUyQyUyNTIwNDEwOTIlMjUyMFNldmlsbGElMjE1ZTAlMjEzbTIlMjExc2VzJTIxMnNlcyUyMTR2MTY2NTM4Nzc3OTIyNCUyMTVtMiUyMTFzZXMlMjEyc2VzJTIyJTIwd2lkdGglM0QlMjI2MDAlMjIlMjBoZWlnaHQlM0QlMjI0NTAlMjIlMjBzdHlsZSUzRCUyMmJvcmRlciUzQTAlM0IlMjIlMjBhbGxvd2Z1bGxzY3JlZW4lM0QlMjIlMjIlMjBsb2FkaW5nJTNEJTIybGF6eSUyMiUyMHJlZmVycmVycG9saWN5JTNEJTIybm8tcmVmZXJyZXItd2hlbi1kb3duZ3JhZGUlMjIlM0UlM0MlMkZpZnJhbWUlM0U=&#8221; css=&#8221;.vc_custom_1665387805920{margin-top: 0px !important;margin-right: 0px !important;margin-bottom: 0px !important;margin-left: 0px !important;padding-top: 0px !important;padding-right: 0px !important;padding-bottom: 0px !important;padding-left: 0px !important;}&#8221;][\/vc_column][vc_column width=&#8221;2\/5&#8243; css=&#8221;.vc_custom_1666158305714{padding-top: 250px !important;padding-bottom: 150px !important;padding-left: 3% !important;background-color: #be0f2e !important;}&#8221;][vc_column_text css=&#8221;.vc_custom_1666171640838{margin-bottom: 0px !important;}&#8221;]<\/p>\n<h3 class=\"text-light\">\u00bfD\u00f3nde estamos?<\/h3>\n<p class=\"text-light\">Email &#8212; <a class=\"text-light text-decoration-none\" href=\"mailto:eikon@us.es\">eikon@us.es<\/a><br \/>\nC. Am\u00e9rico Vespucio S\/N, 41092 Sevilla<\/p>\n<p>[\/vc_column_text][vc_raw_html]JTNDZGl2JTIwc3R5bGUlM0QlMjJ0ZXh0LWFsaWduJTNBbGVmdCUzQiUyMiUyMGNsYXNzJTNEJTIyZC1ub25lJTIyJTNFJTNDYnV0dG9uJTIwY2xhc3MlM0QlMjJlaWtvbl9idXR0b24lMjBlaWtvbl9idXR0b25fd2hpdGUlMjIlM0VDb250YWN0YXIlMjAlM0NpbWclMjBzdHlsZSUzRCUyMm1heC13aWR0aCUzQSUyMDI4cHglM0IlMjIlMjBzcmMlM0QlMjJodHRwcyUzQSUyRiUyRmdydXBvLnVzLmVzJTJGZ3JlaWtvbiUyRndwLWNvbnRlbnQlMkZ1cGxvYWRzJTJGMjAyMiUyRjA4JTJGaWNvbm9fbG9nb19yZWQuc3ZnJTIyJTNFJTNDJTJGYnV0dG9uJTNFJTNDJTJGZGl2JTNF[\/vc_raw_html][\/vc_column][\/vc_row]<\/p>\n","protected":false},"excerpt":{"rendered":"<p>[vc_row full_width=&#8221;stretch_row&#8221; fullwidth=&#8221;true&#8221; equal_columns=&#8221;true&#8221; css=&#8221;.vc_custom_1662035584273{padding-top: 150px !important;background-image: url(https:\/\/grupo.us.es\/greikon\/wp-content\/uploads\/2022\/08\/grupo-55-1-scaled.jpg?id=3545) !important;background-position: center !important;background-repeat: no-repeat !important;background-size: cover !important;}&#8221; el_class=&#8221;slider&#8221;][vc_column][vc_column_text] Equipo de Investigaci\u00f3n de la Imagen y la Cultura Visual en el \u00c1mbito de&hellip;&nbsp;<a href=\"https:\/\/grupo.us.es\/greikon\/\" class=\"\" rel=\"bookmark\">Leer m\u00e1s &raquo;<span class=\"screen-reader-text\">Home<\/span><\/a><\/p>\n","protected":false},"author":4,"featured_media":0,"parent":0,"menu_order":0,"comment_status":"closed","ping_status":"closed","template":"","meta":{"inline_featured_image":false,"neve_meta_sidebar":"full-width","neve_meta_container":"","neve_meta_enable_content_width":"on","neve_meta_content_width":100,"neve_meta_title_alignment":"","neve_meta_author_avatar":"","neve_post_elements_order":"","neve_meta_disable_header":"","neve_meta_disable_footer":"","neve_meta_disable_title":"on","_themeisle_gutenberg_block_has_review":false,"_ti_tpc_template_sync":false,"_ti_tpc_template_id":"695blg4xn7pkav5zqwfm"},"acf":[],"yoast_head":"<!-- This site is optimized with the Yoast SEO plugin v21.8.1 - https:\/\/yoast.com\/wordpress\/plugins\/seo\/ -->\n<title>Home | EIKON<\/title>\n<meta name=\"robots\" content=\"index, follow, max-snippet:-1, max-image-preview:large, max-video-preview:-1\" \/>\n<link rel=\"canonical\" href=\"https:\/\/grupo.us.es\/greikon\/\" \/>\n<meta property=\"og:locale\" content=\"es_ES\" \/>\n<meta property=\"og:type\" content=\"article\" \/>\n<meta property=\"og:title\" content=\"Home | EIKON\" \/>\n<meta property=\"og:description\" content=\"[vc_row full_width=&#8221;stretch_row&#8221; fullwidth=&#8221;true&#8221; equal_columns=&#8221;true&#8221; css=&#8221;.vc_custom_1662035584273{padding-top: 150px !important;background-image: url(https:\/\/grupo.us.es\/greikon\/wp-content\/uploads\/2022\/08\/grupo-55-1-scaled.jpg?id=3545) !important;background-position: center !important;background-repeat: no-repeat !important;background-size: cover !important;}&#8221; el_class=&#8221;slider&#8221;][vc_column][vc_column_text] Equipo de Investigaci\u00f3n de la Imagen y la Cultura Visual en el \u00c1mbito de&hellip;&nbsp;Leer m\u00e1s &raquo;Home\" \/>\n<meta property=\"og:url\" content=\"https:\/\/grupo.us.es\/greikon\/\" \/>\n<meta property=\"og:site_name\" content=\"EIKON\" \/>\n<meta property=\"article:modified_time\" content=\"2022-11-21T13:39:10+00:00\" \/>\n<meta property=\"og:image\" content=\"https:\/\/grupo.us.es\/greikon\/wp-content\/uploads\/2022\/07\/Grupo-51.svg\" \/>\n<meta name=\"twitter:card\" content=\"summary_large_image\" \/>\n<meta name=\"twitter:label1\" content=\"Tiempo de lectura\" \/>\n\t<meta name=\"twitter:data1\" content=\"3 minutos\" \/>\n<script type=\"application\/ld+json\" class=\"yoast-schema-graph\">{\"@context\":\"https:\/\/schema.org\",\"@graph\":[{\"@type\":\"WebPage\",\"@id\":\"https:\/\/grupo.us.es\/greikon\/\",\"url\":\"https:\/\/grupo.us.es\/greikon\/\",\"name\":\"Home | EIKON\",\"isPartOf\":{\"@id\":\"https:\/\/grupo.us.es\/greikon\/#website\"},\"datePublished\":\"2020-06-29T23:38:07+00:00\",\"dateModified\":\"2022-11-21T13:39:10+00:00\",\"breadcrumb\":{\"@id\":\"https:\/\/grupo.us.es\/greikon\/#breadcrumb\"},\"inLanguage\":\"es\",\"potentialAction\":[{\"@type\":\"ReadAction\",\"target\":[\"https:\/\/grupo.us.es\/greikon\/\"]}]},{\"@type\":\"BreadcrumbList\",\"@id\":\"https:\/\/grupo.us.es\/greikon\/#breadcrumb\",\"itemListElement\":[{\"@type\":\"ListItem\",\"position\":1,\"name\":\"Portada\",\"item\":\"https:\/\/grupo.us.es\/greikon\/\"},{\"@type\":\"ListItem\",\"position\":2,\"name\":\"Home\"}]},{\"@type\":\"WebSite\",\"@id\":\"https:\/\/grupo.us.es\/greikon\/#website\",\"url\":\"https:\/\/grupo.us.es\/greikon\/\",\"name\":\"EIKON\",\"description\":\"Equipo de investigaci\u00f3n de la imagen y la cultura visual en el \u00e1mbito de la Comunicaci\u00f3n audiovisual\",\"publisher\":{\"@id\":\"https:\/\/grupo.us.es\/greikon\/#organization\"},\"potentialAction\":[{\"@type\":\"SearchAction\",\"target\":{\"@type\":\"EntryPoint\",\"urlTemplate\":\"https:\/\/grupo.us.es\/greikon\/?s={search_term_string}\"},\"query-input\":\"required name=search_term_string\"}],\"inLanguage\":\"es\"},{\"@type\":\"Organization\",\"@id\":\"https:\/\/grupo.us.es\/greikon\/#organization\",\"name\":\"EIKON\",\"url\":\"https:\/\/grupo.us.es\/greikon\/\",\"logo\":{\"@type\":\"ImageObject\",\"inLanguage\":\"es\",\"@id\":\"https:\/\/grupo.us.es\/greikon\/#\/schema\/logo\/image\/\",\"url\":\"https:\/\/grupo.us.es\/greikon\/wp-content\/uploads\/2022\/09\/logo_black.svg\",\"contentUrl\":\"https:\/\/grupo.us.es\/greikon\/wp-content\/uploads\/2022\/09\/logo_black.svg\",\"width\":\"1030\",\"height\":\"1030\",\"caption\":\"EIKON\"},\"image\":{\"@id\":\"https:\/\/grupo.us.es\/greikon\/#\/schema\/logo\/image\/\"}}]}<\/script>\n<!-- \/ Yoast SEO plugin. -->","yoast_head_json":{"title":"Home | EIKON","robots":{"index":"index","follow":"follow","max-snippet":"max-snippet:-1","max-image-preview":"max-image-preview:large","max-video-preview":"max-video-preview:-1"},"canonical":"https:\/\/grupo.us.es\/greikon\/","og_locale":"es_ES","og_type":"article","og_title":"Home | EIKON","og_description":"[vc_row full_width=&#8221;stretch_row&#8221; fullwidth=&#8221;true&#8221; equal_columns=&#8221;true&#8221; css=&#8221;.vc_custom_1662035584273{padding-top: 150px !important;background-image: url(https:\/\/grupo.us.es\/greikon\/wp-content\/uploads\/2022\/08\/grupo-55-1-scaled.jpg?id=3545) !important;background-position: center !important;background-repeat: no-repeat !important;background-size: cover !important;}&#8221; el_class=&#8221;slider&#8221;][vc_column][vc_column_text] Equipo de Investigaci\u00f3n de la Imagen y la Cultura Visual en el \u00c1mbito de&hellip;&nbsp;Leer m\u00e1s &raquo;Home","og_url":"https:\/\/grupo.us.es\/greikon\/","og_site_name":"EIKON","article_modified_time":"2022-11-21T13:39:10+00:00","og_image":[{"url":"https:\/\/grupo.us.es\/greikon\/wp-content\/uploads\/2022\/07\/Grupo-51.svg"}],"twitter_card":"summary_large_image","twitter_misc":{"Tiempo de lectura":"3 minutos"},"schema":{"@context":"https:\/\/schema.org","@graph":[{"@type":"WebPage","@id":"https:\/\/grupo.us.es\/greikon\/","url":"https:\/\/grupo.us.es\/greikon\/","name":"Home | EIKON","isPartOf":{"@id":"https:\/\/grupo.us.es\/greikon\/#website"},"datePublished":"2020-06-29T23:38:07+00:00","dateModified":"2022-11-21T13:39:10+00:00","breadcrumb":{"@id":"https:\/\/grupo.us.es\/greikon\/#breadcrumb"},"inLanguage":"es","potentialAction":[{"@type":"ReadAction","target":["https:\/\/grupo.us.es\/greikon\/"]}]},{"@type":"BreadcrumbList","@id":"https:\/\/grupo.us.es\/greikon\/#breadcrumb","itemListElement":[{"@type":"ListItem","position":1,"name":"Portada","item":"https:\/\/grupo.us.es\/greikon\/"},{"@type":"ListItem","position":2,"name":"Home"}]},{"@type":"WebSite","@id":"https:\/\/grupo.us.es\/greikon\/#website","url":"https:\/\/grupo.us.es\/greikon\/","name":"EIKON","description":"Equipo de investigaci\u00f3n de la imagen y la cultura visual en el \u00e1mbito de la Comunicaci\u00f3n audiovisual","publisher":{"@id":"https:\/\/grupo.us.es\/greikon\/#organization"},"potentialAction":[{"@type":"SearchAction","target":{"@type":"EntryPoint","urlTemplate":"https:\/\/grupo.us.es\/greikon\/?s={search_term_string}"},"query-input":"required name=search_term_string"}],"inLanguage":"es"},{"@type":"Organization","@id":"https:\/\/grupo.us.es\/greikon\/#organization","name":"EIKON","url":"https:\/\/grupo.us.es\/greikon\/","logo":{"@type":"ImageObject","inLanguage":"es","@id":"https:\/\/grupo.us.es\/greikon\/#\/schema\/logo\/image\/","url":"https:\/\/grupo.us.es\/greikon\/wp-content\/uploads\/2022\/09\/logo_black.svg","contentUrl":"https:\/\/grupo.us.es\/greikon\/wp-content\/uploads\/2022\/09\/logo_black.svg","width":"1030","height":"1030","caption":"EIKON"},"image":{"@id":"https:\/\/grupo.us.es\/greikon\/#\/schema\/logo\/image\/"}}]}},"_links":{"self":[{"href":"https:\/\/grupo.us.es\/greikon\/wp-json\/wp\/v2\/pages\/105"}],"collection":[{"href":"https:\/\/grupo.us.es\/greikon\/wp-json\/wp\/v2\/pages"}],"about":[{"href":"https:\/\/grupo.us.es\/greikon\/wp-json\/wp\/v2\/types\/page"}],"author":[{"embeddable":true,"href":"https:\/\/grupo.us.es\/greikon\/wp-json\/wp\/v2\/users\/4"}],"replies":[{"embeddable":true,"href":"https:\/\/grupo.us.es\/greikon\/wp-json\/wp\/v2\/comments?post=105"}],"version-history":[{"count":147,"href":"https:\/\/grupo.us.es\/greikon\/wp-json\/wp\/v2\/pages\/105\/revisions"}],"predecessor-version":[{"id":3908,"href":"https:\/\/grupo.us.es\/greikon\/wp-json\/wp\/v2\/pages\/105\/revisions\/3908"}],"wp:attachment":[{"href":"https:\/\/grupo.us.es\/greikon\/wp-json\/wp\/v2\/media?parent=105"}],"curies":[{"name":"wp","href":"https:\/\/api.w.org\/{rel}","templated":true}]}}