{"id":33,"date":"2022-03-14T11:04:05","date_gmt":"2022-03-14T11:04:05","guid":{"rendered":"https:\/\/grupo.us.es\/fycusstce\/?page_id=33"},"modified":"2023-03-23T09:08:15","modified_gmt":"2023-03-23T09:08:15","slug":"politica-de-privacidad","status":"publish","type":"page","link":"https:\/\/grupo.us.es\/fycusstce\/politica-de-privacidad\/","title":{"rendered":"Pol\u00edtica de privacidad"},"content":{"rendered":"<div class=\"elementor-element elementor-element-56016af elementor-widget elementor-widget-heading\" data-id=\"56016af\" data-element_type=\"widget\" data-widget_type=\"heading.default\">\n<div class=\"elementor-widget-container\">\n<h3 class=\"elementor-heading-title elementor-size-default\">La Universidad de Sevilla (en adelante, US o la Entidad) pone a disposici\u00f3n de los usuarios de la p\u00e1gina web\u00a0 <a href=\"https:\/\/www.grupo.us.es\/fycusstce\">www.grupo.us.es\/fycusstce<\/a> \u00a0(en adelante, tambi\u00e9n el Sitio Web) la presente Pol\u00edtica de Privacidad, con la finalidad de ofrecer informaci\u00f3n sobre c\u00f3mo tratamos sus datos personales y protegemos su privacidad e informaci\u00f3n.<\/h3>\n<\/div>\n<\/div>\n<div class=\"elementor-element elementor-element-9a150f elementor-widget elementor-widget-text-editor\" data-id=\"9a150f\" data-element_type=\"widget\" data-widget_type=\"text-editor.default\">\n<div class=\"elementor-widget-container\">\n<div class=\"elementor-text-editor elementor-clearfix\">\n<p><strong>1.\u00a0Introducci\u00f3n<\/strong><\/p>\n<p>La Presente Pol\u00edtica de Privacidad se aplica a la p\u00e1gina web de US, as\u00ed como a las aplicaciones) as\u00ed como las interacciones que el usuario realiza con US a trav\u00e9s de dicha p\u00e1gina web (denominados colectivamente \u201cServicios\u201d).<\/p>\n<p>Esta Pol\u00edtica de Privacidad podr\u00e1 modificarse por el titular de la web cuando sea necesario, pero se lo comunicaremos a trav\u00e9s de la p\u00e1gina web o bien por otros medios para que pueda conocerla y continuar utilizando nuestros \u201cServicios\u201d. El hecho de continuar disfrutando de nuestros \u201cServicios\u201d despu\u00e9s de haberle comunicado las referidas modificaciones, supondr\u00e1 que est\u00e1 de acuerdo con las mismas, salvo en los supuestos en los que sea necesario el consentimiento expreso.<\/p>\n<p><strong>2. \u00bfQui\u00e9n es el Responsable del tratamiento de sus datos personales?<\/strong><\/p>\n<p>El responsable de tratamiento de los datos personales que facilite en la p\u00e1gina web ser\u00e1 la sociedad US\u00a0 y con domicilio a estos efectos en\u00a0 Direcci\u00f3n.<\/p>\n<p>Para la adecuada gesti\u00f3n en el tratamiento de sus datos personales, US tiene una Comisi\u00f3n de Privacidad ante el que podr\u00e1 acudir para resolver cualquier cuesti\u00f3n que precise, pudiendo contactar a trav\u00e9s del correo electr\u00f3nico correo@us.es.<\/p>\n<p><strong>\u00a03.\u00a0<\/strong><strong>\u00bfCon qu\u00e9 finalidad tratamos sus datos personales?<\/strong><\/p>\n<p>En US podemos tratar los datos personales recabados de la presente p\u00e1gina web, App y\/o por los usuarios de cualesquiera p\u00e1ginas web del Grupo US para las siguientes finalidades:<\/p>\n<p><strong>1. Contacto<\/strong>: gestionar los datos personales de los usuarios que contactan con US a trav\u00e9s del formulario de contacto que US pone a disposici\u00f3n del usuario. Sus datos ser\u00e1n tratados con el fin de gestionar dicho contacto, atender las consultas, dudas o comentarios que usted nos haga llegar a trav\u00e9s de los canales habilitados a tal efecto en nuestra p\u00e1gina web<strong>\u00a0<\/strong><\/p>\n<p>Asimismo, le informamos que, exclusivamente en caso de resultar necesario, tales datos ser\u00e1n comunicados a la US a la que se dirija la consulta o incidencia planteada, estando la base jur\u00eddica de dicha comunicaci\u00f3n de datos en el cumplimiento de obligaciones legales aplicables a US.<\/p>\n<p><strong>\u00a02.\u00a0<\/strong><strong>Servicio de Atenci\u00f3n al Consumidor, Cliente o Proveedor:<\/strong>\u00a0US pone a disposici\u00f3n de los usuarios un medio de comunicaci\u00f3n para gestionar, de manera telem\u00e1tica, el Servicio de Atenci\u00f3n al Consumidor, Cliente o Proveedor.<\/p>\n<p>En este sentido, los datos personales recabados mediante el apartado \u201cContacto\u201d puesto a disposici\u00f3n del p\u00fablico a trav\u00e9s de la p\u00e1gina web, ser\u00e1n tratados por US con la finalidad de tramitar las consultas que se realicen sobre nuestros productos, as\u00ed como para gestionar las incidencias y \/ o reclamaciones formuladas.<\/p>\n<p><strong>4. \u00bfQu\u00e9 datos son tratados por US y de qu\u00e9 fuentes proceden?<\/strong><\/p>\n<p>Los datos que US trata como consecuencia de las interacciones realizadas por el usuario a trav\u00e9s de nuestra p\u00e1gina web provienen de las siguientes fuentes:<\/p>\n<ul>\n<li>Datos aportados por el usuario mediante la cumplimentaci\u00f3n de los formularios puestos a disposici\u00f3n por US, o que el usuario autorice a las redes sociales a facilitar a US cuando utilice los conectores sociales de redes para registrarse, mediante la cumplimentaci\u00f3n de los espacios puestos a disposici\u00f3n para la participaci\u00f3n en promociones gestionadas por US, mediante el env\u00edo de correos electr\u00f3nicos o por cualquier otra v\u00eda mediante la que el usuario entable comunicaci\u00f3n con US.<\/li>\n<li>Datos generados como consecuencia de la navegaci\u00f3n y uso por parte del usuario de las webs de US.<\/li>\n<li>Datos generados como consecuencia del desarrollo, tramitaci\u00f3n y mantenimiento de la relaci\u00f3n entablada entre el usuario y US.<\/li>\n<li>Datos de terceros aportados por el usuario.<\/li>\n<li>Datos obtenidos de fuentes externas (p.ej., redes sociales, etc.).<\/li>\n<\/ul>\n<p>US podr\u00e1 tratar datos personales de las siguientes tipolog\u00edas, en funci\u00f3n de la relaci\u00f3n entablada con el usuario:<\/p>\n<ul>\n<li>Datos identificativos (p.ej., nombre y apellidos, correo electr\u00f3nico, direcci\u00f3n postal, tel\u00e9fono, direcci\u00f3n IP, imagen, etc.).<\/li>\n<li>Datos acad\u00e9micos o profesionales y \/ o detalles del empleo (p.ej., datos contenidos en su curr\u00edculum).<\/li>\n<li>Datos de caracter\u00edsticas personales y circunstancias sociales (p.ej., edad, fecha de nacimiento, gustos, aficiones y estilo de vida, etc.).<\/li>\n<li>Datos de navegaci\u00f3n y localizaci\u00f3n (p.ej. uso de las p\u00e1ginas web de US, secciones visitadas, datos que el usuario proporciona a trav\u00e9s de redes sociales al indicar su localizaci\u00f3n, etc.)<\/li>\n<li>Datos de salud y \/ u otra tipolog\u00edas de datos. Tales categor\u00edas de datos ser\u00e1n tratadas exclusivamente en el supuesto de que voluntariamente el usuario hubiera incluido este tipo de informaci\u00f3n en el texto libre del formulario de Atenci\u00f3n al Consumidor por entenderlo relevante para formular una reclamaci\u00f3n o comunicar una incidencia. En todo caso, se informa que ser\u00e1n aplicadas por US las medidas de seguridad apropiadas de acuerdo con la tipolog\u00eda de datos tratados en casa caso).<\/li>\n<li>Otras tipolog\u00edas de datos. Exclusivamente en caso de que el usuario se registre mediante los conectores sociales de redes sociales, ser\u00e1n tratadas las tipolog\u00edas de datos que el usuario hubiera hecho p\u00fablicas a trav\u00e9s de la red social de que se trate y que el usuario hubiera consentido sean accedidos y tratados por US.<\/li>\n<\/ul>\n<p><strong>\u00a05.\u00a0<\/strong><strong>\u00bfCu\u00e1l es la legitimaci\u00f3n legal para el tratamiento de sus datos por parte de US?<\/strong><\/p>\n<p>US trata los datos de car\u00e1cter personal facilitados por los usuarios de sus p\u00e1ginas web de acuerdo con las siguientes bases legitimadoras, en funci\u00f3n de la tipolog\u00eda de datos que sean facilitados por el usuario, as\u00ed como de las interacciones que el usuario entable con US<\/p>\n<ol>\n<li>El tratamiento de sus datos para la finalidad de \u201cContacto\u201d se basa en la gesti\u00f3n y tramitaci\u00f3n de la relaci\u00f3n jur\u00eddica entablada entre el usuario y US, es decir, en la gesti\u00f3n de su propia solicitud, en el mantenimiento del contacto entre las partes y, en su caso, en la prestaci\u00f3n del servicio que el usuario hubiera solicitado.<\/li>\n<li>El tratamiento de sus datos para las finalidades de \u201cTrabaja con nosotros\u201d, \u201cVisitas a f\u00e1brica\u201d, \u201cPromociones\u201d, \u201cComunicaciones comerciales, promocionales o publicitarias de productos y servicios propios de US y de las empresas del Grupo US, adecuadas a sus gustos, aficiones y preferencias de conformidad con la elaboraci\u00f3n, an\u00e1lisis de perfiles y segmentaci\u00f3n de usuarios realizada\u201d, se basa en el consentimiento del usuario.<\/li>\n<\/ol>\n<p>US informa que \u00fanicamente realizar\u00e1 los tratamientos de datos personales para las finalidades de tratamiento basadas en el consentimiento del usuario en el supuesto de que el usuario hubiera consentido dichos tratamientos, a trav\u00e9s de los modos de obtenci\u00f3n de consentimiento puestos a disposici\u00f3n por US.<\/p>\n<ol start=\"3\">\n<li>El tratamiento de sus datos para la finalidad de \u201cServicio de Atenci\u00f3n al Consumidor, Cliente o Proveedor\u201d se basa en la gesti\u00f3n y tramitaci\u00f3n de la relaci\u00f3n jur\u00eddica entablada entre el interesado y US y en el cumplimiento de obligaciones legales aplicables a US.<\/li>\n<\/ol>\n<p><strong>\u00a06.\u00a0<\/strong><strong>\u00bfA qui\u00e9n se comunican sus datos?<\/strong><\/p>\n<p>Los datos recabados por US para la finalidad de \u201cServicio de Atenci\u00f3n al Consumidor, Cliente o Proveedor\u201d podr\u00e1n ser comunicados por US a la empresa del Grupo US a la que se dirija la consulta, incidencia o reclamaci\u00f3n planteada, exclusivamente en caso de ser necesario. En tales supuestos, dicha comunicaci\u00f3n de datos se realizar\u00e1 en cumplimiento de obligaciones legales aplicables a US.<\/p>\n<p>Los datos recabados por US para la finalidad \u201cPromociones\u201d podr\u00e1n ser comunicados por US a:<\/p>\n<ul>\n<li>Notarios: para la realizaci\u00f3n de sorteos ante fedatario p\u00fablico.<\/li>\n<li>Administraciones Publicas para el cumplimiento de obligaciones fiscales<\/li>\n<\/ul>\n<p>En relaci\u00f3n con las restantes finalidades de tratamiento de datos detalladas en la presente Pol\u00edtica de privacidad, US informa a los usuarios que tales finalidades de tratamiento no implican comunicaciones de sus datos por parte de US a terceras entidades.<\/p>\n<p><strong>\u00a07.\u00a0<\/strong><strong>\u00bfPor cu\u00e1nto tiempo conservamos sus datos?<\/strong><\/p>\n<p>US conservar\u00e1 sus datos personales durante el tiempo necesario para la prestaci\u00f3n del servicio solicitado y \/ o para alcanzar la finalidad de tratamiento perseguida.<\/p>\n<p>Posteriormente, siempre que el usuario no haya ejercicio su derecho de supresi\u00f3n, sus datos ser\u00e1n conservados durante los plazos legales que en cada caso resulten de aplicaci\u00f3n, teniendo en cuenta la tipolog\u00eda de datos as\u00ed como la finalidad del tratamiento.<\/p>\n<p>En cualquier caso, el usuario puede solicitar informaci\u00f3n detallada sobre los plazos de conservaci\u00f3n de datos aplicados en US poni\u00e9ndose en contacto con la Comisi\u00f3n de Privacidad a quien puede contactar en la direcci\u00f3n corre@us.es.<\/p>\n<p><strong>8. \u00bfQu\u00e9 datos personales debe facilitarnos en cada caso?<\/strong><\/p>\n<p>US informa a los usuarios que, cuando los datos personales sean recabados a trav\u00e9s de un formulario puesto a disposici\u00f3n a trav\u00e9s de nuestra p\u00e1gina web, ser\u00e1 necesario que el usuario aporte, al menos, aquellos datos marcados con un asterisco (*). En caso de no suministrar al menos tales datos, considerados como necesarios, US no podr\u00e1 gestionar la prestaci\u00f3n del servicio o atender la consulta o reclamaci\u00f3n formulada por el usuario.<\/p>\n<p>Asimismo, US informa a los usuarios que deseen participar en una Promoci\u00f3n puesta a disposici\u00f3n por US mediante cualesquiera de sus p\u00e1ginas web que, en tales supuestos, deber\u00e1n ser proporcionados por el usuario los datos personales que en cada caso sean solicitados, de acuerdo con la mec\u00e1nica promocional de que se trate y con lo previsto en las Bases Legales reguladoras de la promoci\u00f3n de que se trate. En caso de no suministrar los datos que en cada caso sean necesarios, el usuario no podr\u00e1 participar en la promoci\u00f3n de que se trate y, en su caso, no podr\u00e1 recibir el premio asociado a la promoci\u00f3n de que se trate.<\/p>\n<p><strong>\u00a09.\u00a0<\/strong><strong>\u00bfQu\u00e9 debe garantizarnos al aportar sus datos de car\u00e1cter personal?<\/strong><\/p>\n<p>El usuario garantiza que los datos que aporte son verdaderos, exactos, completos y se encuentran actualizados, siendo responsable de cualquier da\u00f1o o perjuicio, directo o indirecto, que pudiera ocasionarse como consecuencia del incumplimiento de tal obligaci\u00f3n.<\/p>\n<p>En caso de que el usuario aporte datos pertenecientes a un tercero, garantiza que ha informado a dicho tercero de la totalidad de aspectos contenidos en la presente Pol\u00edtica de Privacidad y obtenido su consentimiento para facilitarnos sus datos para la finalidad de tratamiento de que se trate. Todo ello, con car\u00e1cter previo al suministro de datos de un tercero a trav\u00e9s de cualesquiera de nuestras p\u00e1ginas web.<\/p>\n<p>US le informa que para aportar sus datos personales, de cualquier modo, a trav\u00e9s de nuestra p\u00e1gina web, debe ser mayor de edad. El usuario que proporciona datos a US mediante la presente p\u00e1gina web declara y garantiza ser mayor de edad, responsabiliz\u00e1ndose enteramente de tal declaraci\u00f3n.<\/p>\n<p><strong>10. \u00bfQu\u00e9 medidas adoptamos para proteger sus datos personales?<\/strong><\/p>\n<p>En respuesta a la preocupaci\u00f3n de US por garantizar la seguridad y confidencialidad de sus datos, se han adoptado los niveles de seguridad requeridos para la protecci\u00f3n de los datos personales y se han instalado los medios t\u00e9cnicos a su alcance para evitar la p\u00e9rdida, mal uso, alteraci\u00f3n, acceso no autorizado y robo de los datos personales facilitados a trav\u00e9s del Sitio Web. En todo caso, debe tener en consideraci\u00f3n que las medidas de seguridad en Internet no son inexpugnables.<\/p>\n<p><strong>\u00a011.\u00a0<\/strong><strong>\u00bfCu\u00e1les son sus derechos sobre sus datos personales?<\/strong><\/p>\n<p>US le informa que tiene derecho a obtener confirmaci\u00f3n sobre si estamos tratando datos personales que le conciernen o no.<\/p>\n<p>Del mismo modo, US le informa que cuenta con los siguientes derechos sobre sus datos de car\u00e1cter personal:<\/p>\n<ul>\n<li>Acceder a sus datos: Tiene derecho a acceder a sus datos para conocer qu\u00e9 datos personales estamos tratando que le conciernen.<\/li>\n<li>Solicitar la rectificaci\u00f3n o supresi\u00f3n de sus datos: En determinadas circunstancias, tiene derecho a rectificar aquellos datos personales que considere inexactos y que le conciernan, y que sean objeto de tratamiento por parte de US, as\u00ed como derecho a solicitar la supresi\u00f3n de sus datos cuando, entre otros motivos, los datos ya no fueran necesarios para los fines que fueron recogidos.<\/li>\n<li>Solicitar la limitaci\u00f3n del tratamiento de sus datos: En determinadas circunstancias, tendr\u00e1 derecho a solicitarnos la limitaci\u00f3n del tratamiento de sus datos, en cuyo caso le informamos que \u00fanicamente conservaremos los datos sobre los que haya solicitado limitaci\u00f3n en el tratamiento para el ejercicio o defensa de reclamaciones.<\/li>\n<li>A la portabilidad de sus datos: En determinadas circunstancias, tendr\u00e1 derecho a recibir los datos personales que le incumban, y que nos haya facilitado, en un formato estructurado de uso com\u00fan y lectura mec\u00e1nica, as\u00ed como a que sean transmitidos por parte de US a otro responsable del tratamiento.<\/li>\n<li>Oponerse al tratamiento de sus datos: En determinadas circunstancias y por motivos relacionados con su situaci\u00f3n particular, tendr\u00e1 derecho a oponerse al tratamiento de sus datos en cuyo caso, dejar\u00edamos de tratarlos salvo que debamos continuar haci\u00e9ndolo por motivos leg\u00edtimos imperiosos o para el ejercicio o la defensa de posibles reclamaciones.<\/li>\n<\/ul>\n<p>Asimismo, le recordamos que tiene derecho a oponerse, en cualquier momento, al env\u00edo de publicidad de productos y servicios propios de US y de las empresas del Grupo US, as\u00ed como a la evaluaci\u00f3n y an\u00e1lisis de perfiles y segmentaci\u00f3n que realizamos con dicha finalidad para ofrecerle comunicaciones adecuadas a sus gustos, aficiones y preferencias.<\/p>\n<p>Adem\u00e1s, podr\u00e1 retirar cualquiera de los consentimientos que hubiera prestado para el tratamiento de sus datos, sin que ello afecte a la licitud del tratamiento basado en el consentimiento previo a su retirada..<\/p>\n<p>US facilitar\u00e1 la informaci\u00f3n solicitada en el plazo m\u00e1ximo de un mes a partir de la recepci\u00f3n de la solicitud. Dicho plazo podr\u00e1 prorrogarse otros dos meses en caso necesario, teniendo en cuenta la complejidad y el n\u00famero de solicitudes.<\/p>\n<p>US le informa que podr\u00e1 presentar reclamaci\u00f3n ante la Autoridad de Control competente en materia de protecci\u00f3n de datos. No obstante, en primera instancia, podr\u00e1 presentar reclamaci\u00f3n ante la Comisi\u00f3n de Privacidad, quien resolver\u00e1 la reclamaci\u00f3n en el plazo m\u00e1ximo de dos meses.<\/p>\n<\/div>\n<\/div>\n<\/div>\n","protected":false},"excerpt":{"rendered":"<p>La Universidad de Sevilla (en adelante, US o la Entidad) pone a disposici\u00f3n de los usuarios de la p\u00e1gina web\u00a0<\/p>\n","protected":false},"author":1,"featured_media":0,"parent":0,"menu_order":0,"comment_status":"closed","ping_status":"closed","template":"","meta":{"footnotes":""},"yoast_head":"<!-- This site is optimized with the Yoast SEO plugin v21.9.1 - https:\/\/yoast.com\/wordpress\/plugins\/seo\/ -->\n<title>Pol\u00edtica de privacidad - FYCUS<\/title>\n<meta name=\"robots\" content=\"index, follow, max-snippet:-1, max-image-preview:large, max-video-preview:-1\" \/>\n<link rel=\"canonical\" href=\"https:\/\/grupo.us.es\/fycusstce\/politica-de-privacidad\/\" \/>\n<meta property=\"og:locale\" content=\"es_ES\" \/>\n<meta property=\"og:type\" content=\"article\" \/>\n<meta property=\"og:title\" content=\"Pol\u00edtica de privacidad - FYCUS\" \/>\n<meta property=\"og:description\" content=\"La Universidad de Sevilla (en adelante, US o la Entidad) pone a disposici\u00f3n de los usuarios de la p\u00e1gina web\u00a0\" \/>\n<meta property=\"og:url\" content=\"https:\/\/grupo.us.es\/fycusstce\/politica-de-privacidad\/\" \/>\n<meta property=\"og:site_name\" content=\"FYCUS\" \/>\n<meta property=\"article:modified_time\" content=\"2023-03-23T09:08:15+00:00\" \/>\n<meta name=\"twitter:card\" content=\"summary_large_image\" \/>\n<meta name=\"twitter:label1\" content=\"Tiempo de lectura\" \/>\n\t<meta name=\"twitter:data1\" content=\"11 minutos\" \/>\n<script type=\"application\/ld+json\" class=\"yoast-schema-graph\">{\"@context\":\"https:\/\/schema.org\",\"@graph\":[{\"@type\":\"WebPage\",\"@id\":\"https:\/\/grupo.us.es\/fycusstce\/politica-de-privacidad\/\",\"url\":\"https:\/\/grupo.us.es\/fycusstce\/politica-de-privacidad\/\",\"name\":\"Pol\u00edtica de privacidad - FYCUS\",\"isPartOf\":{\"@id\":\"https:\/\/grupo.us.es\/fycusstce\/#website\"},\"datePublished\":\"2022-03-14T11:04:05+00:00\",\"dateModified\":\"2023-03-23T09:08:15+00:00\",\"inLanguage\":\"es\",\"potentialAction\":[{\"@type\":\"ReadAction\",\"target\":[\"https:\/\/grupo.us.es\/fycusstce\/politica-de-privacidad\/\"]}]},{\"@type\":\"WebSite\",\"@id\":\"https:\/\/grupo.us.es\/fycusstce\/#website\",\"url\":\"https:\/\/grupo.us.es\/fycusstce\/\",\"name\":\"FYCUS\",\"description\":\"Universidad de Sevilla\",\"publisher\":{\"@id\":\"https:\/\/grupo.us.es\/fycusstce\/#organization\"},\"potentialAction\":[{\"@type\":\"SearchAction\",\"target\":{\"@type\":\"EntryPoint\",\"urlTemplate\":\"https:\/\/grupo.us.es\/fycusstce\/?s={search_term_string}\"},\"query-input\":\"required name=search_term_string\"}],\"inLanguage\":\"es\"},{\"@type\":\"Organization\",\"@id\":\"https:\/\/grupo.us.es\/fycusstce\/#organization\",\"name\":\"FYCUS\",\"url\":\"https:\/\/grupo.us.es\/fycusstce\/\",\"logo\":{\"@type\":\"ImageObject\",\"inLanguage\":\"es\",\"@id\":\"https:\/\/grupo.us.es\/fycusstce\/#\/schema\/logo\/image\/\",\"url\":\"https:\/\/grupo.us.es\/fycusstce\/wp-content\/uploads\/2023\/05\/logo_fycus.jpg\",\"contentUrl\":\"https:\/\/grupo.us.es\/fycusstce\/wp-content\/uploads\/2023\/05\/logo_fycus.jpg\",\"width\":700,\"height\":450,\"caption\":\"FYCUS\"},\"image\":{\"@id\":\"https:\/\/grupo.us.es\/fycusstce\/#\/schema\/logo\/image\/\"}}]}<\/script>\n<!-- \/ Yoast SEO plugin. -->","yoast_head_json":{"title":"Pol\u00edtica de privacidad - FYCUS","robots":{"index":"index","follow":"follow","max-snippet":"max-snippet:-1","max-image-preview":"max-image-preview:large","max-video-preview":"max-video-preview:-1"},"canonical":"https:\/\/grupo.us.es\/fycusstce\/politica-de-privacidad\/","og_locale":"es_ES","og_type":"article","og_title":"Pol\u00edtica de privacidad - FYCUS","og_description":"La Universidad de Sevilla (en adelante, US o la Entidad) pone a disposici\u00f3n de los usuarios de la p\u00e1gina web\u00a0","og_url":"https:\/\/grupo.us.es\/fycusstce\/politica-de-privacidad\/","og_site_name":"FYCUS","article_modified_time":"2023-03-23T09:08:15+00:00","twitter_card":"summary_large_image","twitter_misc":{"Tiempo de lectura":"11 minutos"},"schema":{"@context":"https:\/\/schema.org","@graph":[{"@type":"WebPage","@id":"https:\/\/grupo.us.es\/fycusstce\/politica-de-privacidad\/","url":"https:\/\/grupo.us.es\/fycusstce\/politica-de-privacidad\/","name":"Pol\u00edtica de privacidad - FYCUS","isPartOf":{"@id":"https:\/\/grupo.us.es\/fycusstce\/#website"},"datePublished":"2022-03-14T11:04:05+00:00","dateModified":"2023-03-23T09:08:15+00:00","inLanguage":"es","potentialAction":[{"@type":"ReadAction","target":["https:\/\/grupo.us.es\/fycusstce\/politica-de-privacidad\/"]}]},{"@type":"WebSite","@id":"https:\/\/grupo.us.es\/fycusstce\/#website","url":"https:\/\/grupo.us.es\/fycusstce\/","name":"FYCUS","description":"Universidad de Sevilla","publisher":{"@id":"https:\/\/grupo.us.es\/fycusstce\/#organization"},"potentialAction":[{"@type":"SearchAction","target":{"@type":"EntryPoint","urlTemplate":"https:\/\/grupo.us.es\/fycusstce\/?s={search_term_string}"},"query-input":"required name=search_term_string"}],"inLanguage":"es"},{"@type":"Organization","@id":"https:\/\/grupo.us.es\/fycusstce\/#organization","name":"FYCUS","url":"https:\/\/grupo.us.es\/fycusstce\/","logo":{"@type":"ImageObject","inLanguage":"es","@id":"https:\/\/grupo.us.es\/fycusstce\/#\/schema\/logo\/image\/","url":"https:\/\/grupo.us.es\/fycusstce\/wp-content\/uploads\/2023\/05\/logo_fycus.jpg","contentUrl":"https:\/\/grupo.us.es\/fycusstce\/wp-content\/uploads\/2023\/05\/logo_fycus.jpg","width":700,"height":450,"caption":"FYCUS"},"image":{"@id":"https:\/\/grupo.us.es\/fycusstce\/#\/schema\/logo\/image\/"}}]}},"_links":{"self":[{"href":"https:\/\/grupo.us.es\/fycusstce\/wp-json\/wp\/v2\/pages\/33"}],"collection":[{"href":"https:\/\/grupo.us.es\/fycusstce\/wp-json\/wp\/v2\/pages"}],"about":[{"href":"https:\/\/grupo.us.es\/fycusstce\/wp-json\/wp\/v2\/types\/page"}],"author":[{"embeddable":true,"href":"https:\/\/grupo.us.es\/fycusstce\/wp-json\/wp\/v2\/users\/1"}],"replies":[{"embeddable":true,"href":"https:\/\/grupo.us.es\/fycusstce\/wp-json\/wp\/v2\/comments?post=33"}],"version-history":[{"count":9,"href":"https:\/\/grupo.us.es\/fycusstce\/wp-json\/wp\/v2\/pages\/33\/revisions"}],"predecessor-version":[{"id":2395,"href":"https:\/\/grupo.us.es\/fycusstce\/wp-json\/wp\/v2\/pages\/33\/revisions\/2395"}],"wp:attachment":[{"href":"https:\/\/grupo.us.es\/fycusstce\/wp-json\/wp\/v2\/media?parent=33"}],"curies":[{"name":"wp","href":"https:\/\/api.w.org\/{rel}","templated":true}]}}