{"id":1551,"date":"2023-09-18T08:44:06","date_gmt":"2023-09-18T08:44:06","guid":{"rendered":"https:\/\/grupo.us.es\/fqm393\/?page_id=1551"},"modified":"2023-09-18T09:07:12","modified_gmt":"2023-09-18T09:07:12","slug":"aviso-legal","status":"publish","type":"page","link":"https:\/\/grupo.us.es\/fqm393\/aviso-legal\/","title":{"rendered":"Aviso Legal"},"content":{"rendered":"\t\t<div data-elementor-type=\"wp-post\" data-elementor-id=\"1551\" class=\"elementor elementor-1551\" data-elementor-post-type=\"page\">\n\t\t\t\t\t\t<section class=\"elementor-section elementor-top-section elementor-element elementor-element-5196 elementor-section-boxed elementor-section-height-default elementor-section-height-default\" data-id=\"5196\" data-element_type=\"section\" data-e-type=\"section\" data-settings=\"{&quot;background_background&quot;:&quot;classic&quot;}\">\n\t\t\t\t\t\t\t<div class=\"elementor-background-overlay\"><\/div>\n\t\t\t\t\t\t\t<div class=\"elementor-container elementor-column-gap-default\">\n\t\t\t\t\t<div class=\"elementor-column elementor-col-100 elementor-top-column elementor-element elementor-element-8b1\" data-id=\"8b1\" data-element_type=\"column\" data-e-type=\"column\">\n\t\t\t<div class=\"elementor-widget-wrap elementor-element-populated\">\n\t\t\t\t\t\t<div class=\"elementor-element elementor-element-52ca elementor-widget elementor-widget-heading\" data-id=\"52ca\" data-element_type=\"widget\" data-e-type=\"widget\" data-widget_type=\"heading.default\">\n\t\t\t\t<div class=\"elementor-widget-container\">\n\t\t\t\t\t<h2 class=\"elementor-heading-title elementor-size-default\">Aviso Legal<\/h2>\t\t\t\t<\/div>\n\t\t\t\t<\/div>\n\t\t\t\t<div class=\"elementor-element elementor-element-7c3b elementor-widget-divider--view-line elementor-widget elementor-widget-divider\" data-id=\"7c3b\" data-element_type=\"widget\" data-e-type=\"widget\" data-widget_type=\"divider.default\">\n\t\t\t\t<div class=\"elementor-widget-container\">\n\t\t\t\t\t\t\t<div class=\"elementor-divider\">\n\t\t\t<span class=\"elementor-divider-separator\">\n\t\t\t\t\t\t<\/span>\n\t\t<\/div>\n\t\t\t\t\t\t<\/div>\n\t\t\t\t<\/div>\n\t\t\t\t\t<\/div>\n\t\t<\/div>\n\t\t\t\t\t<\/div>\n\t\t<\/section>\n\t\t\t\t<section class=\"elementor-section elementor-top-section elementor-element elementor-element-7122 elementor-section-boxed elementor-section-height-default elementor-section-height-default\" data-id=\"7122\" data-element_type=\"section\" data-e-type=\"section\">\n\t\t\t\t\t\t<div class=\"elementor-container elementor-column-gap-wide\">\n\t\t\t\t\t<div class=\"elementor-column elementor-col-100 elementor-top-column elementor-element elementor-element-7eed\" data-id=\"7eed\" data-element_type=\"column\" data-e-type=\"column\" data-settings=\"{&quot;background_background&quot;:&quot;classic&quot;}\">\n\t\t\t<div class=\"elementor-widget-wrap elementor-element-populated\">\n\t\t\t\t\t\t<div class=\"elementor-element elementor-element-de285f0 elementor-widget__width-initial elementor-widget elementor-widget-text-editor\" data-id=\"de285f0\" data-element_type=\"widget\" data-e-type=\"widget\" data-widget_type=\"text-editor.default\">\n\t\t\t\t<div class=\"elementor-widget-container\">\n\t\t\t\t\t\t\t\t\t<p>1. IDENTIFICACI\u00d3N<\/p><ul><li>Titular: UNIVERSIDAD DE SEVILLA.<\/li><li>Domicilio social: Facultad de F\u00edsica. Avda. de Reina Mercedes, s\/n Sevilla, (Sevilla) 41012.<\/li><li>Tel\u00e9fono:\u00a0+34 954 555 926<\/li><li>Email: vmorales@us.es<\/li><\/ul><p>2. INFORMACI\u00d3N Y CONSENTIMIENTO<\/p><p>De conformidad con lo dispuesto en la normativa reguladora en vigor de Protecci\u00f3n de Datos prestas t\u00fa consentimiento informado, expreso, libre y de forma inequ\u00edvoca para que tus datos personales sean tratados con la finalidad de atender las solicitudes realizadas a trav\u00e9s del sitio web. En cualquier momento el usuario podr\u00e1 darse de baja y revocar el consentimiento otorgado.<\/p><p>El registro de menores de 18 a\u00f1os no esta permitido. Si alg\u00fan registro revelara que el usuario es un menor de edad, UNIVERSIDAD DE SEVILLA. se reserva el derecho de anularlo. Sin embargo, UNIVERSIDAD DE SEVILLA., no se hace responsable de los efectos y consecuencias que los registros de menores de edad pudieran ocasionar. En cualquier momento, los padres \/ tutores de un menor que hubiera cumplimentado alguno de los formularios de recabo de datos sin autorizaci\u00f3n podr\u00e1n revisar, cancelar u oponerse al tratamiento de datos personales a trav\u00e9s de una comunicaci\u00f3n a la siguiente direcci\u00f3n vmorales@us.es\u00a0 o en la direcci\u00f3n del domicilio de Avda. de Reina Mercedes, s\/n, 41012 \u2013 Sevilla.<\/p><p>Los datos ser\u00e1n incluidos en un fichero propiedad de UNIVERSIDAD DE SEVILLA. que consta debidamente inscrito en la Agencia Espa\u00f1ola de Protecci\u00f3n de Datos.<\/p><p>UNIVERSIDAD DE SEVILLA., tiene establecidas las medidas de seguridad t\u00e9cnicas, organizativas y jur\u00eddicas exigidas por el RD 1720\/2007 (RLOPD \u2013 Reglamento de Desarrollo de la LOPD), para la protecci\u00f3n de los datos.<\/p><p>UNIVERSIDAD DE SEVILLA., podr\u00e1 ceder los datos a otras entidades integrantes del Grupo con la finalidad publicidad y prospecci\u00f3n comercial de sus productos, servicios y promociones, salvo que el usuario manifieste su oposici\u00f3n.<\/p><p>3. EJERCICIO DE DERECHOS<\/p><p>Cualquier usuario que as\u00ed lo dese\u00e9 puede ejercer sus derechos de Acceso, Rectificaci\u00f3n, Cancelaci\u00f3n y Oposici\u00f3n, solicit\u00e1ndolo por escrito a trav\u00e9s de cualquiera de los medios siguientes, incluyendo junto a la solicitud una copia de su DNI o documento oficial acreditativo de la identidad<\/p><p>Correo Postal: Avda. de Reina Mercedes s\/n, 41012 \u2013 Sevilla.<br \/>E-mail: vmorales@us.es<\/p>\t\t\t\t\t\t\t\t<\/div>\n\t\t\t\t<\/div>\n\t\t\t\t\t<\/div>\n\t\t<\/div>\n\t\t\t\t\t<\/div>\n\t\t<\/section>\n\t\t\t\t<section class=\"elementor-section elementor-top-section elementor-element elementor-element-7b34 elementor-section-boxed elementor-section-height-default elementor-section-height-default\" data-id=\"7b34\" data-element_type=\"section\" data-e-type=\"section\" data-settings=\"{&quot;background_background&quot;:&quot;classic&quot;,&quot;shape_divider_top&quot;:&quot;curve&quot;,&quot;shape_divider_top_negative&quot;:&quot;yes&quot;}\">\n\t\t\t\t\t\t\t<div class=\"elementor-background-overlay\"><\/div>\n\t\t\t\t\t\t<div class=\"elementor-shape elementor-shape-top\" aria-hidden=\"true\" data-negative=\"true\">\n\t\t\t<svg xmlns=\"http:\/\/www.w3.org\/2000\/svg\" viewBox=\"0 0 1000 100\" preserveAspectRatio=\"none\">\n\t<path class=\"elementor-shape-fill\" d=\"M500,97C126.7,96.3,0.8,19.8,0,0v100l1000,0V1C1000,19.4,873.3,97.8,500,97z\"\/>\n<\/svg>\t\t<\/div>\n\t\t\t\t\t<div class=\"elementor-container elementor-column-gap-default\">\n\t\t\t\t\t<div class=\"elementor-column elementor-col-100 elementor-top-column elementor-element elementor-element-7e07\" data-id=\"7e07\" data-element_type=\"column\" data-e-type=\"column\">\n\t\t\t<div class=\"elementor-widget-wrap\">\n\t\t\t\t\t\t\t<\/div>\n\t\t<\/div>\n\t\t\t\t\t<\/div>\n\t\t<\/section>\n\t\t\t\t<section class=\"elementor-section elementor-top-section elementor-element elementor-element-b1fa31f elementor-section-boxed elementor-section-height-default elementor-section-height-default\" data-id=\"b1fa31f\" data-element_type=\"section\" data-e-type=\"section\" data-settings=\"{&quot;background_background&quot;:&quot;classic&quot;}\">\n\t\t\t\t\t\t<div class=\"elementor-container elementor-column-gap-no\">\n\t\t\t\t\t<div class=\"elementor-column elementor-col-33 elementor-top-column elementor-element elementor-element-d49af3d\" data-id=\"d49af3d\" data-element_type=\"column\" data-e-type=\"column\">\n\t\t\t<div class=\"elementor-widget-wrap elementor-element-populated\">\n\t\t\t\t\t\t<div class=\"elementor-element elementor-element-388524b elementor-view-default elementor-widget elementor-widget-icon\" data-id=\"388524b\" data-element_type=\"widget\" data-e-type=\"widget\" data-widget_type=\"icon.default\">\n\t\t\t\t<div class=\"elementor-widget-container\">\n\t\t\t\t\t\t\t<div class=\"elementor-icon-wrapper\">\n\t\t\t<div class=\"elementor-icon\">\n\t\t\t\t\t\t\t<i class=\"fa fa-map-o\" aria-hidden=\"true\"><\/i>\n\t\t\t\t\t\t<\/div>\n\t\t<\/div>\n\t\t\t\t\t\t<\/div>\n\t\t\t\t<\/div>\n\t\t\t\t<div class=\"elementor-element elementor-element-37b97bb elementor-widget elementor-widget-text-editor\" data-id=\"37b97bb\" data-element_type=\"widget\" data-e-type=\"widget\" data-widget_type=\"text-editor.default\">\n\t\t\t\t<div class=\"elementor-widget-container\">\n\t\t\t\t\t\t\t\t\t<p><span lang=\"ES\">Av. Reina Mercedes, s\/n <\/span><\/p><p><span lang=\"ES\">41012, Sevilla<\/span>.<\/p>\t\t\t\t\t\t\t\t<\/div>\n\t\t\t\t<\/div>\n\t\t\t\t\t<\/div>\n\t\t<\/div>\n\t\t\t\t<div class=\"elementor-column elementor-col-33 elementor-top-column elementor-element elementor-element-717c5ef\" data-id=\"717c5ef\" data-element_type=\"column\" data-e-type=\"column\">\n\t\t\t<div class=\"elementor-widget-wrap elementor-element-populated\">\n\t\t\t\t\t\t<div class=\"elementor-element elementor-element-4de25c1 elementor-view-default elementor-widget elementor-widget-icon\" data-id=\"4de25c1\" data-element_type=\"widget\" data-e-type=\"widget\" data-widget_type=\"icon.default\">\n\t\t\t\t<div class=\"elementor-widget-container\">\n\t\t\t\t\t\t\t<div class=\"elementor-icon-wrapper\">\n\t\t\t<div class=\"elementor-icon\">\n\t\t\t\t\t\t\t<i class=\"fa fa-envelope\" aria-hidden=\"true\"><\/i>\n\t\t\t\t\t\t<\/div>\n\t\t<\/div>\n\t\t\t\t\t\t<\/div>\n\t\t\t\t<\/div>\n\t\t\t\t<div class=\"elementor-element elementor-element-51e5e6d elementor-widget elementor-widget-text-editor\" data-id=\"51e5e6d\" data-element_type=\"widget\" data-e-type=\"widget\" data-widget_type=\"text-editor.default\">\n\t\t\t\t<div class=\"elementor-widget-container\">\n\t\t\t\t\t\t\t\t\t<p><span lang=\"ES\">vmorales@us.es<\/span><\/p>\t\t\t\t\t\t\t\t<\/div>\n\t\t\t\t<\/div>\n\t\t\t\t\t<\/div>\n\t\t<\/div>\n\t\t\t\t<div class=\"elementor-column elementor-col-33 elementor-top-column elementor-element elementor-element-58e71e8\" data-id=\"58e71e8\" data-element_type=\"column\" data-e-type=\"column\">\n\t\t\t<div class=\"elementor-widget-wrap elementor-element-populated\">\n\t\t\t\t\t\t<div class=\"elementor-element elementor-element-12ccbe3 elementor-view-default elementor-widget elementor-widget-icon\" data-id=\"12ccbe3\" data-element_type=\"widget\" data-e-type=\"widget\" data-widget_type=\"icon.default\">\n\t\t\t\t<div class=\"elementor-widget-container\">\n\t\t\t\t\t\t\t<div class=\"elementor-icon-wrapper\">\n\t\t\t<div class=\"elementor-icon\">\n\t\t\t\t\t\t\t<i class=\"fa fa-phone-square\" aria-hidden=\"true\"><\/i>\n\t\t\t\t\t\t<\/div>\n\t\t<\/div>\n\t\t\t\t\t\t<\/div>\n\t\t\t\t<\/div>\n\t\t\t\t<div class=\"elementor-element elementor-element-cbda110 elementor-widget elementor-widget-text-editor\" data-id=\"cbda110\" data-element_type=\"widget\" data-e-type=\"widget\" data-widget_type=\"text-editor.default\">\n\t\t\t\t<div class=\"elementor-widget-container\">\n\t\t\t\t\t\t\t\t\t<p><span lang=\"ES\">+34 954 555926<\/span><\/p>\t\t\t\t\t\t\t\t<\/div>\n\t\t\t\t<\/div>\n\t\t\t\t\t<\/div>\n\t\t<\/div>\n\t\t\t\t\t<\/div>\n\t\t<\/section>\n\t\t\t\t<\/div>\n\t\t","protected":false},"excerpt":{"rendered":"<p>1. IDENTIFICACI\u00d3N Titular: UNIVERSIDAD DE SEVILLA. Domicilio social: Facultad de F\u00edsica. Avda. de Reina Mercedes, s\/n Sevilla, (Sevilla) 41012. Tel\u00e9fono:\u00a0+34 954 555 926 Email: vmorales@us.es 2. INFORMACI\u00d3N Y CONSENTIMIENTO De conformidad con lo dispuesto en la normativa reguladora en vigor de Protecci\u00f3n de Datos prestas t\u00fa consentimiento informado, expreso, libre [&hellip;]<\/p>\n","protected":false},"author":1,"featured_media":0,"parent":0,"menu_order":0,"comment_status":"closed","ping_status":"closed","template":"page-templates\/template-pagebuilder-full-width.php","meta":{"footnotes":""},"class_list":["post-1551","page","type-page","status-publish","hentry"],"aioseo_notices":[],"_links":{"self":[{"href":"https:\/\/grupo.us.es\/fqm393\/wp-json\/wp\/v2\/pages\/1551","targetHints":{"allow":["GET"]}}],"collection":[{"href":"https:\/\/grupo.us.es\/fqm393\/wp-json\/wp\/v2\/pages"}],"about":[{"href":"https:\/\/grupo.us.es\/fqm393\/wp-json\/wp\/v2\/types\/page"}],"author":[{"embeddable":true,"href":"https:\/\/grupo.us.es\/fqm393\/wp-json\/wp\/v2\/users\/1"}],"replies":[{"embeddable":true,"href":"https:\/\/grupo.us.es\/fqm393\/wp-json\/wp\/v2\/comments?post=1551"}],"version-history":[{"count":0,"href":"https:\/\/grupo.us.es\/fqm393\/wp-json\/wp\/v2\/pages\/1551\/revisions"}],"wp:attachment":[{"href":"https:\/\/grupo.us.es\/fqm393\/wp-json\/wp\/v2\/media?parent=1551"}],"curies":[{"name":"wp","href":"https:\/\/api.w.org\/{rel}","templated":true}]}}