{"id":1575,"date":"2024-06-12T12:09:30","date_gmt":"2024-06-12T12:09:30","guid":{"rendered":"https:\/\/grupo.us.es\/estygeotec\/?page_id=1575"},"modified":"2025-05-27T15:21:32","modified_gmt":"2025-05-27T15:21:32","slug":"bsc-msc-engineering-architecture-projects","status":"publish","type":"page","link":"https:\/\/grupo.us.es\/estygeotec\/bsc-msc-engineering-architecture-projects\/","title":{"rendered":"BSc and MSc projects"},"content":{"rendered":"\t\t<div data-elementor-type=\"wp-page\" data-elementor-id=\"1575\" class=\"elementor elementor-1575\" data-elementor-post-type=\"page\">\n\t\t\t\t<div class=\"elementor-element elementor-element-6949199 e-flex e-con-boxed e-con e-parent\" data-id=\"6949199\" data-element_type=\"container\" data-e-type=\"container\">\n\t\t\t\t\t<div class=\"e-con-inner\">\n\t\t<div class=\"elementor-element elementor-element-8574078 e-con-full e-flex e-con e-child\" data-id=\"8574078\" data-element_type=\"container\" data-e-type=\"container\">\n\t\t<div class=\"elementor-element elementor-element-64a5e63 e-con-full e-flex e-con e-child\" data-id=\"64a5e63\" data-element_type=\"container\" data-e-type=\"container\">\n\t\t\t\t<div class=\"elementor-element elementor-element-780fd4e elementor-widget elementor-widget-text-editor\" data-id=\"780fd4e\" data-element_type=\"widget\" data-e-type=\"widget\" data-widget_type=\"text-editor.default\">\n\t\t\t\t<div class=\"elementor-widget-container\">\n\t\t\t\t\t\t\t\t\t<p>This page presents a collection of <strong data-start=\"239\" data-end=\"295\">BSc and MSc projects in engineering and architecture supervised by the TEP-107: Structures and Geotechnics. <\/strong>They are mainly focused on structural and geotechnical research, practical applications and educational training. The <strong data-start=\"239\" data-end=\"295\">TEP-107<\/strong>\u00a0group has <strong>collaborated<\/strong> in supervising these projects <strong>across multiple universities in Spain and internationally<\/strong>. Topics range from foundation design and slope stability to soil-structure interaction, reflecting real-world challenges in geotechnical engineering.<\/p>\t\t\t\t\t\t\t\t<\/div>\n\t\t\t\t<\/div>\n\t\t\t\t<\/div>\n\t\t\t\t<div class=\"elementor-element elementor-element-faf3d3c elementor-widget__width-inherit e-n-tabs-mobile elementor-widget elementor-widget-n-tabs\" data-id=\"faf3d3c\" data-element_type=\"widget\" data-e-type=\"widget\" data-settings=\"{&quot;horizontal_scroll_mobile&quot;:&quot;disable&quot;,&quot;horizontal_scroll&quot;:&quot;disable&quot;}\" data-widget_type=\"nested-tabs.default\">\n\t\t\t\t<div class=\"elementor-widget-container\">\n\t\t\t\t\t\t\t<div class=\"e-n-tabs\" data-widget-number=\"263142716\" aria-label=\"Tabs. Open items with Enter or Space, close with Escape and navigate using the Arrow keys.\">\n\t\t\t<div class=\"e-n-tabs-heading\" role=\"tablist\">\n\t\t\t\t\t<button id=\"e-n-tab-title-2631427161\" data-tab-title-id=\"e-n-tab-title-2631427161\" class=\"e-n-tab-title\" aria-selected=\"true\" data-tab-index=\"1\" role=\"tab\" tabindex=\"0\" aria-controls=\"e-n-tab-content-2631427161\" style=\"--n-tabs-title-order: 1;\">\n\t\t\t\t\t\t<span class=\"e-n-tab-title-text\">\n\t\t\t\tMSc projects\t\t\t<\/span>\n\t\t<\/button>\n\t\t\t\t<button id=\"e-n-tab-title-2631427162\" data-tab-title-id=\"e-n-tab-title-2631427162\" class=\"e-n-tab-title\" aria-selected=\"false\" data-tab-index=\"2\" role=\"tab\" tabindex=\"-1\" aria-controls=\"e-n-tab-content-2631427162\" style=\"--n-tabs-title-order: 2;\">\n\t\t\t\t\t\t<span class=\"e-n-tab-title-text\">\n\t\t\t\tBSc projects\t\t\t<\/span>\n\t\t<\/button>\n\t\t\t\t\t<\/div>\n\t\t\t<div class=\"e-n-tabs-content\">\n\t\t\t\t<div id=\"e-n-tab-content-2631427161\" role=\"tabpanel\" aria-labelledby=\"e-n-tab-title-2631427161\" data-tab-index=\"1\" style=\"--n-tabs-title-order: 1;\" class=\"e-active elementor-element elementor-element-dd505b4 e-con-full e-flex e-con e-child\" data-id=\"dd505b4\" data-element_type=\"container\" data-e-type=\"container\">\n\t\t\t\t<div class=\"elementor-element elementor-element-31672ae elementor-widget__width-inherit elementor-widget elementor-widget-text-editor\" data-id=\"31672ae\" data-element_type=\"widget\" data-e-type=\"widget\" data-widget_type=\"text-editor.default\">\n\t\t\t\t<div class=\"elementor-widget-container\">\n\t\t\t\t\t\t\t\t\t<p>\n<table id=\"tablepress-11\" class=\"tablepress tablepress-id-11\">\n<thead>\n<tr class=\"row-1\">\n\t<th class=\"column-1\">Year<\/th><th class=\"column-2\">Title<\/th><th class=\"column-3\">Supervised<\/th><th class=\"column-4\">Institution<\/th>\n<\/tr>\n<\/thead>\n<tbody class=\"row-striping row-hover\">\n<tr class=\"row-2\">\n\t<td class=\"column-1\">2023<\/td><td class=\"column-2\">\u2018An\u00e1lisis Biomec\u00e1nico por Impacto Frontal de un Cami\u00f3n de Categor\u00eda N3\u2019<\/td><td class=\"column-3\"><a href=\"https:\/\/grupo.us.es\/estygeotec\/maria-victoria-requena-garcia-de-la-cruz-mvr\/\">Requena Garcia de la Cruz, MV<\/a><\/td><td class=\"column-4\"><a href=\"https:\/\/universidadeuropea.com\/?utm_source=google&amp;utm_medium=cpc&amp;utm_campaign=G-UEM-FF-BR-NAC-EUR-ES-MAR-NON-SP-SR-BRAND&amp;uecrm=7017U000000YEyRQAW&amp;gad_source=1&amp;gad_campaignid=70331985&amp;gbraid=0AAAAADr9iJJvLI4bP0JU4KMJPsaBzdgEN&amp;gclid=Cj0KCQjwotDBBhCQARIsAG5pinPmGBzJNJhvT_2IBht9x4GVHNh1xB-_D95GmIzxdGzcvr4BjNzFkDcaAqMpEALw_wcB\" target=\"_blank\">European University<\/a><\/td>\n<\/tr>\n<tr class=\"row-3\">\n\t<td class=\"column-1\">2023<\/td><td class=\"column-2\">\u2018Proyecto de instalaci\u00f3n de una electrolinera\u2019<\/td><td class=\"column-3\"><a href=\"https:\/\/grupo.us.es\/estygeotec\/maria-victoria-requena-garcia-de-la-cruz-mvr\/\">Requena Garcia de la Cruz, MV<\/a><\/td><td class=\"column-4\"><a href=\"https:\/\/www.uca.es\/\" target=\"_blank\">Univesity of Cadiz<\/a><\/td>\n<\/tr>\n<tr class=\"row-4\">\n\t<td class=\"column-1\">2023<\/td><td class=\"column-2\">\u2018Vulnerabilidade s\u00edsmica de edif\u00edcios de bet\u00e3o armado no sul de Espanha\u2019<\/td><td class=\"column-3\">Bento, R<br \/>\n<a href=\"https:\/\/grupo.us.es\/estygeotec\/maria-victoria-requena-garcia-de-la-cruz-mvr\/\">Requena Garcia de la Cruz, MV<\/a><\/td><td class=\"column-4\"><a href=\"https:\/\/tecnico.ulisboa.pt\/pt\/\" target=\"_blank\">Instituto Superior T\u00e9cnico, University of Lisbon, Portugal<\/a><\/td>\n<\/tr>\n<\/tbody>\n<\/table>\n<\/p>\t\t\t\t\t\t\t\t<\/div>\n\t\t\t\t<\/div>\n\t\t\t\t<\/div>\n\t\t<div id=\"e-n-tab-content-2631427162\" role=\"tabpanel\" aria-labelledby=\"e-n-tab-title-2631427162\" data-tab-index=\"2\" style=\"--n-tabs-title-order: 2;\" class=\" elementor-element elementor-element-0e1d885 e-con-full e-flex e-con e-child\" data-id=\"0e1d885\" data-element_type=\"container\" data-e-type=\"container\">\n\t\t\t\t<div class=\"elementor-element elementor-element-53df63f elementor-widget__width-inherit elementor-widget elementor-widget-text-editor\" data-id=\"53df63f\" data-element_type=\"widget\" data-e-type=\"widget\" data-widget_type=\"text-editor.default\">\n\t\t\t\t<div class=\"elementor-widget-container\">\n\t\t\t\t\t\t\t\t\t<p>\n<table id=\"tablepress-12\" class=\"tablepress tablepress-id-12\">\n<thead>\n<tr class=\"row-1\">\n\t<th class=\"column-1\">Year<\/th><th class=\"column-2\">Title<\/th><th class=\"column-3\">Supervised<\/th><th class=\"column-4\">Institution<\/th>\n<\/tr>\n<\/thead>\n<tbody class=\"row-striping row-hover\">\n<tr class=\"row-2\">\n\t<td class=\"column-1\">2024<\/td><td class=\"column-2\">\u2018Proyecto de adecuaci\u00f3n de un taller de carpinter\u00eda met\u00e1lica\u2019<\/td><td class=\"column-3\"><a href=\"https:\/\/grupo.us.es\/estygeotec\/maria-victoria-requena-garcia-de-la-cruz-mvr\/\">Requena Garcia de la Cruz, MV<\/a><\/td><td class=\"column-4\"><a href=\"https:\/\/www.uca.es\/\" target=\"_blank\">Univesity of Cadiz<\/a><\/td>\n<\/tr>\n<tr class=\"row-3\">\n\t<td class=\"column-1\">2024<\/td><td class=\"column-2\">\u2018An\u00e1lisis comparativo de t\u00e9cnicas de modelado de muros de carga mediante el m\u00e9todo de los elementos finitos\u2019<\/td><td class=\"column-3\"><a href=\"https:\/\/grupo.us.es\/estygeotec\/maria-victoria-requena-garcia-de-la-cruz-mvr\/\">Requena Garcia de la Cruz, MV<\/a><\/td><td class=\"column-4\"><a href=\"https:\/\/www.uca.es\/\" target=\"_blank\">Univesity of Cadiz<\/a><\/td>\n<\/tr>\n<tr class=\"row-4\">\n\t<td class=\"column-1\">2024<\/td><td class=\"column-2\">\u2018Calibraci\u00f3n y validaci\u00f3n de materiales y elementos de mamposter\u00eda en 2D de acuerdo a ensayos experimentales\u2019<\/td><td class=\"column-3\"><a href=\"https:\/\/grupo.us.es\/estygeotec\/maria-victoria-requena-garcia-de-la-cruz-mvr\/\">Requena Garcia de la Cruz, MV<\/a><\/td><td class=\"column-4\"><a href=\"https:\/\/www.uca.es\/\" target=\"_blank\">Univesity of Cadiz<\/a><\/td>\n<\/tr>\n<tr class=\"row-5\">\n\t<td class=\"column-1\">2024<\/td><td class=\"column-2\">\u2018C\u00e1lculo y an\u00e1lisis de la interacci\u00f3n suelo-pilote a partir del m\u00e9todo de los elementos finitos\u2019<\/td><td class=\"column-3\"><a href=\"https:\/\/grupo.us.es\/estygeotec\/maria-victoria-requena-garcia-de-la-cruz-mvr\/\">Requena Garcia de la Cruz, MV<\/a><\/td><td class=\"column-4\"><a href=\"https:\/\/www.uca.es\/\" target=\"_blank\">Univesity of Cadiz<\/a><\/td>\n<\/tr>\n<tr class=\"row-6\">\n\t<td class=\"column-1\">2024<\/td><td class=\"column-2\">\u2018An\u00e1lisis de sensibilidad del comportamiento de muros de carga mediante la t\u00e9cnica del micromodelado\u2019<\/td><td class=\"column-3\"><a href=\"https:\/\/grupo.us.es\/estygeotec\/maria-victoria-requena-garcia-de-la-cruz-mvr\/\">Requena Garcia de la Cruz, MV<\/a><\/td><td class=\"column-4\"><a href=\"https:\/\/www.uca.es\/\" target=\"_blank\">Univesity of Cadiz<\/a><\/td>\n<\/tr>\n<tr class=\"row-7\">\n\t<td class=\"column-1\">2024<\/td><td class=\"column-2\">\u2018An\u00e1lisis de las deformaciones por el m\u00e9todo de los elementos finitos de un chasis tubular\u2019<\/td><td class=\"column-3\"><a href=\"https:\/\/grupo.us.es\/estygeotec\/maria-victoria-requena-garcia-de-la-cruz-mvr\/\">Requena Garcia de la Cruz, MV<\/a><\/td><td class=\"column-4\"><a href=\"https:\/\/www.uca.es\/\" target=\"_blank\">Univesity of Cadiz<\/a><\/td>\n<\/tr>\n<tr class=\"row-8\">\n\t<td class=\"column-1\">2023<\/td><td class=\"column-2\">\u2018An\u00e1lisis num\u00e9rico del comportamiento estructural de elementos-columna mediante el empleo del m\u00e9todo de los elementos finitos\u2019<\/td><td class=\"column-3\"><a href=\"https:\/\/grupo.us.es\/estygeotec\/maria-victoria-requena-garcia-de-la-cruz-mvr\/\">Requena Garcia de la Cruz, MV<\/a><\/td><td class=\"column-4\"><a href=\"https:\/\/www.uca.es\/\" target=\"_blank\">Univesity of Cadiz<\/a><\/td>\n<\/tr>\n<tr class=\"row-9\">\n\t<td class=\"column-1\">2023<\/td><td class=\"column-2\">\u2018An\u00e1lisis estructural, econ\u00f3mico y de sostenibilidad de una estructura offshore en diferentes fases de montaje\u2019<\/td><td class=\"column-3\"><a href=\"https:\/\/grupo.us.es\/estygeotec\/maria-victoria-requena-garcia-de-la-cruz-mvr\/\">Requena Garcia de la Cruz, MV<\/a><\/td><td class=\"column-4\"><a href=\"https:\/\/www.uca.es\/\" target=\"_blank\">Univesity of Cadiz<\/a><\/td>\n<\/tr>\n<\/tbody>\n<\/table>\n<\/p>\t\t\t\t\t\t\t\t<\/div>\n\t\t\t\t<\/div>\n\t\t\t\t<\/div>\n\t\t\t\t\t<\/div>\n\t\t<\/div>\n\t\t\t\t\t\t<\/div>\n\t\t\t\t<\/div>\n\t\t\t\t<\/div>\n\t\t\t\t\t<\/div>\n\t\t\t\t<\/div>\n\t\t\t\t<\/div>\n\t\t","protected":false},"excerpt":{"rendered":"<p>This page presents a collection of BSc and MSc projects in engineering and architecture supervised by the TEP-107: Structures and Geotechnics. They are mainly focused on structural and geotechnical research, practical applications and educational training. The TEP-107\u00a0group has collaborated in supervising these projects across multiple universities in Spain and internationally. Topics range from foundation design [&hellip;]<\/p>\n","protected":false},"author":6,"featured_media":0,"parent":0,"menu_order":0,"comment_status":"closed","ping_status":"closed","template":"","meta":{"_acf_changed":false,"footnotes":""},"class_list":["post-1575","page","type-page","status-publish","hentry"],"acf":[],"yoast_head":"<!-- This site is optimized with the Yoast SEO plugin v27.3 - https:\/\/yoast.com\/product\/yoast-seo-wordpress\/ -->\n<title>BSc and MSc projects - TEP-107: Structures and Geotechnics<\/title>\n<meta name=\"description\" content=\"BSc and MSc projects in engineering and architecture supervised focused on geotechnical analysis, design and real-world applications.\" \/>\n<meta name=\"robots\" content=\"index, follow, max-snippet:-1, max-image-preview:large, max-video-preview:-1\" \/>\n<link rel=\"canonical\" href=\"https:\/\/grupo.us.es\/estygeotec\/bsc-msc-engineering-architecture-projects\/\" \/>\n<meta property=\"og:locale\" content=\"en_GB\" \/>\n<meta property=\"og:type\" content=\"article\" \/>\n<meta property=\"og:title\" content=\"BSc and MSc projects - TEP-107: Structures and Geotechnics\" \/>\n<meta property=\"og:description\" content=\"BSc and MSc projects in engineering and architecture supervised focused on geotechnical analysis, design and real-world applications.\" \/>\n<meta property=\"og:url\" content=\"https:\/\/grupo.us.es\/estygeotec\/bsc-msc-engineering-architecture-projects\/\" \/>\n<meta property=\"og:site_name\" content=\"TEP-107: Structures and Geotechnics\" \/>\n<meta property=\"article:modified_time\" content=\"2025-05-27T15:21:32+00:00\" \/>\n<meta name=\"twitter:card\" content=\"summary_large_image\" \/>\n<meta name=\"twitter:label1\" content=\"Estimated reading time\" \/>\n\t<meta name=\"twitter:data1\" content=\"3 minutes\" \/>\n<script type=\"application\/ld+json\" class=\"yoast-schema-graph\">{\"@context\":\"https:\\\/\\\/schema.org\",\"@graph\":[{\"@type\":\"WebPage\",\"@id\":\"https:\\\/\\\/grupo.us.es\\\/estygeotec\\\/bsc-msc-engineering-architecture-projects\\\/\",\"url\":\"https:\\\/\\\/grupo.us.es\\\/estygeotec\\\/bsc-msc-engineering-architecture-projects\\\/\",\"name\":\"BSc and MSc projects - TEP-107: Structures and Geotechnics\",\"isPartOf\":{\"@id\":\"https:\\\/\\\/grupo.us.es\\\/estygeotec\\\/#website\"},\"datePublished\":\"2024-06-12T12:09:30+00:00\",\"dateModified\":\"2025-05-27T15:21:32+00:00\",\"description\":\"BSc and MSc projects in engineering and architecture supervised focused on geotechnical analysis, design and real-world applications.\",\"breadcrumb\":{\"@id\":\"https:\\\/\\\/grupo.us.es\\\/estygeotec\\\/bsc-msc-engineering-architecture-projects\\\/#breadcrumb\"},\"inLanguage\":\"en-GB\",\"potentialAction\":[{\"@type\":\"ReadAction\",\"target\":[\"https:\\\/\\\/grupo.us.es\\\/estygeotec\\\/bsc-msc-engineering-architecture-projects\\\/\"]}]},{\"@type\":\"BreadcrumbList\",\"@id\":\"https:\\\/\\\/grupo.us.es\\\/estygeotec\\\/bsc-msc-engineering-architecture-projects\\\/#breadcrumb\",\"itemListElement\":[{\"@type\":\"ListItem\",\"position\":1,\"name\":\"Portada\",\"item\":\"https:\\\/\\\/grupo.us.es\\\/estygeotec\\\/\"},{\"@type\":\"ListItem\",\"position\":2,\"name\":\"BSc and MSc projects\"}]},{\"@type\":\"WebSite\",\"@id\":\"https:\\\/\\\/grupo.us.es\\\/estygeotec\\\/#website\",\"url\":\"https:\\\/\\\/grupo.us.es\\\/estygeotec\\\/\",\"name\":\"TEP-107: Structures and Geotechnics\",\"description\":\"Research Group\",\"publisher\":{\"@id\":\"https:\\\/\\\/grupo.us.es\\\/estygeotec\\\/#organization\"},\"potentialAction\":[{\"@type\":\"SearchAction\",\"target\":{\"@type\":\"EntryPoint\",\"urlTemplate\":\"https:\\\/\\\/grupo.us.es\\\/estygeotec\\\/?s={search_term_string}\"},\"query-input\":{\"@type\":\"PropertyValueSpecification\",\"valueRequired\":true,\"valueName\":\"search_term_string\"}}],\"inLanguage\":\"en-GB\"},{\"@type\":\"Organization\",\"@id\":\"https:\\\/\\\/grupo.us.es\\\/estygeotec\\\/#organization\",\"name\":\"TEP-107: Structures and Geotechnics\",\"url\":\"https:\\\/\\\/grupo.us.es\\\/estygeotec\\\/\",\"logo\":{\"@type\":\"ImageObject\",\"inLanguage\":\"en-GB\",\"@id\":\"https:\\\/\\\/grupo.us.es\\\/estygeotec\\\/#\\\/schema\\\/logo\\\/image\\\/\",\"url\":\"https:\\\/\\\/grupo.us.es\\\/estygeotec\\\/wp-content\\\/uploads\\\/2025\\\/05\\\/cropped-LOGO-1.png\",\"contentUrl\":\"https:\\\/\\\/grupo.us.es\\\/estygeotec\\\/wp-content\\\/uploads\\\/2025\\\/05\\\/cropped-LOGO-1.png\",\"width\":353,\"height\":102,\"caption\":\"TEP-107: Structures and Geotechnics\"},\"image\":{\"@id\":\"https:\\\/\\\/grupo.us.es\\\/estygeotec\\\/#\\\/schema\\\/logo\\\/image\\\/\"}}]}<\/script>\n<!-- \/ Yoast SEO plugin. -->","yoast_head_json":{"title":"BSc and MSc projects - TEP-107: Structures and Geotechnics","description":"BSc and MSc projects in engineering and architecture supervised focused on geotechnical analysis, design and real-world applications.","robots":{"index":"index","follow":"follow","max-snippet":"max-snippet:-1","max-image-preview":"max-image-preview:large","max-video-preview":"max-video-preview:-1"},"canonical":"https:\/\/grupo.us.es\/estygeotec\/bsc-msc-engineering-architecture-projects\/","og_locale":"en_GB","og_type":"article","og_title":"BSc and MSc projects - TEP-107: Structures and Geotechnics","og_description":"BSc and MSc projects in engineering and architecture supervised focused on geotechnical analysis, design and real-world applications.","og_url":"https:\/\/grupo.us.es\/estygeotec\/bsc-msc-engineering-architecture-projects\/","og_site_name":"TEP-107: Structures and Geotechnics","article_modified_time":"2025-05-27T15:21:32+00:00","twitter_card":"summary_large_image","twitter_misc":{"Estimated reading time":"3 minutes"},"schema":{"@context":"https:\/\/schema.org","@graph":[{"@type":"WebPage","@id":"https:\/\/grupo.us.es\/estygeotec\/bsc-msc-engineering-architecture-projects\/","url":"https:\/\/grupo.us.es\/estygeotec\/bsc-msc-engineering-architecture-projects\/","name":"BSc and MSc projects - TEP-107: Structures and Geotechnics","isPartOf":{"@id":"https:\/\/grupo.us.es\/estygeotec\/#website"},"datePublished":"2024-06-12T12:09:30+00:00","dateModified":"2025-05-27T15:21:32+00:00","description":"BSc and MSc projects in engineering and architecture supervised focused on geotechnical analysis, design and real-world applications.","breadcrumb":{"@id":"https:\/\/grupo.us.es\/estygeotec\/bsc-msc-engineering-architecture-projects\/#breadcrumb"},"inLanguage":"en-GB","potentialAction":[{"@type":"ReadAction","target":["https:\/\/grupo.us.es\/estygeotec\/bsc-msc-engineering-architecture-projects\/"]}]},{"@type":"BreadcrumbList","@id":"https:\/\/grupo.us.es\/estygeotec\/bsc-msc-engineering-architecture-projects\/#breadcrumb","itemListElement":[{"@type":"ListItem","position":1,"name":"Portada","item":"https:\/\/grupo.us.es\/estygeotec\/"},{"@type":"ListItem","position":2,"name":"BSc and MSc projects"}]},{"@type":"WebSite","@id":"https:\/\/grupo.us.es\/estygeotec\/#website","url":"https:\/\/grupo.us.es\/estygeotec\/","name":"TEP-107: Structures and Geotechnics","description":"Research Group","publisher":{"@id":"https:\/\/grupo.us.es\/estygeotec\/#organization"},"potentialAction":[{"@type":"SearchAction","target":{"@type":"EntryPoint","urlTemplate":"https:\/\/grupo.us.es\/estygeotec\/?s={search_term_string}"},"query-input":{"@type":"PropertyValueSpecification","valueRequired":true,"valueName":"search_term_string"}}],"inLanguage":"en-GB"},{"@type":"Organization","@id":"https:\/\/grupo.us.es\/estygeotec\/#organization","name":"TEP-107: Structures and Geotechnics","url":"https:\/\/grupo.us.es\/estygeotec\/","logo":{"@type":"ImageObject","inLanguage":"en-GB","@id":"https:\/\/grupo.us.es\/estygeotec\/#\/schema\/logo\/image\/","url":"https:\/\/grupo.us.es\/estygeotec\/wp-content\/uploads\/2025\/05\/cropped-LOGO-1.png","contentUrl":"https:\/\/grupo.us.es\/estygeotec\/wp-content\/uploads\/2025\/05\/cropped-LOGO-1.png","width":353,"height":102,"caption":"TEP-107: Structures and Geotechnics"},"image":{"@id":"https:\/\/grupo.us.es\/estygeotec\/#\/schema\/logo\/image\/"}}]}},"_links":{"self":[{"href":"https:\/\/grupo.us.es\/estygeotec\/wp-json\/wp\/v2\/pages\/1575","targetHints":{"allow":["GET"]}}],"collection":[{"href":"https:\/\/grupo.us.es\/estygeotec\/wp-json\/wp\/v2\/pages"}],"about":[{"href":"https:\/\/grupo.us.es\/estygeotec\/wp-json\/wp\/v2\/types\/page"}],"author":[{"embeddable":true,"href":"https:\/\/grupo.us.es\/estygeotec\/wp-json\/wp\/v2\/users\/6"}],"replies":[{"embeddable":true,"href":"https:\/\/grupo.us.es\/estygeotec\/wp-json\/wp\/v2\/comments?post=1575"}],"version-history":[{"count":0,"href":"https:\/\/grupo.us.es\/estygeotec\/wp-json\/wp\/v2\/pages\/1575\/revisions"}],"wp:attachment":[{"href":"https:\/\/grupo.us.es\/estygeotec\/wp-json\/wp\/v2\/media?parent=1575"}],"curies":[{"name":"wp","href":"https:\/\/api.w.org\/{rel}","templated":true}]}}