{"id":530,"date":"2022-01-17T12:39:17","date_gmt":"2022-01-17T12:39:17","guid":{"rendered":"http:\/\/grupo.us.es\/estudiolais\/?page_id=530"},"modified":"2025-07-24T11:06:11","modified_gmt":"2025-07-24T11:06:11","slug":"doctoral-dissertations","status":"publish","type":"page","link":"https:\/\/grupo.us.es\/estudiolais\/en\/doctoral-dissertations\/","title":{"rendered":"Doctoral dissertations"},"content":{"rendered":"\n<p><\/p>\n\n\n\n<p>Fuentes-Gonz\u00e1lez, A. (2025).\u00a0<em>Adverse Childhood Experiences, Protection Trajectories, and Development of Children and Adolescents in Residential Care<\/em>. Doctoral Dissertation. Supervisor: Maite Rom\u00e1n. Sevilla: Sevilla University. Qualification: Outstanding Cum Laude. <\/p>\n\n\n\n<p>C\u00e1ceres, I. (2021). <em>El desarrollo social de menores adoptados internacionalmente e institucionalizados: Habilidades sociales y relaciones con iguales a lo largo de la infancia y la adolescencia<\/em>. Doctoral Dissertation. Supervisors: Maite Rom\u00e1n and Carmen Moreno. Sevilla: Sevilla University. Qualification: Outstanding Cum Laude. <a href=\"https:\/\/idus.us.es\/handle\/11441\/126575\" target=\"_blank\" rel=\"noreferrer noopener\">See here<\/a><\/p>\n\n\n\n<p>Pe\u00f1arrubia, M.G. (2015). <em>Funci\u00f3n ejecutiva en ni\u00f1os y ni\u00f1as adoptados internacionalmente y su relaci\u00f3n con el desarrollo socioemocional<\/em>. Doctoral Dissertation. Supervisors: Jes\u00fas Palacios and Maite Rom\u00e1n. Sevilla: Sevilla University. Qualification: Outstanding Cum Laude. <a rel=\"noreferrer noopener\" href=\"https:\/\/idus.us.es\/handle\/11441\/34462\" target=\"_blank\">See here<\/a><\/p>\n\n\n\n<p>Oropesa, F.N. (2015). <em>An\u00e1lisis del contexto familiar en la adopci\u00f3n: caracter\u00edsticas psicol\u00f3gicas de los padres y madres y procesos de relaci\u00f3n entre padres e hijos<\/em>. Doctoral Dissertation. Supervisors: Jes\u00fas Palacios and Esperanza Le\u00f3n. Sevilla: Sevilla University. Qualification: Outstanding Cum Laude. <a rel=\"noreferrer noopener\" href=\"https:\/\/idus.us.es\/handle\/11441\/36593\" target=\"_blank\">See here<\/a><\/p>\n\n\n\n<p>Rom\u00e1n, M. (2010). <em>El apego en ni\u00f1os y ni\u00f1as adoptados. Modelos internos, conductas y trastornos de apego<\/em>. Doctoral Disertation. Supervisor: Jes\u00fas Palacios. Sevilla: Sevilla University. Qualification: Outstanding Cum Laude. <a rel=\"noreferrer noopener\" href=\"https:\/\/idus.us.es\/handle\/11441\/15474\" target=\"_blank\">See here<\/a><\/p>\n","protected":false},"excerpt":{"rendered":"<p>Fuentes-Gonz\u00e1lez, A. (2025).\u00a0Adverse Childhood Experiences, Protection Trajectories, and Development of Children and Adolescents in Residential Care. Doctoral Dissertation. Supervisor: Maite Rom\u00e1n. Sevilla: Sevilla University. Qualification: Outstanding Cum Laude. C\u00e1ceres, I. (2021). El desarrollo social de menores adoptados internacionalmente e institucionalizados: Habilidades sociales y relaciones con iguales a lo largo de la infancia y la adolescencia. [&hellip;]<\/p>\n","protected":false},"author":2,"featured_media":0,"parent":0,"menu_order":0,"comment_status":"closed","ping_status":"closed","template":"","meta":{"footnotes":""},"class_list":["post-530","page","type-page","status-publish","hentry"],"_links":{"self":[{"href":"https:\/\/grupo.us.es\/estudiolais\/wp-json\/wp\/v2\/pages\/530","targetHints":{"allow":["GET"]}}],"collection":[{"href":"https:\/\/grupo.us.es\/estudiolais\/wp-json\/wp\/v2\/pages"}],"about":[{"href":"https:\/\/grupo.us.es\/estudiolais\/wp-json\/wp\/v2\/types\/page"}],"author":[{"embeddable":true,"href":"https:\/\/grupo.us.es\/estudiolais\/wp-json\/wp\/v2\/users\/2"}],"replies":[{"embeddable":true,"href":"https:\/\/grupo.us.es\/estudiolais\/wp-json\/wp\/v2\/comments?post=530"}],"version-history":[{"count":10,"href":"https:\/\/grupo.us.es\/estudiolais\/wp-json\/wp\/v2\/pages\/530\/revisions"}],"predecessor-version":[{"id":1499,"href":"https:\/\/grupo.us.es\/estudiolais\/wp-json\/wp\/v2\/pages\/530\/revisions\/1499"}],"wp:attachment":[{"href":"https:\/\/grupo.us.es\/estudiolais\/wp-json\/wp\/v2\/media?parent=530"}],"curies":[{"name":"wp","href":"https:\/\/api.w.org\/{rel}","templated":true}]}}