{"id":423,"date":"2021-11-12T11:56:56","date_gmt":"2021-11-12T11:56:56","guid":{"rendered":"http:\/\/grupo.us.es\/estudiolais\/?page_id=423"},"modified":"2025-07-24T09:40:58","modified_gmt":"2025-07-24T09:40:58","slug":"transferencia-del-conocimiento","status":"publish","type":"page","link":"https:\/\/grupo.us.es\/estudiolais\/transferencia-del-conocimiento\/","title":{"rendered":"Transferencia del conocimiento"},"content":{"rendered":"\n<p class=\"has-black-color has-text-color\">Fuentes-Gonz\u00e1lez, A. (2021). Entrevista divulgativa <em>Evoluci\u00f3n de menores en acogimiento residencial en Espa\u00f1a: Trayectoria y Desarrollo de un grupo de chicos y chicas en centros de acogida desde su infancia hasta su adolescencia. <\/em>P\u00e1gina Web de la Universidad de Sevilla. 08.02.2021. <strong><a href=\"https:\/\/psicologia.us.es\/sites\/psicologia\/files\/agenda\/TFM_transferencia_scociedad_19_20_andrea_fuentes_gonzalez.pdf\" data-type=\"URL\" data-id=\"https:\/\/psicologia.us.es\/sites\/psicologia\/files\/agenda\/TFM_transferencia_scociedad_19_20_andrea_fuentes_gonzalez.pdf\" target=\"_blank\" rel=\"noreferrer noopener\">Ver Aqu\u00ed.<\/a><\/strong><\/p>\n\n\n\n<p class=\"has-black-color has-text-color\">Palacios, J. y Rom\u00e1n, M. (2021). Entrevista divulgativa <em>Las funciones cognitivas en ni\u00f1os adoptados mejoran en familia.<\/em> Canal Ciencia de la Universidad de Sevilla, Centro de Investigaci\u00f3n, Tecnolog\u00eda e Innovaci\u00f3n de la Universidad de Sevilla (CITIUS). 25.01.2021. <strong><a rel=\"noreferrer noopener\" href=\"http:\/\/canalciencia.us.es\/las-funciones-cognitivas-en-ninos-adoptados-mejoran-en-familia\/\" data-type=\"URL\" data-id=\"http:\/\/canalciencia.us.es\/las-funciones-cognitivas-en-ninos-adoptados-mejoran-en-familia\/\" target=\"_blank\">Ver Aqu\u00ed.<\/a><\/strong><\/p>\n\n\n\n<p><\/p>\n\n\n\n<p><\/p>\n\n\n\n<p><\/p>\n\n\n\n<p><\/p>\n\n\n\n<p><\/p>\n\n\n\n<p><\/p>\n\n\n\n<p><\/p>\n","protected":false},"excerpt":{"rendered":"<p>Fuentes-Gonz\u00e1lez, A. (2021). Entrevista divulgativa Evoluci\u00f3n de menores en acogimiento residencial en Espa\u00f1a: Trayectoria y Desarrollo de un grupo de chicos y chicas en centros de acogida desde su infancia hasta su adolescencia. P\u00e1gina Web de la Universidad de Sevilla. 08.02.2021. Ver Aqu\u00ed. Palacios, J. y Rom\u00e1n, M. (2021). Entrevista divulgativa Las funciones cognitivas en [&hellip;]<\/p>\n","protected":false},"author":2,"featured_media":0,"parent":0,"menu_order":0,"comment_status":"closed","ping_status":"closed","template":"","meta":{"footnotes":""},"class_list":["post-423","page","type-page","status-publish","hentry"],"_links":{"self":[{"href":"https:\/\/grupo.us.es\/estudiolais\/wp-json\/wp\/v2\/pages\/423","targetHints":{"allow":["GET"]}}],"collection":[{"href":"https:\/\/grupo.us.es\/estudiolais\/wp-json\/wp\/v2\/pages"}],"about":[{"href":"https:\/\/grupo.us.es\/estudiolais\/wp-json\/wp\/v2\/types\/page"}],"author":[{"embeddable":true,"href":"https:\/\/grupo.us.es\/estudiolais\/wp-json\/wp\/v2\/users\/2"}],"replies":[{"embeddable":true,"href":"https:\/\/grupo.us.es\/estudiolais\/wp-json\/wp\/v2\/comments?post=423"}],"version-history":[{"count":9,"href":"https:\/\/grupo.us.es\/estudiolais\/wp-json\/wp\/v2\/pages\/423\/revisions"}],"predecessor-version":[{"id":1474,"href":"https:\/\/grupo.us.es\/estudiolais\/wp-json\/wp\/v2\/pages\/423\/revisions\/1474"}],"wp:attachment":[{"href":"https:\/\/grupo.us.es\/estudiolais\/wp-json\/wp\/v2\/media?parent=423"}],"curies":[{"name":"wp","href":"https:\/\/api.w.org\/{rel}","templated":true}]}}