{"id":311,"date":"2023-12-21T17:44:11","date_gmt":"2023-12-21T16:44:11","guid":{"rendered":"https:\/\/grupo.us.es\/eperinatal\/?page_id=311"},"modified":"2025-09-11T17:45:45","modified_gmt":"2025-09-11T15:45:45","slug":"team","status":"publish","type":"page","link":"https:\/\/grupo.us.es\/eperinatal\/team\/","title":{"rendered":"Team"},"content":{"rendered":"\n<h2 class=\"wp-block-heading has-text-align-center\">Principal Researcher<\/h2>\n\n\n\n<div class=\"wp-block-columns principal-researcher is-layout-flex wp-container-core-columns-is-layout-9d6595d7 wp-block-columns-is-layout-flex\">\n<div class=\"wp-block-column is-layout-flow wp-block-column-is-layout-flow\">\r\n<div class=\"teamresearchers\">\r\n\r\n\t<div class=\"researcher PE1\">\r\n\t\t<div class=\"fotores\" style=\"background-image: url('https:\/\/grupo.us.es\/eperinatal\/wp-content\/uploads\/2023\/12\/emma-motrico-300x300.jpg');\"><\/div>\r\n\t\t<div class=\"nameres\">Emma Motrico<\/div>\r\n\t\t<div class=\"phdres\">PhD<\/div>\r\n\t\t<div class=\"cargores\">Associate Professor \u2013 Universidad de Sevilla (Spain)<\/div>\r\n\t\t<div class=\"interesres\">Prevention, Mental Health, and Perinatal<\/div>\r\n\t\t<div class=\"linkres\">\r\n\t\t\t<a href=\"https:\/\/orcid.org\/0000-0002-0720-567X\" class=\"l-orcid\" target=\"_blank\" title=\"Open in a new tab\" rel=\"noopener\"><span>Orcid<\/span><\/a>\r\n\t\t\t\r\n\t\t\t\r\n\t\t\t<a href=\"https:\/\/www.emmamotrico.com\/\" class=\"l-web\" target=\"_blank\" title=\"Open in a new tab\" rel=\"noopener\"><span>Personal Web<\/span><\/a>\r\n\t\t\t\r\n\t\t<\/div>\r\n\t<\/div>\r\n\r\n<\/div>\r\n\n<\/div>\n<\/div>\n\n\n\n<h2 class=\"wp-block-heading has-text-align-center mtopteam\">Project Researchers<\/h2>\n\n\n\n<div class=\"wp-block-columns is-layout-flex wp-container-core-columns-is-layout-9d6595d7 wp-block-columns-is-layout-flex\">\n<div class=\"wp-block-column is-layout-flow wp-block-column-is-layout-flow\">\r\n<div class=\"teamresearchers\">\r\n\r\n\t<div class=\"researcher PE2\">\r\n\t\t<div class=\"fotores\" style=\"background-image: url('https:\/\/grupo.us.es\/eperinatal\/wp-content\/uploads\/2023\/12\/alessia-caffieri-300x300.jpg');\"><\/div>\r\n\t\t<div class=\"nameres\">Alessia Caffieri<\/div>\r\n\t\t<div class=\"phdres\">PhD<\/div>\r\n\t\t<div class=\"cargores\">Postdoctoral Research Assistant \u2013 Universidad de Sevilla (Spain)<\/div>\r\n\t\t<div class=\"interesres\">Mental health, Perinatal, Childbirth wellbeing<\/div>\r\n\t\t<div class=\"linkres\">\r\n\t\t\t<a href=\"https:\/\/orcid.org\/0000-0002-8142-6892\" class=\"l-orcid\" target=\"_blank\" title=\"Open in a new tab\" rel=\"noopener\"><span>Orcid<\/span><\/a>\r\n\t\t\t\r\n\t\t\t\r\n\t\t\t\r\n\t\t\t\r\n\t\t<\/div>\r\n\t<\/div>\r\n\r\n\t<div class=\"researcher PE2\">\r\n\t\t<div class=\"fotores\" style=\"background-image: url('https:\/\/grupo.us.es\/eperinatal\/wp-content\/uploads\/2024\/07\/Foto-mia-corporativa-Nueva-1-225x300.jpg');\"><\/div>\r\n\t\t<div class=\"nameres\">Ana Bel\u00e9n Naranjo Saucedo<\/div>\r\n\t\t<div class=\"phdres\">Master in POT<\/div>\r\n\t\t<div class=\"cargores\">Research Technician \u2013 FISEVI, Fundaci\u00f3n para la Gesti\u00f3n de la Investigaci\u00f3n en Salud de Sevilla (Spain)<\/div>\r\n\t\t<div class=\"interesres\">Perinatal health, Occupational health, Robotics and FAIR data<\/div>\r\n\t\t<div class=\"linkres\">\r\n\t\t\t<a href=\"https:\/\/orcid.org\/0000-0002-0535-8023\/\" class=\"l-orcid\" target=\"_blank\" title=\"Open in a new tab\" rel=\"noopener\"><span>Orcid<\/span><\/a>\r\n\t\t\t\r\n\t\t\t\r\n\t\t\t\r\n\t\t\t\r\n\t\t<\/div>\r\n\t<\/div>\r\n\r\n\t<div class=\"researcher PE2\">\r\n\t\t<div class=\"fotores\" style=\"background-image: url('https:\/\/grupo.us.es\/eperinatal\/wp-content\/uploads\/2023\/12\/IMG_2066-removebg-preview-Photoroom-200x300.jpg');\"><\/div>\r\n\t\t<div class=\"nameres\">Carlos Barquero Jim\u00e9nez<\/div>\r\n\t\t<div class=\"phdres\">PhD Student<\/div>\r\n\t\t<div class=\"cargores\">Research Assistant \u2013 Universidad Loyola Andaluc\u00eda (Spain)<\/div>\r\n\t\t<div class=\"interesres\">Mental Health, Prevention, Anxiety, Multiple Health Behaviour Change, and Perinatal<\/div>\r\n\t\t<div class=\"linkres\">\r\n\t\t\t<a href=\"https:\/\/orcid.org\/0000-0002-4211-5776\" class=\"l-orcid\" target=\"_blank\" title=\"Open in a new tab\" rel=\"noopener\"><span>Orcid<\/span><\/a>\r\n\t\t\t\r\n\t\t\t\r\n\t\t\t\r\n\t\t\t\r\n\t\t<\/div>\r\n\t<\/div>\r\n\r\n\t<div class=\"researcher PE2\">\r\n\t\t<div class=\"fotores\" style=\"background-image: url('https:\/\/grupo.us.es\/eperinatal\/wp-content\/uploads\/2023\/12\/nieto-232x300.png');\"><\/div>\r\n\t\t<div class=\"nameres\">Francisco J. Nieto Casado<\/div>\r\n\t\t<div class=\"phdres\">PhD<\/div>\r\n\t\t<div class=\"cargores\">Postdoctoral Research Assistant \u2013 Universidad de Sevilla (Spain)<\/div>\r\n\t\t<div class=\"interesres\">Developmental Psychology, Positive Parenting, and Mental Health<\/div>\r\n\t\t<div class=\"linkres\">\r\n\t\t\t<a href=\"https:\/\/orcid.org\/0000-0002-2678-4574\" class=\"l-orcid\" target=\"_blank\" title=\"Open in a new tab\" rel=\"noopener\"><span>Orcid<\/span><\/a>\r\n\t\t\t\r\n\t\t\t\r\n\t\t\t\r\n\t\t\t <a href=\"https:\/\/www.researchgate.net\/profile\/Francisco-Nieto-Casado\" class=\"l-others\" target=\"_blank\" title=\"Open in a new tab\" rel=\"noopener\"><span>Others Links<\/span><\/a>\r\n\t\t<\/div>\r\n\t<\/div>\r\n\r\n\t<div class=\"researcher PE2\">\r\n\t\t<div class=\"fotores\" style=\"background-image: url('https:\/\/grupo.us.es\/eperinatal\/wp-content\/uploads\/2023\/12\/imagen-portada-1-300x234.png');\"><\/div>\r\n\t\t<div class=\"nameres\">Paula de Juan Iglesias<\/div>\r\n\t\t<div class=\"phdres\">PhD Student<\/div>\r\n\t\t<div class=\"cargores\">Research Assistant \u2013 Universidad de Sevilla (Spain)<\/div>\r\n\t\t<div class=\"interesres\">Prevention, Perinatal Mental Health, and Implementation Science<\/div>\r\n\t\t<div class=\"linkres\">\r\n\t\t\t<a href=\"https:\/\/orcid.org\/0000-0002-5158-8364\" class=\"l-orcid\" target=\"_blank\" title=\"Open in a new tab\" rel=\"noopener\"><span>Orcid<\/span><\/a>\r\n\t\t\t\r\n\t\t\t\r\n\t\t\t\r\n\t\t\t <a href=\"https:\/\/www.researchgate.net\/profile\/Paula-De-Juan-Iglesias\/publications\" class=\"l-others\" target=\"_blank\" title=\"Open in a new tab\" rel=\"noopener\"><span>Others Links<\/span><\/a>\r\n\t\t<\/div>\r\n\t<\/div>\r\n\r\n\t<div class=\"researcher PE2\">\r\n\t\t<div class=\"fotores\" style=\"background-image: url('https:\/\/grupo.us.es\/eperinatal\/wp-content\/uploads\/2023\/12\/IMG_7223-300x279.png');\"><\/div>\r\n\t\t<div class=\"nameres\">Rosalba Company C\u00f3rdoba<\/div>\r\n\t\t<div class=\"phdres\">PhD<\/div>\r\n\t\t<div class=\"cargores\">Postdoctoral Research Assistant \u2013 Universidad de Sevilla (Spain)<\/div>\r\n\t\t<div class=\"interesres\">Neuropsychology, Developmental Psychology, and Mental Health<\/div>\r\n\t\t<div class=\"linkres\">\r\n\t\t\t<a href=\"https:\/\/orcid.org\/0000-0002-8832-7491\" class=\"l-orcid\" target=\"_blank\" title=\"Open in a new tab\" rel=\"noopener\"><span>Orcid<\/span><\/a>\r\n\t\t\t\r\n\t\t\t\r\n\t\t\t\r\n\t\t\t <a href=\"https:\/\/www.researchgate.net\/profile\/Rosalba-Company-Cordoba\" class=\"l-others\" target=\"_blank\" title=\"Open in a new tab\" rel=\"noopener\"><span>Others Links<\/span><\/a>\r\n\t\t<\/div>\r\n\t<\/div>\r\n\r\n<\/div>\r\n\n<\/div>\n<\/div>\n\n\n\n<h2 class=\"wp-block-heading has-text-align-center mtopteam\">Collaborating Researchers<\/h2>\n\n\n\n<div class=\"wp-block-columns is-layout-flex wp-container-core-columns-is-layout-9d6595d7 wp-block-columns-is-layout-flex\">\n<div class=\"wp-block-column is-layout-flow wp-block-column-is-layout-flow\">\r\n<div class=\"teamresearchers\">\r\n\r\n\t<div class=\"researcher PE3\">\r\n\t\t<div class=\"fotores\" style=\"background-image: url('https:\/\/grupo.us.es\/eperinatal\/wp-content\/uploads\/2023\/12\/carmen-rodriguez-dominguez-300x300.jpg');\"><\/div>\r\n\t\t<div class=\"nameres\">Carmen Rodri\u0301guez-Domi\u0301nguez<\/div>\r\n\t\t<div class=\"phdres\">PhD<\/div>\r\n\t\t<div class=\"cargores\">Assistant Professor \u2013 Universidad de Sevilla (Spain)<\/div>\r\n\t\t<div class=\"interesres\">Psychosocial Approach to Mental Health, Cyberviolence, and Women\u2019s Studies<\/div>\r\n\t\t<div class=\"linkres\">\r\n\t\t\t<a href=\"https:\/\/orcid.org\/0000-0003-3467-8920\" class=\"l-orcid\" target=\"_blank\" title=\"Open in a new tab\" rel=\"noopener\"><span>Orcid<\/span><\/a>\r\n\t\t\t\r\n\t\t\t\r\n\t\t\t\r\n\t\t\t <a href=\"https:\/\/www.researchgate.net\/profile\/Carmen-Rodriguez-Dominguez\" class=\"l-others\" target=\"_blank\" title=\"Open in a new tab\" rel=\"noopener\"><span>Others Links<\/span><\/a>\r\n\t\t<\/div>\r\n\t<\/div>\r\n\r\n\t<div class=\"researcher PE3\">\r\n\t\t<div class=\"fotores\" style=\"background-image: url('https:\/\/grupo.us.es\/eperinatal\/wp-content\/uploads\/2023\/12\/irene-gomez-gomez-300x300.jpg');\"><\/div>\r\n\t\t<div class=\"nameres\">Irene G\u00f3mez G\u00f3mez<\/div>\r\n\t\t<div class=\"phdres\">PhD<\/div>\r\n\t\t<div class=\"cargores\">Lecturer \u2013 Universidad Loyola (Spain)<\/div>\r\n\t\t<div class=\"interesres\">Mental Health Prevention and Methodology<\/div>\r\n\t\t<div class=\"linkres\">\r\n\t\t\t<a href=\"https:\/\/orcid.org\/0000-0001-8014-6955\" class=\"l-orcid\" target=\"_blank\" title=\"Open in a new tab\" rel=\"noopener\"><span>Orcid<\/span><\/a>\r\n\t\t\t\r\n\t\t\t\r\n\t\t\t\r\n\t\t\t <a href=\"https:\/\/www.researchgate.net\/profile\/Irene-Gomez-3\" class=\"l-others\" target=\"_blank\" title=\"Open in a new tab\" rel=\"noopener\"><span>Others Links<\/span><\/a>\r\n\t\t<\/div>\r\n\t<\/div>\r\n\r\n\t<div class=\"researcher PE3\">\r\n\t\t<div class=\"fotores\" style=\"background-image: url('https:\/\/grupo.us.es\/eperinatal\/wp-content\/uploads\/2023\/12\/isabel-caceres-300x300.jpg');\"><\/div>\r\n\t\t<div class=\"nameres\">Isabel C\u00e1ceres<\/div>\r\n\t\t<div class=\"phdres\">PhD<\/div>\r\n\t\t<div class=\"cargores\">Lecturer \u2013 Universidad de Sevilla (Spain)<\/div>\r\n\t\t<div class=\"interesres\">Developmental Psychology, Socioemotional Development, and Early Adversity<\/div>\r\n\t\t<div class=\"linkres\">\r\n\t\t\t<a href=\"https:\/\/orcid.org\/0000-0001-9549-2113\" class=\"l-orcid\" target=\"_blank\" title=\"Open in a new tab\" rel=\"noopener\"><span>Orcid<\/span><\/a>\r\n\t\t\t\r\n\t\t\t\r\n\t\t\t\r\n\t\t\t\r\n\t\t<\/div>\r\n\t<\/div>\r\n\r\n\t<div class=\"researcher PE3\">\r\n\t\t<div class=\"fotores\" style=\"background-image: url('https:\/\/grupo.us.es\/eperinatal\/wp-content\/uploads\/2023\/12\/ID-photo.png');\"><\/div>\r\n\t\t<div class=\"nameres\">Jos\u00e9 J. Gil Cosano<\/div>\r\n\t\t<div class=\"phdres\">PhD<\/div>\r\n\t\t<div class=\"cargores\">Lecturer \u2013 Universidad Loyola (Spain)<\/div>\r\n\t\t<div class=\"interesres\">Physical activity, Physical fitness, Body composition,  Inflammation, Exercise adherence<\/div>\r\n\t\t<div class=\"linkres\">\r\n\t\t\t<a href=\"https:\/\/orcid.org\/0000-0002-9397-2399\" class=\"l-orcid\" target=\"_blank\" title=\"Open in a new tab\" rel=\"noopener\"><span>Orcid<\/span><\/a>\r\n\t\t\t<a href=\"https:\/\/www.uloyola.es\/oferta-cientifica\/personal-investigador\/jose-juan-gil-cosano\" class=\"l-loyola\" target=\"_blank\" title=\"Open in a new tab\" rel=\"noopener\"><span>Loyola<\/span><\/a>\r\n\t\t\t\r\n\t\t\t\r\n\t\t\t\r\n\t\t<\/div>\r\n\t<\/div>\r\n\r\n\t<div class=\"researcher PE3\">\r\n\t\t<div class=\"fotores\" style=\"background-image: url('https:\/\/grupo.us.es\/eperinatal\/wp-content\/uploads\/2024\/06\/foto-eperinatal-Laura-225x300.jpg');\"><\/div>\r\n\t\t<div class=\"nameres\">Laura Pini<\/div>\r\n\t\t<div class=\"phdres\">MSc.<\/div>\r\n\t\t<div class=\"cargores\">Master's Degree Student in Clinical and Community Psychology \u2013 University of Napoli Federico II (Italy)<\/div>\r\n\t\t<div class=\"interesres\">Clinical and Developmental Psychology, Mental Health, Psychotherapy<\/div>\r\n\t\t<div class=\"linkres\">\r\n\t\t\t\r\n\t\t\t\r\n\t\t\t\r\n\t\t\t\r\n\t\t\t\r\n\t\t<\/div>\r\n\t<\/div>\r\n\r\n\t<div class=\"researcher PE3\">\r\n\t\t<div class=\"fotores\" style=\"background-image: url('https:\/\/grupo.us.es\/eperinatal\/wp-content\/uploads\/2023\/12\/lennert-goossens-300x300.jpg');\"><\/div>\r\n\t\t<div class=\"nameres\">Lennert Goossens<\/div>\r\n\t\t<div class=\"phdres\">PhD<\/div>\r\n\t\t<div class=\"cargores\">Associate Professor \u2013 Universidad Loyola (Spain)<\/div>\r\n\t\t<div class=\"interesres\">Sports Injury Prevention and Implementation Research<\/div>\r\n\t\t<div class=\"linkres\">\r\n\t\t\t<a href=\"https:\/\/orcid.org\/0000-0003-2107-9953\" class=\"l-orcid\" target=\"_blank\" title=\"Open in a new tab\" rel=\"noopener\"><span>Orcid<\/span><\/a>\r\n\t\t\t<a href=\"https:\/\/www.uloyola.es\/oferta-cientifica\/personal-investigador\/goossens-lennert\" class=\"l-loyola\" target=\"_blank\" title=\"Open in a new tab\" rel=\"noopener\"><span>Loyola<\/span><\/a>\r\n\t\t\t\r\n\t\t\t\r\n\t\t\t\r\n\t\t<\/div>\r\n\t<\/div>\r\n\r\n\t<div class=\"researcher PE3\">\r\n\t\t<div class=\"fotores\" style=\"background-image: url('https:\/\/grupo.us.es\/eperinatal\/wp-content\/uploads\/2023\/12\/roberto-cruz-cabrera-300x300.jpg');\"><\/div>\r\n\t\t<div class=\"nameres\">Roberto Cruz Cabrera<\/div>\r\n\t\t<div class=\"phdres\">PhD Student<\/div>\r\n\t\t<div class=\"cargores\">Predoctoral Fellow \u2013 Universidad Loyola (Spain)<\/div>\r\n\t\t<div class=\"interesres\">Neuropsychology, Clinical Interventions, and Mental Health<\/div>\r\n\t\t<div class=\"linkres\">\r\n\t\t\t<a href=\"https:\/\/orcid.org\/0009-0000-7388-2989\" class=\"l-orcid\" target=\"_blank\" title=\"Open in a new tab\" rel=\"noopener\"><span>Orcid<\/span><\/a>\r\n\t\t\t<a href=\"https:\/\/www.uloyola.es\/oferta-cientifica\/personal-investigador\/carlos-roberto-cruz-cabrera\" class=\"l-loyola\" target=\"_blank\" title=\"Open in a new tab\" rel=\"noopener\"><span>Loyola<\/span><\/a>\r\n\t\t\t\r\n\t\t\t\r\n\t\t\t\r\n\t\t<\/div>\r\n\t<\/div>\r\n\r\n\t<div class=\"researcher PE3\">\r\n\t\t<div class=\"fotores\" style=\"background-image: url('https:\/\/grupo.us.es\/eperinatal\/wp-content\/uploads\/2023\/12\/sara-dominguez-salas-300x300.jpg');\"><\/div>\r\n\t\t<div class=\"nameres\">Sara Dom\u00ednguez Salas<\/div>\r\n\t\t<div class=\"phdres\">PhD<\/div>\r\n\t\t<div class=\"cargores\">Associate Professor \u2013 Universidad de Sevilla (Spain)<\/div>\r\n\t\t<div class=\"interesres\">Psychometrics Analysis, Quantitative Data Analysis, Research Methods, and Mental Health<\/div>\r\n\t\t<div class=\"linkres\">\r\n\t\t\t<a href=\"https:\/\/orcid.org\/0000-0002-5666-1487\" class=\"l-orcid\" target=\"_blank\" title=\"Open in a new tab\" rel=\"noopener\"><span>Orcid<\/span><\/a>\r\n\t\t\t\r\n\t\t\t\r\n\t\t\t\r\n\t\t\t <a href=\"https:\/\/www.researchgate.net\/profile\/Sara-Dominguez-Salas\" class=\"l-others\" target=\"_blank\" title=\"Open in a new tab\" rel=\"noopener\"><span>Others Links<\/span><\/a>\r\n\t\t<\/div>\r\n\t<\/div>\r\n\r\n\t<div class=\"researcher PE3\">\r\n\t\t<div class=\"fotores\" style=\"background-image: url('https:\/\/grupo.us.es\/eperinatal\/wp-content\/uploads\/2024\/06\/Sergio_Castellanos-300x300.png');\"><\/div>\r\n\t\t<div class=\"nameres\">Sergio Castellanos Luna<\/div>\r\n\t\t<div class=\"phdres\">MSc.<\/div>\r\n\t\t<div class=\"cargores\">Master's Degree Student in Research Methods Applied to Social Sciences \u2013 Universidad Loyola (Spain)<\/div>\r\n\t\t<div class=\"interesres\">Criminology, Quantitative Methods, Social Sciences, Psychometry, Personality\u00a0Disorders<\/div>\r\n\t\t<div class=\"linkres\">\r\n\t\t\t<a href=\"https:\/\/orcid.org\/my-orcid?orcid=0009-0003-1988-4942   \" class=\"l-orcid\" target=\"_blank\" title=\"Open in a new tab\" rel=\"noopener\"><span>Orcid<\/span><\/a>\r\n\t\t\t\r\n\t\t\t<a href=\"https:\/\/www.linkedin.com\/in\/sergio-castellanos-luna-08b30a278\/\" class=\"l-linkedin\" target=\"_blank\" title=\"Open in a new tab\" rel=\"noopener\"><span>Linkedin<\/span><\/a>\r\n\t\t\t\r\n\t\t\t\r\n\t\t<\/div>\r\n\t<\/div>\r\n\r\n\t<div class=\"researcher PE3\">\r\n\t\t<div class=\"fotores\" style=\"background-image: url('https:\/\/grupo.us.es\/eperinatal\/wp-content\/uploads\/2023\/12\/IMG_1186-273x300.jpg');\"><\/div>\r\n\t\t<div class=\"nameres\">Stephanie Carretero G\u00f3mez<\/div>\r\n\t\t<div class=\"phdres\">PhD<\/div>\r\n\t\t<div class=\"cargores\">Lecturer \u2013 Universidad Loyola (Spain)<\/div>\r\n\t\t<div class=\"interesres\">Mental Health, Skills, Digital technology, Digital inclusion, Policy development<\/div>\r\n\t\t<div class=\"linkres\">\r\n\t\t\t<a href=\"https:\/\/orcid.org\/0000-0003-4692-2281\" class=\"l-orcid\" target=\"_blank\" title=\"Open in a new tab\" rel=\"noopener\"><span>Orcid<\/span><\/a>\r\n\t\t\t\r\n\t\t\t<a href=\"http:\/\/www.linkedin.com\/in\/scarretero \" class=\"l-linkedin\" target=\"_blank\" title=\"Open in a new tab\" rel=\"noopener\"><span>Linkedin<\/span><\/a>\r\n\t\t\t\r\n\t\t\t\r\n\t\t<\/div>\r\n\t<\/div>\r\n\r\n<\/div>\r\n\n<\/div>\n<\/div>\n\n\n\n<h2 class=\"wp-block-heading has-text-align-center mtopteam\">Visiting Researchers<\/h2>\n\n\n\r\n<div class=\"teamresearchers\">\r\n\r\n\t<div class=\"researcher PE4\">\r\n\t\t<div class=\"fotores\" style=\"background-image: url('https:\/\/grupo.us.es\/eperinatal\/wp-content\/uploads\/2024\/11\/1-244x300.jpg');\"><\/div>\r\n\t\t<div class=\"nameres\">Alejandra Aguilar Latorre<\/div>\r\n\t\t<div class=\"phdres\">PhD<\/div>\r\n\t\t<div class=\"cargores\">Lecturer - University of Zaragoza (Spain) \u00a0Institute for Health Research Arag\u00f3n (IIS Arag\u00f3n)<\/div>\r\n\t\t<div class=\"interesres\">Mental health, lifestyles, social determinants of health, primary health care<\/div>\r\n\t\t<div class=\"linkres\">\r\n\t\t\t<a href=\"https:\/\/orcid.org\/0000-0003-2683-7346\" class=\"l-orcid\" target=\"_blank\" title=\"Open in a new tab\" rel=\"noopener\"><span>Orcid<\/span><\/a>\r\n\t\t\t\r\n\t\t\t<a href=\"http:\/\/www.linkedin.com\/in\/alejandra-aguilar-latorre\" class=\"l-linkedin\" target=\"_blank\" title=\"Open in a new tab\" rel=\"noopener\"><span>Linkedin<\/span><\/a>\r\n\t\t\t<a href=\"https:\/\/janovas.unizar.es\/sideral\/CV\/alejandra-aguilar-latorre\" class=\"l-web\" target=\"_blank\" title=\"Open in a new tab\" rel=\"noopener\"><span>Personal Web<\/span><\/a>\r\n\t\t\t\r\n\t\t<\/div>\r\n\t<\/div>\r\n\r\n\t<div class=\"researcher PE4\">\r\n\t\t<div class=\"fotores\" style=\"background-image: url('https:\/\/grupo.us.es\/eperinatal\/wp-content\/uploads\/2024\/06\/yoli-238x300.jpg');\"><\/div>\r\n\t\t<div class=\"nameres\">Yolanda \u00c1lvarez-P\u00e9rez<\/div>\r\n\t\t<div class=\"phdres\">PhD<\/div>\r\n\t\t<div class=\"cargores\">Servicio de Evaluaci\u00f3n del Servicio Canario de la Salud (SESCS)<\/div>\r\n\t\t<div class=\"interesres\">Primary Care and Health Promotion<\/div>\r\n\t\t<div class=\"linkres\">\r\n\t\t\t<a href=\"https:\/\/orcid.org\/0000-0002-6414-2863\" class=\"l-orcid\" target=\"_blank\" title=\"Open in a new tab\" rel=\"noopener\"><span>Orcid<\/span><\/a>\r\n\t\t\t\r\n\t\t\t\r\n\t\t\t\r\n\t\t\t\r\n\t\t<\/div>\r\n\t<\/div>\r\n\r\n<\/div>\r\n\n","protected":false},"excerpt":{"rendered":"<p>Principal Researcher Project Researchers Collaborating Researchers Visiting Researchers<\/p>\n","protected":false},"author":1,"featured_media":0,"parent":0,"menu_order":3,"comment_status":"closed","ping_status":"closed","template":"","meta":{"_s2mail":"yes","_joinchat":[],"footnotes":""},"class_list":["post-311","page","type-page","status-publish","hentry"],"_links":{"self":[{"href":"https:\/\/grupo.us.es\/eperinatal\/wp-json\/wp\/v2\/pages\/311","targetHints":{"allow":["GET"]}}],"collection":[{"href":"https:\/\/grupo.us.es\/eperinatal\/wp-json\/wp\/v2\/pages"}],"about":[{"href":"https:\/\/grupo.us.es\/eperinatal\/wp-json\/wp\/v2\/types\/page"}],"author":[{"embeddable":true,"href":"https:\/\/grupo.us.es\/eperinatal\/wp-json\/wp\/v2\/users\/1"}],"replies":[{"embeddable":true,"href":"https:\/\/grupo.us.es\/eperinatal\/wp-json\/wp\/v2\/comments?post=311"}],"version-history":[{"count":28,"href":"https:\/\/grupo.us.es\/eperinatal\/wp-json\/wp\/v2\/pages\/311\/revisions"}],"predecessor-version":[{"id":1551,"href":"https:\/\/grupo.us.es\/eperinatal\/wp-json\/wp\/v2\/pages\/311\/revisions\/1551"}],"wp:attachment":[{"href":"https:\/\/grupo.us.es\/eperinatal\/wp-json\/wp\/v2\/media?parent=311"}],"curies":[{"name":"wp","href":"https:\/\/api.w.org\/{rel}","templated":true}]}}