{"id":2421,"date":"2022-07-26T09:58:23","date_gmt":"2022-07-26T09:58:23","guid":{"rendered":"https:\/\/grupo.us.es\/encrucijada\/?page_id=2421"},"modified":"2022-07-26T10:22:26","modified_gmt":"2022-07-26T10:22:26","slug":"datos-del-proyecto","status":"publish","type":"page","link":"https:\/\/grupo.us.es\/encrucijada\/datos-del-proyecto\/","title":{"rendered":"Datos del proyecto"},"content":{"rendered":"\n<div class=\"wp-block-columns is-layout-flex wp-container-core-columns-is-layout-9d6595d7 wp-block-columns-is-layout-flex\">\n<div class=\"wp-block-column is-layout-flow wp-block-column-is-layout-flow\">\n<div id=\"editor-e7c3109b-bfdb-4527-9a1a-bf75e40ee7f9\" class=\"wp-block-freeform block-library-rich-text__tinymce html5-captions\">\n<h4><strong>Encrucijada de mundos: Identidad, imagen y patrimonio de Andaluc\u00eda en los tiempos modernos<\/strong><\/h4>\n<div align=\"left\">\n<p style=\"text-align: left;\"><a href=\"https:\/\/investigacion.us.es\/sisius\/sis_proyecto.php?idproy=31070\" target=\"_blank\" rel=\"noopener\">Proyecto de Investigaci\u00f3n de la Universidad de Sevilla<\/a><\/p>\n<p>Responsable: Juan Jos\u00e9 Iglesias Rodr\u00edguez \/ Miguel Luis L\u00f3pez-Guadalupe Mu\u00f1oz<br \/>Tipo de Proyecto\/Ayuda: PAIDI: Proyectos I+D+i<br \/>Referencia: P18-RT-3026<br \/>Fecha de Inicio: 01-01-2020<br \/>Fecha de Finalizaci\u00f3n: 31-01-2023<\/p>\n<h4><b>Empresa\/Organismo financiador\/es<\/b><\/h4>\n<p>Junta de Andaluc\u00eda (Consejer\u00eda de Econom\u00eda y Conocimiento)<\/p>\n<\/div>\n<\/div>\n<\/div>\n<\/div>\n\n\n\n<div class=\"wp-block-columns is-layout-flex wp-container-core-columns-is-layout-9d6595d7 wp-block-columns-is-layout-flex\">\n<div class=\"wp-block-column is-layout-flow wp-block-column-is-layout-flow\">\n<h4><strong>Equipo<\/strong><\/h4>\n<h5>Equipo de Investigaci\u00f3n<\/h5>\n<hr>\n<p>Francisco And\u00fajar Castillo<\/p>\n<p>Clara Bejarano Pellicer<\/p>\n<p>Michel Boeglin<\/p>\n<p>Mar\u00eda Luisa Candau Chac\u00f3n<\/p>\n<p>Alvaro Chaparro Sainz<\/p>\n<p>Ana Mar\u00eda Crespo Solana<\/p>\n<p>Jos\u00e9 Policarpio Cruz Cabrera<\/p>\n<p>Alba de la Cruz Redondo<\/p>\n<p>Jos\u00e9 Manuel D\u00edaz Blanco<\/p>\n<p>Mar\u00eda del Mar Felices de la Fuente<\/p>\n<p>Manuel Francisco Fern\u00e1ndez Chaves<\/p>\n<p>Jos\u00e9 Jaime Garc\u00eda Bernal<\/p>\n<p>Francisco Gil Mart\u00ednez<\/p>\n<p>Domingo Marcos Gim\u00e9nez Carrillo<\/p>\n<p>In\u00e9s G\u00f3mez Gonz\u00e1lez<\/p>\n<p>Manuel Jes\u00fas Gonz\u00e1lez Beltr\u00e1n<\/p>\n<p>David Gonzalez Cruz<\/p>\n<p>Manuel Herrero S\u00e1nchez<\/p>\n<p>Antonio Jim\u00e9nez Estrella<\/p>\n<p>Natalia Maillard \u00c1lvarez<\/p>\n<p>Mar\u00eda Jos\u00e9 de la Pascua S\u00e1nchez<\/p>\n<p>B\u00e9atrice Orite P\u00e9rez<\/p>\n<p>Rafael Mauricio P\u00e9rez Garc\u00eda<\/p>\n<p>Mar\u00eda del Pilar Pezzi Crist\u00f3bal<\/p>\n<p>Francisco S\u00e1nchez-Montes Gonz\u00e1lez<\/p>\n<p>Inmaculada Arias de Saavedra Al\u00edas<\/p>\n<p>Jul\u00edan Jos\u00e9 Lozano Navarro<\/p>\n<p>Laura Oliv\u00e1n Santaliestra<\/p>\n<p>Manuel Antonio Ramos Su\u00e1rez<\/p>\n<\/div>\n\n\n\n<div class=\"wp-block-column is-layout-flow wp-block-column-is-layout-flow\">\n<h5>&nbsp;<\/h5>\n<h5>Equipo Colaborador<\/h5>\n<hr>\n<p>Francisco de As\u00eds Amor Mart\u00edn<\/p>\n<p>Manuel Blanco P\u00e9rez<\/p>\n<p>Montserrat Cachero Vinuesa<\/p>\n<p>Marina Camino Carrasco<\/p>\n<p>Juan Manuel Castillo Rubio<\/p>\n<p>Juli\u00e1n Pablo D\u00edaz L\u00f3pez<\/p>\n<p>Francisco Javier Garc\u00eda Dom\u00ednguez<\/p>\n<p>Antuanett Garibeh Louze<\/p>\n<p>Alfonso Jes\u00fas Heredia L\u00f3pez<\/p>\n<p>Isabel Mar\u00eda Melero Mu\u00f1oz<\/p>\n<p>Enrique Mil\u00e1n Coronado<\/p>\n<p>Roc\u00edo Moreno Cabanillas<\/p>\n<p>Isabel Mar\u00eda S\u00e1nchez And\u00fajar<\/p>\n<p>Pilar Yb\u00e1\u00f1ez Worboys<\/p>\n<\/div>\n\n\n\n<div class=\"wp-block-column is-layout-flow wp-block-column-is-layout-flow\">\n<h5>&nbsp;<\/h5>\n<h5>Contratados<\/h5>\n<hr>\n<p>Isabel Mar\u00eda Melero Mu\u00f1oz<\/p>\n<p>Isabel Mar\u00eda S\u00e1nchez And\u00fajar<\/p>\n<\/div>\n<\/div>\n","protected":false},"excerpt":{"rendered":"<p>Encrucijada de mundos: Identidad, imagen y patrimonio de Andaluc\u00eda en los tiempos modernos Proyecto de Investigaci\u00f3n de la Universidad de Sevilla Responsable: Juan Jos\u00e9 Iglesias Rodr\u00edguez \/ Miguel Luis L\u00f3pez-Guadalupe Mu\u00f1ozTipo de Proyecto\/Ayuda: PAIDI: Proyectos I+D+iReferencia: P18-RT-3026Fecha de Inicio: 01-01-2020Fecha de Finalizaci\u00f3n: 31-01-2023 Empresa\/Organismo financiador\/es Junta de Andaluc\u00eda (Consejer\u00eda de Econom\u00eda y Conocimiento) Equipo Equipo [&hellip;]<\/p>\n","protected":false},"author":1,"featured_media":0,"parent":0,"menu_order":0,"comment_status":"closed","ping_status":"closed","template":"","meta":{"_vp_format_video_url":"","_vp_image_focal_point":[],"footnotes":""},"class_list":["post-2421","page","type-page","status-publish","hentry","entry"],"_links":{"self":[{"href":"https:\/\/grupo.us.es\/encrucijada\/wp-json\/wp\/v2\/pages\/2421","targetHints":{"allow":["GET"]}}],"collection":[{"href":"https:\/\/grupo.us.es\/encrucijada\/wp-json\/wp\/v2\/pages"}],"about":[{"href":"https:\/\/grupo.us.es\/encrucijada\/wp-json\/wp\/v2\/types\/page"}],"author":[{"embeddable":true,"href":"https:\/\/grupo.us.es\/encrucijada\/wp-json\/wp\/v2\/users\/1"}],"replies":[{"embeddable":true,"href":"https:\/\/grupo.us.es\/encrucijada\/wp-json\/wp\/v2\/comments?post=2421"}],"version-history":[{"count":8,"href":"https:\/\/grupo.us.es\/encrucijada\/wp-json\/wp\/v2\/pages\/2421\/revisions"}],"predecessor-version":[{"id":2434,"href":"https:\/\/grupo.us.es\/encrucijada\/wp-json\/wp\/v2\/pages\/2421\/revisions\/2434"}],"wp:attachment":[{"href":"https:\/\/grupo.us.es\/encrucijada\/wp-json\/wp\/v2\/media?parent=2421"}],"curies":[{"name":"wp","href":"https:\/\/api.w.org\/{rel}","templated":true}]}}