{"id":332,"date":"2018-06-14T16:19:16","date_gmt":"2018-06-14T16:19:16","guid":{"rendered":"http:\/\/grupo.us.es\/derematerialia\/?page_id=332"},"modified":"2019-11-14T10:10:09","modified_gmt":"2019-11-14T10:10:09","slug":"la-piedra-de-pandora","status":"publish","type":"page","link":"https:\/\/grupo.us.es\/derematerialia\/la-piedra-de-pandora\/","title":{"rendered":"Ensayos: Materiales fant\u00e1sticos"},"content":{"rendered":"<p><em><strong><span style=\"font-size: 18pt;\">La piedra de Pandora<\/span><\/strong><\/em><\/p>\n<p style=\"text-align: justify;\"><strong><em>Juan Manuel Montes y F\u00e1tima Ternero <\/em><\/strong>(14-06-2018)<\/p>\n<p style=\"text-align: right;\">\u00ab<em>Toda energ\u00eda es prestada; en alg\u00fan momento tendr\u00e1s que devolverla.<\/em>\u00bb<\/p>\n<p style=\"text-align: right;\">\u00abAvatar\u00bb, 2009<\/p>\n<p style=\"text-align: justify;\"><span style=\"font-size: 24pt;\">E<\/span>n el ensayo anterior, nos lament\u00e1bamos de que la Naturaleza no nos hubiera brindado un mineral \u2014una piedra\u2014 que fuera superconductor a temperatura ambiente. Pero, de haberlo hecho, \u00bfhabr\u00edamos sabido reconocerlo? \u00bfQu\u00e9 propiedades tendr\u00eda? \u00bfQu\u00e9 cualidades lo habr\u00edan hecho \u00fanico?<\/p>\n<p style=\"text-align: justify;\">En la pel\u00edcula \u00abAvatar\u00bb, escrita y dirigida por James Cameron, como parte esencial del argumento, se nos presenta al elemento <em>inobtenio<\/em> (<em>Unobtainium<\/em>, en ingl\u00e9s), esto es, \u00abque no se puede obtener\u00bb, aludiendo, quiz\u00e1s, a la dificultad de su s\u00edntesis artificial. Seg\u00fan la pel\u00edcula, este elemento puede extraerse de un mineral ficticio, que por semejanzas hist\u00f3ricas bien podr\u00eda llamarse <em>\u00abpiedra de Pandora\u00bb<\/em> o <em>pandorita<\/em>, que posee la extraordinaria cualidad de ser <em>superconductora a temperatura ambiente<\/em>. Esta es la raz\u00f3n por la cual los hombres se afanan por encontrar yacimientos de donde poder extraerla, porque, seg\u00fan se aduce en el filme, ese preciado mineral podr\u00eda zanjar la eterna crisis energ\u00e9tica que asfixia a la Tierra. No solo es un mineral muy valioso, sino tambi\u00e9n extra\u00f1o y muy dif\u00edcil de encontrar. Afortunadamente Pandora, una luna del planeta Polifemo, posee una ingente reserva de ese recurso. Desgraciadamente, Pandora no solo est\u00e1 muy alejada de la Tierra, sino que adem\u00e1s posee una atm\u00f3sfera altamente t\u00f3xica e inh\u00f3spita para los humanos, lo que complica enormemente la industria de miner\u00eda y extracci\u00f3n de ese mineral. El propio nombre del planeta alude a un mito griego, el de <em>\u00abLa caja de Pandora\u00bb<\/em>, a la saz\u00f3n, una especie de tinaja que conten\u00eda todos los males del mundo. Hoy en d\u00eda, la expresi\u00f3n \u00ababrir la caja de Pandora\u00bb, heredada de aquel mito, quiere decir \u00abrealizar alguna acci\u00f3n en apariencia inofensiva, pero de la que pueden derivarse consecuencias catastr\u00f3ficas\u00bb. Toda una met\u00e1fora sobre los sucesos narrados en la pel\u00edcula\u2026<\/p>\n<p style=\"text-align: justify;\">Un peque\u00f1o detalle sin importancia: Pandora no es una luna desierta, sino que est\u00e1 rebosante de vida y de una diversidad anonadante. Nada, sin embargo, que pueda frenar la insaciable voracidad del hombre por los recursos naturales que guarda el planeta.<\/p>\n<p style=\"text-align: justify;\">Esta avidez y falta de escr\u00fapulos, mostrados con crudeza en la pel\u00edcula, no son para nada un exceso de los guionistas; muy al contrario, desgraciadamente nos resultan demasiado familiares: los hombres han esquilmado los recursos de la Tierra desde tiempos inmemoriales, buscando metales preciosos, metales log\u00edsticos, militares, petr\u00f3leo\u2026 Y m\u00e1s recientemente, diamantes (de sangre), u otros recursos m\u00e1s sofisticados como el <em>colt\u00e1n<\/em>; ese mineral vital para la industria de las telecomunicaciones.<\/p>\n<p style=\"text-align: justify;\">Pero \u00bfqu\u00e9 es la <em>superconductividad<\/em> <em>a temperatura ambiente<\/em> y por qu\u00e9 podr\u00eda ser tan importante para la tecnolog\u00eda energ\u00e9tica?<\/p>\n<p style=\"text-align: justify;\">Comenzar\u00e9 cont\u00e1ndoles la historia del descubrimiento de la <em>superconductividad<\/em>.<\/p>\n<p style=\"text-align: justify;\">En 1908, el f\u00edsico neerland\u00e9s Kamerlingh Onnes (1853-1926) hab\u00eda conseguido licuar el helio haciendo descender la temperatura por debajo de los 4 k\u00e9lvines (-269\u00a0\u00baC), aunque no logr\u00f3 solidificarlo. En 1911, Onnes comenz\u00f3 a estudiar las propiedades de los materiales a estas baj\u00edsimas temperaturas. Una de las propiedades que centraban su inter\u00e9s era la resistividad el\u00e9ctrica. Era conocido que la resistividad el\u00e9ctrica de los metales disminu\u00eda progresivamente a medida que descend\u00eda la temperatura, debido a la disminuci\u00f3n de la intensidad de las vibraciones at\u00f3micas, responsables en gran medida de la resistividad el\u00e9ctrica en los metales. Lo que Onnes trataba de comprobar es si, como parec\u00eda l\u00f3gico, la resistividad disminuir\u00eda progresivamente hasta anularse al llegar al cero absoluto. Inici\u00f3 su estudio con mercurio. Contrariamente a lo esperado, a la temperatura de 4.15 K (-269\u00a0\u00baC) la resistividad el\u00e9ctrica del mercurio se anulaba s\u00fabitamente. Esto significaba que una corriente el\u00e9ctrica pod\u00eda atravesarlo sin producir efecto Joule, esto es, sin p\u00e9rdida alguna de energ\u00eda el\u00e9ctrica. Como comprender\u00e1n, la noticia fue una bomba.<\/p>\n<p style=\"text-align: justify;\">A medida que se consegu\u00edan alcanzar temperaturas m\u00e1s bajas, se fueron a\u00f1adiendo nuevos metales a la lista de materiales superconductores. El plomo se volv\u00eda superconductor a 7.18\u00a0K (-265.96\u00a0\u00baC), el esta\u00f1o a los 3.88\u00a0K (-269.27\u00a0\u00baC), el aluminio a los 1.35\u00a0K (-271.80\u00a0\u00baC), el titanio a los 0.68\u00a0K (-272.47\u00a0\u00baC) y el hafnio a los 0.5\u00a0K (-272.65\u00a0\u00baC). Pero otros metales como el hierro, el n\u00edquel, el oro, el cobre, el sodio o el potasio o ten\u00edan vetado por alguna raz\u00f3n alcanzar el estado superconductor, o su temperatura de transici\u00f3n (<em>temperatura cr\u00edtica<\/em>) era tan baja, que a\u00fan no hab\u00eda podido ser alcanzada. Entre los elementos met\u00e1licos, la temperatura cr\u00edtica m\u00e1s alta la ostenta el niobio, que se transforma en superconductor por debajo de los 9.46\u00a0K (-263.69\u00a0\u00baC).<\/p>\n<p style=\"text-align: justify;\">Una forma de mantener un material a temperaturas tan bajas es sumergirlo en un l\u00edquido de bajo punto de ebullici\u00f3n; se mantendr\u00e1 as\u00ed (mientras que no se evapore por completo) a su temperatura de ebullici\u00f3n. Si se necesita descender a temperaturas todav\u00eda menores, habr\u00e1 que encontrar un l\u00edquido cuyo punto de ebullici\u00f3n sea a\u00fan menor. El helio l\u00edquido hierve a 4.15\u00a0K (-269\u00a0\u00baC) y el hidr\u00f3geno l\u00edquido a 20.28\u00a0K (-252.87\u00a0\u00b0C), pero estos gases licuados son costosos y de dif\u00edcil manipulaci\u00f3n. L\u00f3gicamente, ser\u00eda mucho m\u00e1s interesante encontrar materiales cuyas temperaturas cr\u00edticas estuvieran por encima del punto de ebullici\u00f3n de alg\u00fan gas licuado m\u00e1s f\u00e1cil de manipular, por ejemplo, el nitr\u00f3geno l\u00edquido, cuya temperatura de ebullici\u00f3n es de 77.35\u00a0K (-195.8\u00a0\u00b0C). Afortunadamente, la intensa b\u00fasqueda ha dado frutos y, como se aprecia en la figura siguiente, hoy d\u00eda se dispone de muchos materiales (compuestos cer\u00e1micos en su mayor\u00eda) cuyas temperaturas cr\u00edticas son lo suficientemente altas como para permitir su refrigeraci\u00f3n con nitr\u00f3geno l\u00edquido. Desgraciadamente, estamos muy lejos del sue\u00f1o de conseguir materiales superconductores que lo sean a temperatura ambiente, esto es, sin necesidad de refrigeraci\u00f3n por gases licuados.<\/p>\n\n\n<table class=\"wp-block-table aligncenter\" style=\"width: 50%;\"><tbody><tr><td><img decoding=\"async\" src=\"http:\/\/grupo.us.es\/derematerialia\/wp-content\/uploads\/2018\/06\/grafico-temperatura-critica-superconductores-300x170.png\" alt=\"grafico temperatura critica superconductores\" \/><\/td><\/tr><tr><td class=\"pie_img\">Gr\u00e1fico que muestra la temperatura cr\u00edtica y el a\u00f1o de obtenci\u00f3n de algunos materiales superconductores. Imagen tomada de <a href=\"https:\/\/en.wikipedia.org\/wiki\/Superconductivity#\/media\/File:Timeline_of_Superconductivity_from_1900_to_2015.svg\">Wikipedia<\/a>.<\/td><\/tr><\/tbody><\/table>\n\n\n\n<p style=\"text-align: justify;\">La mayor\u00eda de los superconductores que se conoc\u00edan hasta 1986 eran materiales met\u00e1licos. Desde entonces, se han encontrado muchas aleaciones met\u00e1licas superconductoras, pero tambi\u00e9n materiales cer\u00e1micos (como los denominados <em>cupratos<\/em>) que exhiben temperaturas cr\u00edticas mucho m\u00e1s altas que los met\u00e1licos. Los cupratos son, de hecho, los materiales que m\u00e1s se han estudiado a lo largo de la historia. El enorme esfuerzo realizado desde 1986 hasta nuestros d\u00edas por entender el origen de la superconductividad ha ara\u00f1ado algunos secretos, pero siguen sin ser suficientes. A d\u00eda de hoy seguimos sin saber si la superconductividad a temperatura es una quimera. En 2008, el cient\u00edfico japon\u00e9s Hideo Hosono (1953-\u00bf?) y su grupo descubrieron superconductividad en unos compuestos basados en hierro. A pesar de que sus temperaturas cr\u00edticas no son tan altas como la de los cupratos, el descubrimiento supuso un importante revulsivo internacional. Los superconductores de hierro comparten muchas propiedades con los cupratos; quiz\u00e1s en su estudio resida la clave para la definitiva comprensi\u00f3n te\u00f3rica de este fen\u00f3meno.<\/p>\n<p style=\"text-align: justify;\">Pero la superconductividad no es una mera curiosidad cient\u00edfica. Hay m\u00faltiples aplicaciones \u00fatiles que podr\u00edan servirse de ella. Para empezar podr\u00edan generarse campos magn\u00e9ticos muy intensos en vol\u00famenes reducidos. Una corriente el\u00e9ctrica que circula por un cable arrollado en una barra de hierro (un electroim\u00e1n) crea un campo magn\u00e9tico; cuanto m\u00e1s intensa sea la corriente, mayor ser\u00e1 la magnitud del campo magn\u00e9tico originado. Por desgracia, tambi\u00e9n cuanto m\u00e1s intensa sea la corriente, tanto mayor ser\u00e1 el calor liberado por su <em>efecto Joule<\/em>, lo que supone restricciones serias. Ahora bien, dado que la corriente el\u00e9ctrica fluye sin efecto Joule en los cables superconductores, con ellos es posible fabricar electroimanes capaces de generar campos magn\u00e9ticos muy grandes en vol\u00famenes muy peque\u00f1os y sin p\u00e9rdidas de potencia. Sin embargo, hay un inconveniente: la superconductividad no solo puede manifestarse por debajo de cierta temperatura cr\u00edtica; tambi\u00e9n requiere que los campos magn\u00e9ticos, a los que se ve expuesto el material, tampoco superen un valor cr\u00edtico. De este modo, si el campo magn\u00e9tico se vuelve suficientemente intenso, se destruir\u00e1 el estado superconductor, incluso a temperaturas muy por debajo de su temperatura cr\u00edtica.<\/p>\n<p style=\"text-align: justify;\">Pero la superconductividad tiene tambi\u00e9n importantes consecuencias magn\u00e9ticas, y no solo el\u00e9ctricas. En el momento en que un material se convierte en superconductor se vuelve tambi\u00e9n <em>diamagn\u00e9tico perfecto<\/em>, es decir, impenetrable al campo magn\u00e9tico. Esto fue descubierto, en 1933, por el f\u00edsico alem\u00e1n Fritz Walther Meissner (1882-1974), raz\u00f3n por la cual al fen\u00f3meno se lo conoce desde entonces como \u00abefecto Meissner\u00bb. Pero, como decimos, la impenetrabilidad tiene sus l\u00edmites, y si el campo magn\u00e9tico rebasa cierto umbral, algunas l\u00edneas de fuerza magn\u00e9tica comienzan a penetrarlo y el estado de gracia que es la superconductividad se derrumba.<\/p>\n<p style=\"text-align: justify;\">Pero, siempre que el campo cr\u00edtico no sea superado, el efecto Meissner subsiste lo que permite explotar una interesant\u00edsima aplicaci\u00f3n que es conocida como <strong>\u00ab<\/strong><em>levitaci\u00f3n magn\u00e9tica\u00bb<\/em>. Cuando un im\u00e1n se sit\u00faa sobre un material superconductor (mantenido en ese estado por refrigeraci\u00f3n con alg\u00fan gas licuado) este <em>levita<\/em> sobre \u00e9l. \u00abLevitar\u00bb significa algo m\u00e1s que \u00abser repelido contrarrestando la fuerza de la gravedad\u00bb; significa que se mantiene unido al superconductor a una distancia de equilibrio. Si dicha distancia es reducida se origina una fuerza de restituci\u00f3n que tiende a restablecer la distancia de equilibrio. De igual modo, si la distancia entre superconductor e im\u00e1n se aumenta, de nuevo se origina una fuerza de atracci\u00f3n que tiende a acercarlos. La imagen que sigue muestra el efecto de levitaci\u00f3n magn\u00e9tica real.<\/p>\n\n\n\n<table class=\"wp-block-table aligncenter\" style=\"width: 40%;\"><tbody><tr><td><img decoding=\"async\" src=\"http:\/\/grupo.us.es\/derematerialia\/wp-content\/uploads\/2018\/06\/im\u00e1n-levitando.jpg\" alt=\"im\u00e1n levitando\" \/><\/td><\/tr><tr><td class=\"pie_img\">Im\u00e1n levitando sobre un material superconductor refrigerado por inmersi\u00f3n en un ba\u00f1o de nitr\u00f3geno l\u00edquido. <a href=\"http:\/\/commons.wikimedia.org\/wiki\/File:Magnet_4.jpg\">Imagen<\/a> tomada de <a href=\"https:\/\/es.wikipedia.org\/wiki\/Levitaci%C3%B3n_magn%C3%A9tica#\/media\/File:Magnet_4.jpg\">Wikipedia<\/a>.<\/td><\/tr><\/tbody><\/table>\n\n\n\n<p style=\"text-align: justify;\">Hecha esta introducci\u00f3n, podemos volver ahora a la pregunta inicial: \u00bfsi tuvi\u00e9ramos un trozo de <em>piedra de Pandora<\/em>, c\u00f3mo podr\u00edamos comprobar sus bondades? Pues bastar\u00eda un simple im\u00e1n. Desde el punto de vista magn\u00e9tico los materiales se clasifican en tres grandes grupos: <em>paramagn\u00e9ticos<\/em>, <em>ferromagn\u00e9ticos<\/em> y <em>diamagn\u00e9ticos<\/em>, seg\u00fan se comporten frente a un campo magn\u00e9tico. Los dos primeros tipos se reconocer\u00edan f\u00e1cilmente porque al acercarles un im\u00e1n, se ver\u00edan atra\u00eddos por \u00e9l; mucho m\u00e1s intensamente en el caso de los ferromagn\u00e9ticos. (Sucede que todos los materiales ferromagn\u00e9ticos se vuelven paramagn\u00e9ticos por encima de cierta temperatura cr\u00edtica, denominada <em>temperatura de Curie<\/em>. La existencia de una temperatura cr\u00edtica es un aspecto que comparten con superconductores. Como los materiales ferromagn\u00e9ticos existen a temperatura ambiente y superiores, \u00bfpor qu\u00e9 no esperar lo mismo de los superconductores?) En cambio, cuando un material diamagn\u00e9tico se enfrenta a un im\u00e1n es repelido. La fuerza de repulsi\u00f3n es ciertamente muy d\u00e9bil en la mayor\u00eda de los materiales diamagn\u00e9ticos, pero de enorme intensidad si el material se halla en estado superconductor. Que el material sea repelido por el im\u00e1n significa tambi\u00e9n que el campo magn\u00e9tico en el interior del material es ligeramente m\u00e1s d\u00e9bil que el campo magn\u00e9tico aplicado externamente. Como quiz\u00e1s se haya percatado, en los materiales superconductores, el campo magn\u00e9tico en el interior se debilita tanto hasta el punto de anularse. As\u00ed pues, si coloc\u00e1semos un trozo de <em>piedra de Pandora<\/em> sobre un im\u00e1n, este levitar\u00eda, como consecuencia del efecto Meissner que hemos mencionado antes, tal como muestra el siguiente fotograma extra\u00eddo de la pel\u00edcula:<\/p>\n\n\n\n<table class=\"wp-block-table aligncenter\" style=\"width: 40%;\"><tbody><tr><td><img decoding=\"async\" src=\"http:\/\/grupo.us.es\/derematerialia\/wp-content\/uploads\/2018\/06\/piedra-pandora.jpg\" alt=\"piedra pandora\" \/><\/td><\/tr><tr><td class=\"pie_img\">Escena de la pel\u00edcula Avatar, mostrando un trozo de piedra de Pandora (inobtenio) levitando sobre un im\u00e1n.<\/td><\/tr><\/tbody><\/table>\n\n\n\n<p style=\"text-align: justify;\">De hecho, el propio campo de la luna deber\u00eda ocasionar sobre las rocas y piedras sueltas de su corteza un efecto levitante (que pasar\u00eda por antigravitatorio), siempre que el campo magn\u00e9tico de ese mundo fuera suficientemente intenso. Para que el fen\u00f3meno pudiera tener la espectacularidad mostrada en las im\u00e1genes, con monta\u00f1as gigantescas levitando a gran altura \u2015difuminadas en la niebla\u2015, el campo magn\u00e9tico generado por el planeta deber\u00eda ser colosal. Sabemos tan poco acerca del campo magn\u00e9tico terrestre que eso nos da licencia para imaginar cuanto queramos sobre el de Pandora. Pero, sin llegar al delirio, es obvio que si toda la corteza del planeta contuviera inobtenio, o poseyera zonas de gran concentraci\u00f3n formando islas, de modo que pudieran originarse en su seno grandes torbellinos de corrientes de intensidades inmensas, los campos magn\u00e9ticos que ello ocasionar\u00eda ser\u00edan tambi\u00e9n ser\u00edan colosales, produciendo un efecto Meissner capaz de hacer levitar monta\u00f1as enteras, dando lugar a aut\u00e9nticas islas flotantes, como las <em>Monta\u00f1as Aleluya<\/em> que aparecen en la pel\u00edcula.<\/p>\n\n\n\n<table class=\"wp-block-table aligncenter\" style=\"width: 40%;\"><tbody><tr><td><img decoding=\"async\" src=\"http:\/\/grupo.us.es\/derematerialia\/wp-content\/uploads\/2018\/06\/Monta\u00f1as-aleluya.jpg\" alt=\"Monta\u00f1as aleluya\" \/><\/td><\/tr><tr><td class=\"pie_img\">Fotograma de la pel\u00edcula Avatar mostrando las Monta\u00f1as Aleluya de Pandora.<\/td><\/tr><\/tbody><\/table>\n\n\n\n<p style=\"text-align: justify;\">Para terminar, nos quedar\u00eda una \u00faltima cuesti\u00f3n: \u00bfqu\u00e9 efecto podr\u00eda tener sobre la vida la existencia de tan intensos campos magn\u00e9ticos? Bueno, volvamos a especular\u2026 En la pel\u00edcula, los escenarios de Pandora est\u00e1n llenos de colores muy vivos, azul el\u00e9ctrico, lo que quiz\u00e1s nos da una pista de los intens\u00edsimos y variad\u00edsimos fen\u00f3menos electro\u00f3pticos y magneto\u00f3pticos a los que la vida tendr\u00eda que enfrentarse. Pero la apuesta de la pel\u00edcula en ese sentido es clara: la vida sabr\u00eda abrirse camino y, durante millones de a\u00f1os de evoluci\u00f3n \u2015las escalas l\u00f3gicas para la vida\u2015, habr\u00eda tenido tiempo para aprender a sacar provecho de tan espectaculares condiciones.<\/p>\n<p style=\"text-align: justify;\">La tecnolog\u00eda humana, en cambio, s\u00ed deber\u00eda tomar serias precauciones. Por ejemplo, durante los ascensos y descensos de las naves (y tal vez durante sus desplazamientos horizontales), las naves, fabricadas con metal, interceptar\u00edan l\u00edneas de campo magn\u00e9tico lo que se traducir\u00eda en la inducci\u00f3n de voltajes enormes entre extremos de la nave. Estos voltajes podr\u00edan producir descargas el\u00e9ctricas violentas que destrozar\u00edan equipos y naves. Nada de eso se observa en la pel\u00edcula. As\u00ed pues, podemos estar seguros de que los reputados ingenieros aeroespaciales que las dise\u00f1aron tomaron las oportunas precauciones.<\/p>\n<p style=\"text-align: justify;\">Y en relaci\u00f3n a esto, cabe preguntarse si \u00bfes posible \u00abapantallar\u00bb un campo magn\u00e9tico de tal modo que una regi\u00f3n estuviera libre de ellos? Frente a campos magn\u00e9ticos est\u00e1ticos, la \u00fanica forma de apantallamiento es empleando un material ferromagn\u00e9tico, por ejemplo, el hierro. Este material tambi\u00e9n resulta v\u00e1lido para lograr el apantallamiento frente a ondas electromagn\u00e9ticas o campos magn\u00e9ticos variables. Pero para esta \u00faltima situaci\u00f3n (apantallar campos electromagn\u00e9ticos variables), se empleen a veces materiales no ferromagn\u00e9ticos, tales como el aluminio y el cobre. De hecho, este es el procedimiento habitualmente usado para el apantallamiento de discos duros.<\/p>\n<p style=\"text-align: justify;\">El aluminio y el cobre no a\u00edslan frente al campo est\u00e1tico generado por un im\u00e1n, pero apantallan muy bien frente a campos magn\u00e9ticos variables como los de las ondas electromagn\u00e9ticas, y tanto mejor, cuanto mayor sea su frecuencia. Las ondas electromagn\u00e9ticas generan en el material conductor, por ejemplo el aluminio, <em>corrientes inducidas<\/em>, que originan un campo magn\u00e9tico que rechaza las ondas electromagn\u00e9ticas. Cuanto mayor sea la frecuencia de las ondas electromagn\u00e9ticas, menor puede ser el espesor del material apantallador. En general, para bajas frecuencias, para un mismo espesor de material apantallador es el hierro el que produce un blindaje m\u00e1s efectivo, y, para frecuencias altas, el aluminio o el cobre producen un mejor blindaje. Por debajo de 1.3 kHz, el hierro es mejor que el cobre, por encima de esa cifra, el cobre es superior. As\u00ed pues, recubrir las naves con materiales ferromagn\u00e9ticos y\/o aluminio o cobre ser\u00edan algunas de las medidas adoptadas por los ingenieros. Puestos a imaginar, quiz\u00e1s, hubieran decidido recubrir todo el casco de la nave con <em>inobtenio<\/em>.<\/p>\n<p style=\"text-align: justify;\">\u00a1Ay! D\u00e9jenme so\u00f1ar\u2026<\/p>\n<p style=\"text-align: justify;\">\u00a1Lo que dar\u00eda yo por un pedacito de roca de Pandora!<\/p>\n","protected":false},"excerpt":{"rendered":"<p>La piedra de Pandora Juan Manuel Montes y F\u00e1tima Ternero (14-06-2018) \u00abToda energ\u00eda es prestada; en alg\u00fan momento tendr\u00e1s que devolverla.\u00bb \u00abAvatar\u00bb, 2009 En el ensayo anterior, nos lament\u00e1bamos de que la Naturaleza no nos hubiera brindado un mineral \u2014una piedra\u2014 que fuera superconductor a temperatura ambiente. Pero, de haberlo hecho, \u00bfhabr\u00edamos sabido reconocerlo? \u00bfQu\u00e9 [&hellip;]<\/p>\n","protected":false},"author":1,"featured_media":679,"parent":0,"menu_order":0,"comment_status":"closed","ping_status":"closed","template":"","meta":{"ngg_post_thumbnail":0,"footnotes":"","_mc_calendar":[]},"_links":{"self":[{"href":"https:\/\/grupo.us.es\/derematerialia\/wp-json\/wp\/v2\/pages\/332"}],"collection":[{"href":"https:\/\/grupo.us.es\/derematerialia\/wp-json\/wp\/v2\/pages"}],"about":[{"href":"https:\/\/grupo.us.es\/derematerialia\/wp-json\/wp\/v2\/types\/page"}],"author":[{"embeddable":true,"href":"https:\/\/grupo.us.es\/derematerialia\/wp-json\/wp\/v2\/users\/1"}],"replies":[{"embeddable":true,"href":"https:\/\/grupo.us.es\/derematerialia\/wp-json\/wp\/v2\/comments?post=332"}],"version-history":[{"count":12,"href":"https:\/\/grupo.us.es\/derematerialia\/wp-json\/wp\/v2\/pages\/332\/revisions"}],"predecessor-version":[{"id":1275,"href":"https:\/\/grupo.us.es\/derematerialia\/wp-json\/wp\/v2\/pages\/332\/revisions\/1275"}],"wp:featuredmedia":[{"embeddable":true,"href":"https:\/\/grupo.us.es\/derematerialia\/wp-json\/wp\/v2\/media\/679"}],"wp:attachment":[{"href":"https:\/\/grupo.us.es\/derematerialia\/wp-json\/wp\/v2\/media?parent=332"}],"curies":[{"name":"wp","href":"https:\/\/api.w.org\/{rel}","templated":true}]}}