{"id":190,"date":"2018-05-10T08:43:12","date_gmt":"2018-05-10T08:43:12","guid":{"rendered":"http:\/\/grupo.us.es\/derematerialia\/?page_id=190"},"modified":"2025-06-25T09:23:48","modified_gmt":"2025-06-25T07:23:48","slug":"trazado-de-diagramas-de-equilibrio-binarios-basicos","status":"publish","type":"page","link":"https:\/\/grupo.us.es\/derematerialia\/trazado-de-diagramas-de-equilibrio-binarios-basicos\/","title":{"rendered":"Recursos did\u00e1cticos"},"content":{"rendered":"\n<p style=\"text-align: justify;\"><em><strong><span style=\"font-size: 18pt;\">Trazador de diagramas de equilibrio binarios b\u00e1sicos<\/span><\/strong><\/em><\/p>\n<p style=\"text-align: justify;\">(Encontrar\u00e1 una descripci\u00f3n m\u00e1s amplia de este tema en la Adenda del Cap\u00edtulo 10 del libro de \u201cCiencia e Ingenier\u00eda de los Materiales\u201d de la Editorial Paraninfo. Dicha Adenda forma parte del material digital descargable desde la <a href=\"http:\/\/www.paraninfo.es\/catalogo\/9788428330176\/ciencia-e-ingenieria-de-los-materiales\" target=\"_blank\" rel=\"noopener noreferrer\">p\u00e1gina de la editorial<\/a>, en la pesta\u00f1a de \u2018Descarga previo registro\u2019).<\/p>\n<p style=\"text-align: justify;\">El c\u00e1lculo te\u00f3rico de un diagrama de fases binario consiste sencillamente en el trazado de sus l\u00edneas, tanto las que separan las zonas monof\u00e1sicas de las bif\u00e1sicas, como las que revelan eventuales puntos invariantes. Si se conoce previamente el tipo de diagrama y se dispone de la adecuada informaci\u00f3n termodin\u00e1mica, es posible calcular sus l\u00edneas, de forma aproximada, mediante argumentos muy simples.<\/p>\n<h3>Diagramas del Tipo I<\/h3>\n<p style=\"text-align: justify;\">En estos sistemas aparece una regi\u00f3n bif\u00e1sica donde conviven una soluci\u00f3n s\u00f3lida sustitutiva, que denominaremos <em>S<\/em>, y una soluci\u00f3n l\u00edquida <em>L<\/em>, ambas constituidas por los componentes <em>A<\/em> y <em>B<\/em>. La Fig. 1 muestra el diagrama de equilibrio calculado para el sistema Ni-Cu.<\/p>\n<table>\n<tbody>\n<tr>\n<td><img loading=\"lazy\" decoding=\"async\" class=\"aligncenter wp-image-179 size-full\" src=\"http:\/\/grupo.us.es\/derematerialia\/wp-content\/uploads\/2018\/05\/Trazado-de-diagramas-b\u00e1sicos-figura1.jpg\" alt=\"\" width=\"986\" height=\"337\" srcset=\"https:\/\/grupo.us.es\/derematerialia\/wp-content\/uploads\/2018\/05\/Trazado-de-diagramas-b\u00e1sicos-figura1.jpg 986w, https:\/\/grupo.us.es\/derematerialia\/wp-content\/uploads\/2018\/05\/Trazado-de-diagramas-b\u00e1sicos-figura1-300x103.jpg 300w, https:\/\/grupo.us.es\/derematerialia\/wp-content\/uploads\/2018\/05\/Trazado-de-diagramas-b\u00e1sicos-figura1-768x262.jpg 768w, https:\/\/grupo.us.es\/derematerialia\/wp-content\/uploads\/2018\/05\/Trazado-de-diagramas-b\u00e1sicos-figura1-900x308.jpg 900w\" sizes=\"(max-width: 986px) 100vw, 986px\" \/><\/td>\n<\/tr>\n<tr>\n<td style=\"text-align: left;\"><em><strong>Figura 1<\/strong> <strong>(a)<\/strong> Diagrama te\u00f3rico Ni-Cu calculado a partir de los siguientes datos: T<sub>Ni<\/sub> = 1728 K, T<sub>Cu<\/sub> = 1351 K, &nbsp;= -17610 J\/mol, &nbsp;= -13050 J\/mol, M(Ni) = 58.71 g\/mol, M(Cu) = 63.55 g\/mol. <strong>(b)<\/strong> Diagrama experimental Ni-Cu.<\/em><\/td>\n<\/tr>\n<\/tbody>\n<\/table>\n<h3><strong>Diagramas del Tipo II <\/strong><\/h3>\n<p style=\"text-align: justify;\">Para una aleaci\u00f3n con insolubilidad total de sus componentes en estado s\u00f3lido, existen dos regiones bif\u00e1sicas entre l\u00edquido y s\u00f3lido, en las que intervienen, por separado, los componentes puros. Un punto de gran inter\u00e9s en el c\u00e1lculo es el que da la composici\u00f3n y temperatura del punto eut\u00e9ctico.<\/p>\n<p style=\"text-align: justify;\">En la Fig. 2 se muestra el resultado del c\u00e1lculo del diagrama correspondiente al sistema Cd-Bi. Seg\u00fan estos c\u00e1lculos, el eut\u00e9ctico deber\u00eda situarse en el 60.1%&nbsp;Bi y a la temperatura de 407.8 K. (Los datos experimentales tambi\u00e9n lo sit\u00faan en torno al 60%&nbsp;Bi a 419 K.)<\/p>\n<table>\n<tbody>\n<tr>\n<td><img loading=\"lazy\" decoding=\"async\" class=\"aligncenter size-full wp-image-180\" src=\"http:\/\/grupo.us.es\/derematerialia\/wp-content\/uploads\/2018\/05\/Trazado-de-diagramas-b\u00e1sicos-figura2.jpg\" alt=\"\" width=\"984\" height=\"339\" srcset=\"https:\/\/grupo.us.es\/derematerialia\/wp-content\/uploads\/2018\/05\/Trazado-de-diagramas-b\u00e1sicos-figura2.jpg 984w, https:\/\/grupo.us.es\/derematerialia\/wp-content\/uploads\/2018\/05\/Trazado-de-diagramas-b\u00e1sicos-figura2-300x103.jpg 300w, https:\/\/grupo.us.es\/derematerialia\/wp-content\/uploads\/2018\/05\/Trazado-de-diagramas-b\u00e1sicos-figura2-768x265.jpg 768w, https:\/\/grupo.us.es\/derematerialia\/wp-content\/uploads\/2018\/05\/Trazado-de-diagramas-b\u00e1sicos-figura2-900x310.jpg 900w\" sizes=\"(max-width: 984px) 100vw, 984px\" \/><\/td>\n<\/tr>\n<tr>\n<td style=\"text-align: left;\"><em><strong>Figura 2<\/strong> <strong>(a)<\/strong> Diagrama te\u00f3rico Cd-Bi calculado a partir de los siguientes datos: T<sub>Cd<\/sub> = 594 K, T<sub>Bi<\/sub> = 544 K, &nbsp;= -6410 J\/mol, &nbsp;= -10890 J\/mol, M(Cd) = 112.41 g\/mol, M(Bi) = 208.98 g\/mol. (N\u00f3tese c\u00f3mo ). <strong>(b)<\/strong> Diagrama experimental Cd-Bi.<\/em><\/td>\n<\/tr>\n<\/tbody>\n<\/table>\n<h3><strong>Diagramas del Tipo III<\/strong><\/h3>\n<p style=\"text-align: justify;\">En el caso de que exista solubilidad parcial, de nuevo habr\u00e1 dos l\u00edneas de l\u00edquidus en el diagrama, de cuya intersecci\u00f3n podr\u00e1 obtenerse el punto eut\u00e9ctico. Habr\u00e1n de calcularse tambi\u00e9n las dos ramas de la l\u00ednea de s\u00f3lidus, enlazadas por una horizontal a la temperatura eut\u00e9ctica, y por \u00faltimo, las <em>l\u00edneas de solvus<\/em> correspondientes. Las fases que aparecen en el diagrama ser\u00e1n: el s\u00f3lido <em>S<\/em><em><sub>a<\/sub><\/em>, formado principalmente por el componente <em>A<\/em>, pero con algo de <em>B<\/em>; el s\u00f3lido <em>S<\/em><em><sub>b<\/sub><\/em>, que es predominantemente <em>B<\/em>, con algo de <em>A<\/em>; y el l\u00edquido <em>L<\/em>, que contiene tanto <em>A<\/em> como <em>B<\/em>. Como en el caso anterior, es crucial determinar la temperatura y puntos eut\u00e9cticos, pero en este caso, adem\u00e1s, es necesario encontrar, a esa temperatura, las solubilidades m\u00e1ximas de las fases s\u00f3lidas.<\/p>\n<p style=\"text-align: justify;\">En la Fig. 3 se muestra el diagrama calculado para el sistema Ag-Cu. Seg\u00fan estos c\u00e1lculos, el eut\u00e9ctico deber\u00eda situarse en el 26.6%Cu (que difiere muy poco del valor experimentalmente medido que lo sit\u00faa en el 28.8%).<\/p>\n<table>\n<tbody>\n<tr>\n<td><img loading=\"lazy\" decoding=\"async\" class=\"aligncenter size-full wp-image-181\" src=\"http:\/\/grupo.us.es\/derematerialia\/wp-content\/uploads\/2018\/05\/Trazado-de-diagramas-b\u00e1sicos-figura3.jpg\" alt=\"\" width=\"990\" height=\"339\" srcset=\"https:\/\/grupo.us.es\/derematerialia\/wp-content\/uploads\/2018\/05\/Trazado-de-diagramas-b\u00e1sicos-figura3.jpg 990w, https:\/\/grupo.us.es\/derematerialia\/wp-content\/uploads\/2018\/05\/Trazado-de-diagramas-b\u00e1sicos-figura3-300x103.jpg 300w, https:\/\/grupo.us.es\/derematerialia\/wp-content\/uploads\/2018\/05\/Trazado-de-diagramas-b\u00e1sicos-figura3-768x263.jpg 768w, https:\/\/grupo.us.es\/derematerialia\/wp-content\/uploads\/2018\/05\/Trazado-de-diagramas-b\u00e1sicos-figura3-900x308.jpg 900w\" sizes=\"(max-width: 990px) 100vw, 990px\" \/><\/td>\n<\/tr>\n<tr>\n<td style=\"text-align: left;\"><em><strong>Figura 3<\/strong> <strong>(a)<\/strong> Diagrama te\u00f3rico Ag-Cu calculado a partir de los siguientes datos: T<sub>Ag<\/sub> = 1233.8 K, T<sub>Cu<\/sub> = 1351 K, &nbsp;= -11090 J\/mol, &nbsp;= -13050 J\/mol, m<sub>Ag<\/sub> = 18000 J\/mol, m<sub>Cu<\/sub> = 11800 J\/mol, M(Ag) = 107.87 g\/mol, M(Cu) = 63.55 g\/mol.<strong> (b)<\/strong> Diagrama experimental Ag-Cu.<strong>&nbsp;<\/strong><\/em><\/td>\n<\/tr>\n<\/tbody>\n<\/table>\n<h3><strong>Diagramas del Tipo IV<\/strong><\/h3>\n<p style=\"text-align: justify;\">En el caso de que exista solubilidad parcial y aparezca una transformaci\u00f3n perit\u00e9ctica, las fases que aparecen en el diagrama ser\u00e1n, al igual que en los diagramas tipo III, el s\u00f3lido <em>S<\/em><em><sub>a<\/sub><\/em>, el s\u00f3lido <em>S<\/em><em><sub>b<\/sub><\/em> y el l\u00edquido <em>L<\/em>, que en todos los casos contienen tanto <em>A<\/em> como <em>B<\/em>, en distintas proporciones. Como en los casos anteriores, es vital determinar la temperatura y puntos de la transformaci\u00f3n invariante (en este caso la perit\u00e9ctica). Adem\u00e1s, es necesario encontrar, a esa temperatura, las solubilidades m\u00e1ximas de las fases s\u00f3lidas.<\/p>\n<p style=\"text-align: justify;\">En la Fig. 4 se muestra el resultado del c\u00e1lculo del diagrama correspondiente al sistema Re-Pt. Seg\u00fan estos c\u00e1lculos, el eut\u00e9ctico deber\u00eda situarse en el 54.58% Pt, siendo el valor experimentalmente medido de 58% Pt.<\/p>\n<table>\n<tbody>\n<tr>\n<td><img loading=\"lazy\" decoding=\"async\" class=\"aligncenter size-full wp-image-182\" src=\"http:\/\/grupo.us.es\/derematerialia\/wp-content\/uploads\/2018\/05\/Trazado-de-diagramas-b\u00e1sicos-figura4.jpg\" alt=\"\" width=\"990\" height=\"346\" srcset=\"https:\/\/grupo.us.es\/derematerialia\/wp-content\/uploads\/2018\/05\/Trazado-de-diagramas-b\u00e1sicos-figura4.jpg 990w, https:\/\/grupo.us.es\/derematerialia\/wp-content\/uploads\/2018\/05\/Trazado-de-diagramas-b\u00e1sicos-figura4-300x105.jpg 300w, https:\/\/grupo.us.es\/derematerialia\/wp-content\/uploads\/2018\/05\/Trazado-de-diagramas-b\u00e1sicos-figura4-768x268.jpg 768w, https:\/\/grupo.us.es\/derematerialia\/wp-content\/uploads\/2018\/05\/Trazado-de-diagramas-b\u00e1sicos-figura4-900x315.jpg 900w\" sizes=\"(max-width: 990px) 100vw, 990px\" \/><\/td>\n<\/tr>\n<tr>\n<td style=\"text-align: left;\"><em><strong>Figura 4<\/strong><strong> (a)<\/strong> Diagrama te\u00f3rico Re-Pt calculado a partir de los siguientes datos: T<sub>Re<\/sub> = 3453 K, T<sub>Pt<\/sub> = 2042 K, &nbsp;= -33500 J\/mol, &nbsp;= -19700 J\/mol, m<sub>Re<\/sub> = 1600 J\/mol, m<sub>Pt<\/sub> = 1500 J\/mol, M(Re) = 186.2 g\/mol, M(Pt) = 195.09 g\/mol. <strong>(b)<\/strong> Diagrama experimental del sistema Re-Pt.<\/em><\/td>\n<\/tr>\n<\/tbody>\n<\/table>\n<p>Que lo disfruten.<\/p>\n\n\n\n<!DOCTYPE html>\n<html lang=\"en\">\n<head>\n    <meta charset=\"UTF-8\">\n    <meta name=\"viewport\" content=\"width=device-width, initial-scale=1.0\">\n    <title>Document<\/title>\n    <link rel=\"stylesheet\" href=\"http:\/\/grupo.us.es\/derematerialia\/descargas\/index_diagrama.css\">\n    <script src=\"https:\/\/cdn.jsdelivr.net\/npm\/chart.js\"><\/script>\n<\/head>\n<body>\n    <div class=\"container-sup\" style=\"width:100%\">\n        <canvas width=100% height=50% id=\"diagramaCv\"><\/canvas>\n    <\/div>\n    <div class=\"container-botones\" style=\"width:100%\">\n        <label>\n            <input id = \"tipo1\" type=\"radio\" name=\"tipo\" checked onclick=\"inicializa_tipo()\">\n            Tipo I\n        <\/label>\n        <label>\n            <input id = \"tipo2\" type=\"radio\" name=\"tipo\" onclick=\"inicializa_tipo()\">\n            Tipo II\n        <\/label>\n        <label>\n            <input id = \"tipo3\" type=\"radio\" name=\"tipo\" onclick=\"inicializa_tipo()\">\n            Tipo III\n        <\/label>\n        <label>\n            <input id = \"tipo4\" type=\"radio\" name=\"tipo\" onclick=\"inicializa_tipo()\">\n            Tipo IV\n        <\/label>\n    <\/div>\n\n    <div class=\"container-sub\">\n    <h2 class=\"titulo-caja\">Par\u00e1metros<\/h2>\n    <div class=\"container-parametros\" style=\"height:45%; width:100%;\">\n        <!-- Bloque 1: Cuadricula -->\n        <div id=\"parametros\">\n            <!-- Encabezados -->\n            <div class=\"grid-header\">Componentes<\/div>\n            <div class=\"grid-header\">A<\/div>\n            <div class=\"grid-header\">B<\/div>\n            \n            <!-- Filas -->\n            <div class=\"grid-header\">\u0394H (J\/mol)<\/div>\n            <div class=\"grid-output\"><input id=\"EntalpiaA\" type=\"number\" name=\"Entalpia A\"><\/div>\n            <div class=\"grid-output\" ><input id=\"EntalpiaB\" type=\"number\" name=\"Entalpia B\"><\/div>\n            \n            <div class=\"grid-header\">TF (K)<\/div>\n            <div class=\"grid-output\" ><input id=\"FusionA\" type=\"number\" name=\"Temperatura A\"><\/div>\n            <div class=\"grid-output\" ><input id=\"FusionB\" type=\"number\" name=\"Temperatura B\"><\/div>\n            \n            <div class=\"grid-header\">M (g\/mol)<\/div>\n            <div class=\"grid-output\" ><input id=\"MA\" type=\"number\" name=\"Peso molecular A\"><\/div>\n            <div class=\"grid-output\" ><input id=\"MB\" type=\"number\" name=\"Peso molecular B\"><\/div>\n            \n            <!-- Nueva fila: Entrop\u00eda -->\n            <div class=\"grid-header\">Mezcla (J\/mol)<\/div>\n            <div class=\"grid-output\" ><input id=\"MezclaA\" type=\"number\" name=\"Mezcla A\" disabled><\/div>\n            <div class=\"grid-output\" ><input id=\"MezclaB\" type=\"number\" name=\"Mezcla B\"><\/div>\n        <\/div>\n    \n        <!-- Bloque 2: Botones -->\n        <div class=\"block radio-block\">\n            <div class=\"radio-container\">\n              <label>Puntos:\n                <input type=\"number\" id=\"np\">\n            <\/label>\n                <label>\n                    <input type=\"radio\" name=\"fraccion\" id=\"pMolar\" checked onclick=\"asigna_fraccion()\">\n                    Fracci\u00f3n Molar\n                <\/label>\n                <label>\n                    <input type=\"radio\" name=\"fraccion\" id=\"pMasa\" onclick=\"asigna_fraccion()\">\n                    Porcentaje en Masa\n                <\/label>\n            <\/div>\n        <\/div>\n    <\/div>\n\n\n    <div class=\"container-calculo\" style=\"width:100%\">\n        <button id=\"btn-calcular\" onclick=\"calcula()\">Calcular<\/button>\n        <button id=\"btn-guargar\" onclick=\"guardar_diagrama()\">Guardar<\/button>\n    <\/div>\n\n\n    <div class=\"container-sub\">\n    <h2 class=\"titulo-caja\">Resultados<\/h2>\n\n    <div class=\"result-container\">\n\n        <div class=\"result-column\">\n          <label>T inv (K):\n            <input type=\"number\" id=\"Tinv\" readonly>\n          <\/label>\n          <label>X inv:\n            <input type=\"number\" id=\"Xinv\" readonly>\n          <\/label>\n          <label>C inv (%):\n            <input type=\"number\" id=\"Cinv\" readonly>\n          <\/label>\n        <\/div>\n        <div class=\"result-column center-vertical\">\n            <label>X1 inv:\n              <input type=\"number\" id=\"X1inv\" readonly>\n            <\/label>\n            <label>C1 inv (%):\n              <input type=\"number\" id=\"C1inv\" readonly>\n            <\/label>\n          <\/div>\n\n          <div class=\"result-column center-vertical\">\n            <label>X2 inv:\n              <input type=\"number\" id=\"X2inv\" readonly>\n            <\/label>\n            <label>C2 inv (%):\n              <input type=\"number\" id=\"C2inv\" readonly>\n            <\/label>\n          <\/div>\n      <\/div>\n    <\/div>\n<\/div>\n\n\n\n    <script src=\"http:\/\/grupo.us.es\/derematerialia\/descargas\/index_diagrama.js\"><\/script>\n<\/body>\n<\/html>\n\n\n\n<p><strong>Simulador<\/strong><\/p>\n\n\n\n<p>(versi\u00f3n web realizada por Gonzalo Jaime Coladas, a partir del c\u00f3digo original en vb6 de J.M. Montes)<\/p>\n","protected":false},"excerpt":{"rendered":"<p>Trazador de diagramas de equilibrio binarios b\u00e1sicos (Encontrar\u00e1 una descripci\u00f3n m\u00e1s amplia de este tema en la Adenda del Cap\u00edtulo 10 del libro de \u201cCiencia e Ingenier\u00eda de los Materiales\u201d de la Editorial Paraninfo. Dicha Adenda forma parte del material digital descargable desde la p\u00e1gina de la editorial, en la pesta\u00f1a de \u2018Descarga previo registro\u2019). [&hellip;]<\/p>\n","protected":false},"author":1,"featured_media":680,"parent":0,"menu_order":0,"comment_status":"closed","ping_status":"closed","template":"full-width-page-template.php","meta":{"ngg_post_thumbnail":0,"footnotes":"","_mc_calendar":[]},"_links":{"self":[{"href":"https:\/\/grupo.us.es\/derematerialia\/wp-json\/wp\/v2\/pages\/190"}],"collection":[{"href":"https:\/\/grupo.us.es\/derematerialia\/wp-json\/wp\/v2\/pages"}],"about":[{"href":"https:\/\/grupo.us.es\/derematerialia\/wp-json\/wp\/v2\/types\/page"}],"author":[{"embeddable":true,"href":"https:\/\/grupo.us.es\/derematerialia\/wp-json\/wp\/v2\/users\/1"}],"replies":[{"embeddable":true,"href":"https:\/\/grupo.us.es\/derematerialia\/wp-json\/wp\/v2\/comments?post=190"}],"version-history":[{"count":15,"href":"https:\/\/grupo.us.es\/derematerialia\/wp-json\/wp\/v2\/pages\/190\/revisions"}],"predecessor-version":[{"id":1365,"href":"https:\/\/grupo.us.es\/derematerialia\/wp-json\/wp\/v2\/pages\/190\/revisions\/1365"}],"wp:featuredmedia":[{"embeddable":true,"href":"https:\/\/grupo.us.es\/derematerialia\/wp-json\/wp\/v2\/media\/680"}],"wp:attachment":[{"href":"https:\/\/grupo.us.es\/derematerialia\/wp-json\/wp\/v2\/media?parent=190"}],"curies":[{"name":"wp","href":"https:\/\/api.w.org\/{rel}","templated":true}]}}