{"id":1193,"date":"2022-01-13T11:43:32","date_gmt":"2022-01-13T11:43:32","guid":{"rendered":"http:\/\/grupo.us.es\/derematerialia\/?page_id=1193"},"modified":"2022-01-13T11:46:38","modified_gmt":"2022-01-13T11:46:38","slug":"excel-para-ciencia-e-ingenieria","status":"publish","type":"page","link":"https:\/\/grupo.us.es\/derematerialia\/excel-para-ciencia-e-ingenieria\/","title":{"rendered":"Excel para ciencia e ingenier\u00eda"},"content":{"rendered":"\n<p><img loading=\"lazy\" decoding=\"async\" class=\"alignnone  wp-image-1195\" src=\"http:\/\/grupo.us.es\/derematerialia\/wp-content\/uploads\/2022\/01\/9788426733733-scaled.jpg\" alt=\"\" width=\"327\" height=\"465\" srcset=\"https:\/\/grupo.us.es\/derematerialia\/wp-content\/uploads\/2022\/01\/9788426733733-scaled.jpg 1804w, https:\/\/grupo.us.es\/derematerialia\/wp-content\/uploads\/2022\/01\/9788426733733-211x300.jpg 211w, https:\/\/grupo.us.es\/derematerialia\/wp-content\/uploads\/2022\/01\/9788426733733-722x1024.jpg 722w, https:\/\/grupo.us.es\/derematerialia\/wp-content\/uploads\/2022\/01\/9788426733733-768x1090.jpg 768w, https:\/\/grupo.us.es\/derematerialia\/wp-content\/uploads\/2022\/01\/9788426733733-1083x1536.jpg 1083w, https:\/\/grupo.us.es\/derematerialia\/wp-content\/uploads\/2022\/01\/9788426733733-1444x2048.jpg 1444w, https:\/\/grupo.us.es\/derematerialia\/wp-content\/uploads\/2022\/01\/9788426733733-900x1277.jpg 900w, https:\/\/grupo.us.es\/derematerialia\/wp-content\/uploads\/2022\/01\/9788426733733-1280x1816.jpg 1280w\" sizes=\"(max-width: 327px) 100vw, 327px\" \/><\/p>\n<p>P\u00e1ginas: 510<\/p>\n<p>Edici\u00f3n: 1<\/p>\n<p>Fecha de publicaci\u00f3n: 25\/12\/2021<\/p>\n<p>ISBN: 9788426733733<\/p>\n<p>Formato: 21&#215;29.7 cms<\/p>\n<p>\u00a0<\/p>\n<p><strong>Sinopsis<\/strong><\/p>\n<p style=\"text-align: justify;\">\u00bfPor qu\u00e9 cient\u00edficos e ingenieros necesitan dominar Excel? Microsoft\u00ae Excel no es una aplicaci\u00f3n especializada en tareas de ciencia e ingenier\u00eda. Sin embargo, es una de las herramientas m\u00e1s utilizadas por cient\u00edficos e ingenieros. La raz\u00f3n no se debe a que Microsoft\u00ae Excel sea la herramienta m\u00e1s id\u00f3nea para resolver los problemas cient\u00edfico-t\u00e9cnicos en sus m\u00faltiples campos. De hecho, puede decirse que las capacidades nativas de esta aplicaci\u00f3n est\u00e1n a a\u00f1os luz de los paquetes comerciales de c\u00e1lculo altamente especializados. La raz\u00f3n estriba en su omnipresencia y su versatilidad. El que todos los paquetes comerciales cuenten con integraci\u00f3n con Microsoft\u00ae Excel es una muestra del reconocimiento de su ubicuidad. La versatilidad de Microsoft\u00ae Excel, su amplia adaptabilidad, es una virtud que debe al VBA, el lenguaje interpretado que lleva incorporado. Las posibilidades de este entorno de programaci\u00f3n son tales, que pronto se percatar\u00e1 de que solo su conocimiento del tema impondr\u00e1 los l\u00edmites. Excel para ciencia e ingenier\u00eda le ense\u00f1ar\u00e1 c\u00f3mo sacar partido a Excel y al VBA en las tareas que a menudo realiza en distintas aplicaciones. Gracias a este libro aprender\u00e1 a:<\/p>\n<p style=\"text-align: justify;\">1.Ampliar el repertorio de funciones nativas de Excel con otras m\u00e1s especializadas. 2.Programar en el lenguaje del VBA de manera eficiente.<\/p>\n<p style=\"text-align: justify;\">3.Generar e instalar un complemento propio con su colecci\u00f3n de funciones especializadas.<\/p>\n<p style=\"text-align: justify;\">4.Implementar y utilizar funciones y procedimientos en VBA para resolver tareas num\u00e9ricas elementales: interpolaci\u00f3n, regresi\u00f3n, c\u00e1lculo de ra\u00edces, operaciones matriciales, resoluci\u00f3n de sistemas de ecuaciones, optimizaci\u00f3n, diferenciaci\u00f3n, integraci\u00f3n, entre otras.<\/p>\n<p>5.Mejorar los gr\u00e1ficos de Excel.<\/p>\n<p style=\"text-align: justify;\">Asimismo, se incluyen gratis los libros Excel de trabajo y un complemento instalable de Excel, Excelsior, que re\u00fane todas las funciones y los procedimientos desarrollados en el libro, agrupados en distintos m\u00f3dulos de c\u00f3digos, cada uno encargado de una tarea espec\u00edfica. Con Excelsior ahorrar\u00e1 muchas horas de trabajo y podr\u00e1 hacer con Excel lo que antes solo estaba al alcance de paquetes especializados. El libro est\u00e1 escrito por dos profesores con formaci\u00f3n cient\u00edfica, pero que trabajan en el \u00e1mbito ingenieril: Juan Manuel Montes Martos (Dr. en F\u00edsicas) y F\u00e1tima Ternero Fern\u00e1ndez (Dra. en Qu\u00edmicas), ambos profesores del departamento de Ingenier\u00eda y Ciencia de los Materiales de la Universidad de Sevilla. El libro es el resultado de muchos a\u00f1os de trabajo con la plataforma Excel aplicada a la resoluci\u00f3n num\u00e9rica de problemas ingenieriles. Tanto si es un estudiante de una carrera cient\u00edfico-t\u00e9cnica como un profesional de ellas, encontrar\u00e1 en este libro un poderoso aliado. No solo le facilitar\u00e1 la ejecuci\u00f3n de tareas complejas en un tiempo menor, sino tambi\u00e9n la resoluci\u00f3n de problemas que cre\u00eda imposibles de realizar salvo con aplicaciones espec\u00edficas, de costosas licencias.<\/p>\n<p>\u00a0<\/p>\n<p><strong>\u00cdndice<\/strong><\/p>\n<p>A modo de introducci\u00f3n p. vii<\/p>\n<p>Cap\u00edtulo 1. Una r\u00e1pida visita p. 1<\/p>\n<p>Cap\u00edtulo 2. Operadores y funciones de Excel p. 29<\/p>\n<p>Cap\u00edtulo 3. Gr\u00e1ficos p. 73<\/p>\n<p>Cap\u00edtulo 4. El VBA p. 115<\/p>\n<p>Cap\u00edtulo 5. Extender el entorno p. 159<\/p>\n<p>Cap\u00edtulo 6. Evaluaci\u00f3n de funciones p. 203<\/p>\n<p>Cap\u00edtulo 7. Interpolaci\u00f3n p. 223<\/p>\n<p>Cap\u00edtulo 8. Regresi\u00f3n lineal y linealizada p. 253<\/p>\n<p>Cap\u00edtulo 9. Regresi\u00f3n no lineal p. 285<\/p>\n<p>Cap\u00edtulo 10. Derivaci\u00f3n num\u00e9rica p. 327<\/p>\n<p>Cap\u00edtulo 11. Resoluci\u00f3n de ecuaciones p. 353<\/p>\n<p>Cap\u00edtulo 12. Resoluci\u00f3n de sistemas de ecuaciones p. 377<\/p>\n<p>Cap\u00edtulo 13. Optimizaci\u00f3n p. 407<\/p>\n<p>Cap\u00edtulo 14. Integraci\u00f3n num\u00e9rica p. 439<\/p>\n<p>Cap\u00edtulo 15. Extender los gr\u00e1ficos de Excel p. 477<\/p>\n<p>Ep\u00edlogo. El complemento Excelsior p. 497<\/p>\n<p>Bibliograf\u00eda p. 501<\/p>\n<p>\u00a0<\/p>\n<p><strong>A la venta en:<\/strong><\/p>\n<p><a href=\"https:\/\/www.marcombo.com\/excel-para-ciencia-e-ingenieria-9788426733733\/\">Editorial Marcombo<\/a><\/p>\n<p><a href=\"https:\/\/www.fnac.es\/a8908454\/Varios-autores-Excel-para-ciencia-e-ingenieria\">Fnac<\/a><\/p>\n<p><a href=\"https:\/\/www.amazon.es\/ciencia-ingenier%C3%ADa-F%C3%A1tima-Ternero-Fern%C3%A1ndez\/dp\/8426733735\/ref=sr_1_1?__mk_es_ES=%C3%85M%C3%85%C5%BD%C3%95%C3%91&amp;crid=CWNG39LWFBRU&amp;keywords=excel+para+ciencia+e+ingenier%C3%ADa&amp;qid=1640513045&amp;sprefix=excel+para+ciencia+e+ingenier%C3%ADa%2Caps%2C168&amp;sr=8-1\">Amazon<\/a><\/p>\n","protected":false},"excerpt":{"rendered":"<p>P\u00e1ginas: 510 Edici\u00f3n: 1 Fecha de publicaci\u00f3n: 25\/12\/2021 ISBN: 9788426733733 Formato: 21&#215;29.7 cms \u00a0 Sinopsis \u00bfPor qu\u00e9 cient\u00edficos e ingenieros necesitan dominar Excel? Microsoft\u00ae Excel no es una aplicaci\u00f3n especializada en tareas de ciencia e ingenier\u00eda. Sin embargo, es una de las herramientas m\u00e1s utilizadas por cient\u00edficos e ingenieros. La raz\u00f3n no se debe a [&hellip;]<\/p>\n","protected":false},"author":1,"featured_media":0,"parent":0,"menu_order":0,"comment_status":"closed","ping_status":"closed","template":"","meta":{"ngg_post_thumbnail":0,"footnotes":"","_mc_calendar":[]},"_links":{"self":[{"href":"https:\/\/grupo.us.es\/derematerialia\/wp-json\/wp\/v2\/pages\/1193"}],"collection":[{"href":"https:\/\/grupo.us.es\/derematerialia\/wp-json\/wp\/v2\/pages"}],"about":[{"href":"https:\/\/grupo.us.es\/derematerialia\/wp-json\/wp\/v2\/types\/page"}],"author":[{"embeddable":true,"href":"https:\/\/grupo.us.es\/derematerialia\/wp-json\/wp\/v2\/users\/1"}],"replies":[{"embeddable":true,"href":"https:\/\/grupo.us.es\/derematerialia\/wp-json\/wp\/v2\/comments?post=1193"}],"version-history":[{"count":2,"href":"https:\/\/grupo.us.es\/derematerialia\/wp-json\/wp\/v2\/pages\/1193\/revisions"}],"predecessor-version":[{"id":1197,"href":"https:\/\/grupo.us.es\/derematerialia\/wp-json\/wp\/v2\/pages\/1193\/revisions\/1197"}],"wp:attachment":[{"href":"https:\/\/grupo.us.es\/derematerialia\/wp-json\/wp\/v2\/media?parent=1193"}],"curies":[{"name":"wp","href":"https:\/\/api.w.org\/{rel}","templated":true}]}}