{"id":24,"date":"2020-04-17T18:47:05","date_gmt":"2020-04-17T18:47:05","guid":{"rendered":"http:\/\/grupo.us.es\/derematerialia\/tecnicas-pulvimetalurgicas\/?page_id=24"},"modified":"2020-04-17T18:58:45","modified_gmt":"2020-04-17T18:58:45","slug":"tecnicas-pulvimetalurgicas","status":"publish","type":"page","link":"https:\/\/grupo.us.es\/derematerialia\/tecnicas-pulvimetalurgicas\/","title":{"rendered":"T\u00e9cnicas Pulvimetal\u00fargicas"},"content":{"rendered":"\n<p style=\"text-align: justify;\">La <strong>Pulvimetalurgia<\/strong> (PM) es la rama de la Metalurgia que se ocupa de la fabricaci\u00f3n de polvos met\u00e1licos y de su posterior consolidaci\u00f3n para la obtenci\u00f3n de piezas perfectamente cohesionadas.<\/p>\n\n\n\n<p style=\"text-align: justify;\">La llamada ruta convencional de la <strong>consolidaci\u00f3n pulvimetal\u00fargica<\/strong> consta de dos etapas: la <strong>compactaci\u00f3n <\/strong>o<strong> prensado en fr\u00edo<\/strong> y el <strong>sinterizado en horno<\/strong>. La <em>compactaci\u00f3n en fr\u00edo<\/em> de polvos es un proceso por el cual las finas part\u00edculas de un material en polvo se unen mutuamente por la acci\u00f3n de una fuerza exterior deformadora, que act\u00faa a una temperatura considerada baja para el material, dando lugar a un <strong>compacto \u00aben verde\u00bb<\/strong> que ya puede manipularse.<\/p>\n\n\n\n<p style=\"text-align: justify;\">La etapa posterior es la <strong>sinterizaci\u00f3n <\/strong>o<strong> sinterizado<\/strong>; proceso por el cual las finas part\u00edculas se unen entre s\u00ed formando una pieza, simplemente por acci\u00f3n de la temperatura.<\/p>\n\n\n\n<p style=\"text-align: justify;\">Si bien hoy d\u00eda tiene lugar una verdadera eclosi\u00f3n de aplicaciones en la industria, el proceso de sinterizaci\u00f3n no es nada reciente, y ya era conocido hace miles de a\u00f1os. Los incas utilizaron la sinterizaci\u00f3n para su joyer\u00eda de oro-platino. Los egipcios ya utilizaban materiales sinterizados (met\u00e1licos y cer\u00e1micos) desde el 3000 a.C. La enorme columna de Delhi en la India con sus 6.5 toneladas de peso, se fabric\u00f3 hacia el 300 d.C. a partir de polvo de hierro (magnetita reducida). Secularmente se han venido fabricando monedas mediante la sinterizaci\u00f3n de polvos de cobre, plata y plomo.<\/p>\n\n\n\n<p style=\"text-align: justify;\">La edad moderna de la sinterizaci\u00f3n comienza con Coodlige, quien utiliz\u00f3 polvo de wolframio para fabricar un filamento duradero para la l\u00e1mpara de Edison. Posteriormente, durante la d\u00e9cada de 1930, se elaboraron con esta t\u00e9cnica buj\u00edas, carburos cementados, cojinetes porosos de bronce, aislantes el\u00e9ctricos, y contactores el\u00e9ctricos de grafito y cobre. Durante la d\u00e9cada de 1940 la sinterizaci\u00f3n fue utilizada en la fabricaci\u00f3n de aleaciones de wolframio, de combustible nuclear de di\u00f3xido de uranio, contactores el\u00e9ctricos, aleaciones estructurales f\u00e9rreas y refractarias. En la \u00faltima parte del siglo XX, tuvo lugar un enorme crecimiento de la pr\u00e1ctica de la sinterizaci\u00f3n, especialmente en la creaci\u00f3n de cer\u00e1micas t\u00e9cnicas.<\/p>\n\n\n\n<p style=\"text-align: justify;\">Los materiales fabricados a partir de polvos est\u00e1n muy extendidos en la actualidad y se emplean en m\u00faltiples aplicaciones en la vida diaria y en la industria.<\/p>\n\n\n\n<div class=\"wp-block-image\"><figure class=\"aligncenter size-large\"><img loading=\"lazy\" decoding=\"async\" width=\"796\" height=\"557\" src=\"http:\/\/grupo.us.es\/derematerialia\/tecnicas-pulvimetalurgicas\/wp-content\/uploads\/sites\/9\/2020\/04\/Figura-1.png\" alt=\"\" class=\"wp-image-25\" srcset=\"https:\/\/grupo.us.es\/derematerialia\/tecnicas-pulvimetalurgicas\/wp-content\/uploads\/sites\/9\/2020\/04\/Figura-1.png 796w, https:\/\/grupo.us.es\/derematerialia\/tecnicas-pulvimetalurgicas\/wp-content\/uploads\/sites\/9\/2020\/04\/Figura-1-300x210.png 300w, https:\/\/grupo.us.es\/derematerialia\/tecnicas-pulvimetalurgicas\/wp-content\/uploads\/sites\/9\/2020\/04\/Figura-1-768x537.png 768w\" sizes=\"(max-width: 796px) 100vw, 796px\" \/><\/figure><\/div>\n","protected":false},"excerpt":{"rendered":"<p>La Pulvimetalurgia (PM) es la rama de la Metalurgia que se ocupa de la fabricaci\u00f3n de polvos met\u00e1licos y de su posterior consolidaci\u00f3n para la obtenci\u00f3n de piezas perfectamente cohesionadas. La llamada ruta convencional de la consolidaci\u00f3n pulvimetal\u00fargica consta de dos etapas: la compactaci\u00f3n o prensado en fr\u00edo y el sinterizado en horno. La compactaci\u00f3n [&hellip;]<\/p>\n","protected":false},"author":1,"featured_media":0,"parent":0,"menu_order":0,"comment_status":"closed","ping_status":"closed","template":"","meta":{"ngg_post_thumbnail":0,"footnotes":"","_mc_calendar":[]},"_links":{"self":[{"href":"https:\/\/grupo.us.es\/derematerialia\/tecnicas-pulvimetalurgicas\/wp-json\/wp\/v2\/pages\/24"}],"collection":[{"href":"https:\/\/grupo.us.es\/derematerialia\/tecnicas-pulvimetalurgicas\/wp-json\/wp\/v2\/pages"}],"about":[{"href":"https:\/\/grupo.us.es\/derematerialia\/tecnicas-pulvimetalurgicas\/wp-json\/wp\/v2\/types\/page"}],"author":[{"embeddable":true,"href":"https:\/\/grupo.us.es\/derematerialia\/tecnicas-pulvimetalurgicas\/wp-json\/wp\/v2\/users\/1"}],"replies":[{"embeddable":true,"href":"https:\/\/grupo.us.es\/derematerialia\/tecnicas-pulvimetalurgicas\/wp-json\/wp\/v2\/comments?post=24"}],"version-history":[{"count":2,"href":"https:\/\/grupo.us.es\/derematerialia\/tecnicas-pulvimetalurgicas\/wp-json\/wp\/v2\/pages\/24\/revisions"}],"predecessor-version":[{"id":27,"href":"https:\/\/grupo.us.es\/derematerialia\/tecnicas-pulvimetalurgicas\/wp-json\/wp\/v2\/pages\/24\/revisions\/27"}],"wp:attachment":[{"href":"https:\/\/grupo.us.es\/derematerialia\/tecnicas-pulvimetalurgicas\/wp-json\/wp\/v2\/media?parent=24"}],"curies":[{"name":"wp","href":"https:\/\/api.w.org\/{rel}","templated":true}]}}