{"id":79,"date":"2017-12-17T10:42:36","date_gmt":"2017-12-17T10:42:36","guid":{"rendered":"http:\/\/grupo.us.es\/derematerialia\/practicas-metalograficas\/?page_id=79"},"modified":"2020-02-06T08:44:36","modified_gmt":"2020-02-06T08:44:36","slug":"pulido","status":"publish","type":"page","link":"https:\/\/grupo.us.es\/derematerialia\/practicas-metalograficas\/pulido\/","title":{"rendered":"Pulido"},"content":{"rendered":"<p style=\"text-align: justify;\">El pulido tiene por objeto eliminar las rayas producidas en la operaci\u00f3n de desbaste y obtener una superficie especular en la muestra. Para ello se utilizan abrasivos de tama\u00f1o menor a los empleados en el desbaste. Su tama\u00f1o es tan peque\u00f1o (incluso por debajo de 0.05 mm) que en lugar de emplearse pegados a un papel con adhesivo (papel de lija), se pulveriza sobre un pa\u00f1o en el que las part\u00edculas de abrasivo quedan ancladas. Las m\u00e1quinas empleadas para realizar el pulido se denominan pulidoras (aunque, obviamente, tambi\u00e9n puede realizarse un pulido manual) y, b\u00e1sicamente constan de un motor que hace girar un disco sobre el que se coloca el pa\u00f1o de pulido. Para realizar un pulido adecuado, la muestra ha de moverse trazando espirales en sentido contrario al del giro del pa\u00f1o, de modo que la muestra es pulida en todas direcciones.<\/p>\n<p><center><img decoding=\"async\" src=\"http:\/\/grupo.us.es\/derematerialia\/practicas-metalograficas\/wp-content\/uploads\/sites\/2\/2017\/12\/Fig-9.adenda4-1.jpg\" alt=\"\" width=\"250\" \/><\/center><\/p>\n<p style=\"text-align: justify;\">Tras el pulido, pocas caracter\u00edsticas de la microestructura de los materiales pueden ser observadas (tan solo la presencia de porosidad y de fases de color oscuro). Esto se debe a que las muestras pulidas se comportan como espejos en el sentido de que reflejan muy bien la luz. \u00danicamente aquellas partes de la muestra en las que la reflexi\u00f3n no sea buena, ya sea porque debido a su color oscuro absorban parte de la luz, o porque alteren el \u00e1ngulo de reflexi\u00f3n de modo que esta no sea paralela al haz incidente, tendr\u00e1n el suficiente contraste como para ser distinguibles. En la siguiente figura\u00a0 se muestra la microestructura de una fundici\u00f3n (aleaci\u00f3n Fe-C) en la que solamente se aprecia una fase negra en forma de rosetas (grafito), y abundantes poros esferoidales de peque\u00f1o tama\u00f1o.<\/p>\n<p><center><img decoding=\"async\" src=\"http:\/\/grupo.us.es\/derematerialia\/practicas-metalograficas\/wp-content\/uploads\/sites\/2\/2017\/12\/Fig-9.adenda5.jpg\" alt=\"\" width=\"250\" \/><\/center><\/p>\n<p style=\"text-align: justify;\">El pulido de una muestra tambi\u00e9n puede hacerse mediante electrolisis. En una cuba con un electrolito adecuado se sumerge la probeta a pulir, que pasa a ser el \u00e1nodo de un circuito el\u00e9ctrico. Debe controlarse la diferencia de potencial, la intensidad y el tiempo durante el que se prolonga el paso de la corriente en el circuito para obtener un pulido adecuado. Por este motivo, en laboratorios donde se trabaja con muchos tipos de materiales diferentes no suele emplearse el pulido electrol\u00edtico.<\/p>\n<p><center><img decoding=\"async\" src=\"http:\/\/grupo.us.es\/derematerialia\/practicas-metalograficas\/wp-content\/uploads\/sites\/2\/2017\/12\/Fig-9.adenda6.jpg\" alt=\"\" width=\"250\" \/><\/center><\/p>\n","protected":false},"excerpt":{"rendered":"<p>El pulido tiene por objeto eliminar las rayas producidas en la operaci\u00f3n de desbaste y obtener una superficie especular en la muestra. Para ello se utilizan abrasivos de tama\u00f1o menor a los empleados en el desbaste. Su tama\u00f1o es tan peque\u00f1o (incluso por debajo de 0.05 mm) que en lugar de emplearse pegados a un [&hellip;]<\/p>\n","protected":false},"author":1,"featured_media":0,"parent":0,"menu_order":0,"comment_status":"closed","ping_status":"closed","template":"","meta":{"ngg_post_thumbnail":0,"footnotes":"","_mc_calendar":[]},"_links":{"self":[{"href":"https:\/\/grupo.us.es\/derematerialia\/practicas-metalograficas\/wp-json\/wp\/v2\/pages\/79"}],"collection":[{"href":"https:\/\/grupo.us.es\/derematerialia\/practicas-metalograficas\/wp-json\/wp\/v2\/pages"}],"about":[{"href":"https:\/\/grupo.us.es\/derematerialia\/practicas-metalograficas\/wp-json\/wp\/v2\/types\/page"}],"author":[{"embeddable":true,"href":"https:\/\/grupo.us.es\/derematerialia\/practicas-metalograficas\/wp-json\/wp\/v2\/users\/1"}],"replies":[{"embeddable":true,"href":"https:\/\/grupo.us.es\/derematerialia\/practicas-metalograficas\/wp-json\/wp\/v2\/comments?post=79"}],"version-history":[{"count":4,"href":"https:\/\/grupo.us.es\/derematerialia\/practicas-metalograficas\/wp-json\/wp\/v2\/pages\/79\/revisions"}],"predecessor-version":[{"id":1244,"href":"https:\/\/grupo.us.es\/derematerialia\/practicas-metalograficas\/wp-json\/wp\/v2\/pages\/79\/revisions\/1244"}],"wp:attachment":[{"href":"https:\/\/grupo.us.es\/derematerialia\/practicas-metalograficas\/wp-json\/wp\/v2\/media?parent=79"}],"curies":[{"name":"wp","href":"https:\/\/api.w.org\/{rel}","templated":true}]}}