{"id":158,"date":"2017-12-17T12:07:34","date_gmt":"2017-12-17T12:07:34","guid":{"rendered":"http:\/\/grupo.us.es\/derematerialia\/practicas-metalograficas\/?page_id=158"},"modified":"2017-12-20T09:37:00","modified_gmt":"2017-12-20T09:37:00","slug":"laton-42-zn-moldeado-en-arena","status":"publish","type":"page","link":"https:\/\/grupo.us.es\/derematerialia\/practicas-metalograficas\/laton-42-zn-moldeado-en-arena\/","title":{"rendered":"Lat\u00f3n (42 % Zn); moldeado en arena"},"content":{"rendered":"<p style=\"text-align: justify;\">Se forma primeramente la fase \u00df primaria diagrama de equilibrio en forma de grandes granos de color amarillo.<\/p>\n<p style=\"text-align: justify;\">Al descender la temperatura y traspasar la l\u00ednea de solvus, se segrega la fase a en los l\u00edmites de grano y en el seno de los mismos como grandes agujas con direcciones paralelas que se cruzan formando un determinado \u00e1ngulo entre ellas. Esta disposici\u00f3n de los precipitados se conoce como estructura de Widmanst\u00e4tten y se debe principalmente a que al realizarse en estado s\u00f3lido debe respetarse de alg\u00fan modo la estructura previa, siguiendo ciertas direcciones cristalogr\u00e1ficas m\u00e1s propicias.<\/p>\n<div id=\"attachment_269\" style=\"width: 1034px\" class=\"wp-caption aligncenter\"><img loading=\"lazy\" decoding=\"async\" aria-describedby=\"caption-attachment-269\" class=\"size-large wp-image-269\" src=\"http:\/\/grupo.us.es\/derematerialia\/practicas-metalograficas\/wp-content\/uploads\/sites\/2\/2017\/12\/x10-x50_1-1024x759.jpg\" alt=\"Lat\u00f3n 42-Zn x50\" width=\"1024\" height=\"759\" srcset=\"https:\/\/grupo.us.es\/derematerialia\/practicas-metalograficas\/wp-content\/uploads\/sites\/2\/2017\/12\/x10-x50_1-1024x759.jpg 1024w, https:\/\/grupo.us.es\/derematerialia\/practicas-metalograficas\/wp-content\/uploads\/sites\/2\/2017\/12\/x10-x50_1-300x222.jpg 300w, https:\/\/grupo.us.es\/derematerialia\/practicas-metalograficas\/wp-content\/uploads\/sites\/2\/2017\/12\/x10-x50_1-768x569.jpg 768w\" sizes=\"(max-width: 1024px) 100vw, 1024px\" \/><p id=\"caption-attachment-269\" class=\"wp-caption-text\">x50<\/p><\/div>\n<div id=\"attachment_272\" style=\"width: 1034px\" class=\"wp-caption aligncenter\"><img loading=\"lazy\" decoding=\"async\" aria-describedby=\"caption-attachment-272\" class=\"size-large wp-image-272\" src=\"http:\/\/grupo.us.es\/derematerialia\/practicas-metalograficas\/wp-content\/uploads\/sites\/2\/2017\/12\/x10-x400_1-1024x759.jpg\" alt=\"Lat\u00f3n 42-Zn x400\" width=\"1024\" height=\"759\" srcset=\"https:\/\/grupo.us.es\/derematerialia\/practicas-metalograficas\/wp-content\/uploads\/sites\/2\/2017\/12\/x10-x400_1-1024x759.jpg 1024w, https:\/\/grupo.us.es\/derematerialia\/practicas-metalograficas\/wp-content\/uploads\/sites\/2\/2017\/12\/x10-x400_1-300x222.jpg 300w, https:\/\/grupo.us.es\/derematerialia\/practicas-metalograficas\/wp-content\/uploads\/sites\/2\/2017\/12\/x10-x400_1-768x569.jpg 768w\" sizes=\"(max-width: 1024px) 100vw, 1024px\" \/><p id=\"caption-attachment-272\" class=\"wp-caption-text\">x400<\/p><\/div>\n","protected":false},"excerpt":{"rendered":"<p>Se forma primeramente la fase \u00df primaria diagrama de equilibrio en forma de grandes granos de color amarillo. Al descender la temperatura y traspasar la l\u00ednea de solvus, se segrega la fase a en los l\u00edmites de grano y en el seno de los mismos como grandes agujas con direcciones paralelas que se cruzan formando [&hellip;]<\/p>\n","protected":false},"author":1,"featured_media":0,"parent":0,"menu_order":0,"comment_status":"closed","ping_status":"closed","template":"","meta":{"ngg_post_thumbnail":0,"footnotes":"","_mc_calendar":[]},"_links":{"self":[{"href":"https:\/\/grupo.us.es\/derematerialia\/practicas-metalograficas\/wp-json\/wp\/v2\/pages\/158"}],"collection":[{"href":"https:\/\/grupo.us.es\/derematerialia\/practicas-metalograficas\/wp-json\/wp\/v2\/pages"}],"about":[{"href":"https:\/\/grupo.us.es\/derematerialia\/practicas-metalograficas\/wp-json\/wp\/v2\/types\/page"}],"author":[{"embeddable":true,"href":"https:\/\/grupo.us.es\/derematerialia\/practicas-metalograficas\/wp-json\/wp\/v2\/users\/1"}],"replies":[{"embeddable":true,"href":"https:\/\/grupo.us.es\/derematerialia\/practicas-metalograficas\/wp-json\/wp\/v2\/comments?post=158"}],"version-history":[{"count":4,"href":"https:\/\/grupo.us.es\/derematerialia\/practicas-metalograficas\/wp-json\/wp\/v2\/pages\/158\/revisions"}],"predecessor-version":[{"id":487,"href":"https:\/\/grupo.us.es\/derematerialia\/practicas-metalograficas\/wp-json\/wp\/v2\/pages\/158\/revisions\/487"}],"wp:attachment":[{"href":"https:\/\/grupo.us.es\/derematerialia\/practicas-metalograficas\/wp-json\/wp\/v2\/media?parent=158"}],"curies":[{"name":"wp","href":"https:\/\/api.w.org\/{rel}","templated":true}]}}