{"id":1203,"date":"2019-10-28T19:15:11","date_gmt":"2019-10-28T19:15:11","guid":{"rendered":"http:\/\/grupo.us.es\/derematerialia\/practicas-metalograficas\/?page_id=1203"},"modified":"2021-04-14T11:29:41","modified_gmt":"2021-04-14T11:29:41","slug":"practicas-metalograficas","status":"publish","type":"page","link":"https:\/\/grupo.us.es\/derematerialia\/practicas-metalograficas\/","title":{"rendered":"Pr\u00e1cticas Metalogr\u00e1ficas"},"content":{"rendered":"\n<p>El conocimiento de la estructura interna de los materiales se ha convertido en un pilar b\u00e1sico para poder comprender las propiedades que \u00e9stos presentan a nivel macrosc\u00f3pico. Dado que el ojo humano no llega a distinguir detalles separados por distancias menores de 0.1-0.2 mm, se hace necesario el uso de equipos capaces de mejorar dicho l\u00edmite. Estos equipos son los microscopios, y para el estudio de la estructura de los materiales se utilizan diversos tipos de ellos, dependiendo de la magnificaci\u00f3n (n\u00famero de aumentos) y resoluci\u00f3n (nitidez) que se desee alcanzar.<\/p>\n<p>Es pues, fundamental, conocer el modo de preparar los materiales para poder observarlos mediante t\u00e9cnicas de microscop\u00eda. En este bloque nos centraremos en las t\u00e9cnicas de preparaci\u00f3n de muestras para que puedan ser observadas mediante microscop\u00eda \u00f3ptica.<\/p>\n\n\n\n<video src=\"http:\/\/grupo.us.es\/derematerialia\/descargas\/Preparaci\u00f3n_metalogr\u00e1fica.mp4\" width=\"600\" height=\"400\" poster=\"http:\/\/grupo.us.es\/derematerialia\/descargas\/preparacion.PNG\" controls=\"\"><\/video>\n","protected":false},"excerpt":{"rendered":"<p>El conocimiento de la estructura interna de los materiales se ha convertido en un pilar b\u00e1sico para poder comprender las propiedades que \u00e9stos presentan a nivel macrosc\u00f3pico. Dado que el ojo humano no llega a distinguir detalles separados por distancias menores de 0.1-0.2 mm, se hace necesario el uso de equipos capaces de mejorar dicho [&hellip;]<\/p>\n","protected":false},"author":1,"featured_media":0,"parent":0,"menu_order":0,"comment_status":"closed","ping_status":"closed","template":"","meta":{"ngg_post_thumbnail":0,"footnotes":"","_mc_calendar":[]},"_links":{"self":[{"href":"https:\/\/grupo.us.es\/derematerialia\/practicas-metalograficas\/wp-json\/wp\/v2\/pages\/1203"}],"collection":[{"href":"https:\/\/grupo.us.es\/derematerialia\/practicas-metalograficas\/wp-json\/wp\/v2\/pages"}],"about":[{"href":"https:\/\/grupo.us.es\/derematerialia\/practicas-metalograficas\/wp-json\/wp\/v2\/types\/page"}],"author":[{"embeddable":true,"href":"https:\/\/grupo.us.es\/derematerialia\/practicas-metalograficas\/wp-json\/wp\/v2\/users\/1"}],"replies":[{"embeddable":true,"href":"https:\/\/grupo.us.es\/derematerialia\/practicas-metalograficas\/wp-json\/wp\/v2\/comments?post=1203"}],"version-history":[{"count":9,"href":"https:\/\/grupo.us.es\/derematerialia\/practicas-metalograficas\/wp-json\/wp\/v2\/pages\/1203\/revisions"}],"predecessor-version":[{"id":1498,"href":"https:\/\/grupo.us.es\/derematerialia\/practicas-metalograficas\/wp-json\/wp\/v2\/pages\/1203\/revisions\/1498"}],"wp:attachment":[{"href":"https:\/\/grupo.us.es\/derematerialia\/practicas-metalograficas\/wp-json\/wp\/v2\/media?parent=1203"}],"curies":[{"name":"wp","href":"https:\/\/api.w.org\/{rel}","templated":true}]}}