{"id":1121,"date":"2017-12-31T12:23:51","date_gmt":"2017-12-31T12:23:51","guid":{"rendered":"http:\/\/grupo.us.es\/derematerialia\/practicas-metalograficas\/?page_id=1121"},"modified":"2020-10-02T10:00:27","modified_gmt":"2020-10-02T10:00:27","slug":"austenita","status":"publish","type":"page","link":"https:\/\/grupo.us.es\/derematerialia\/practicas-metalograficas\/austenita\/","title":{"rendered":"Austenita"},"content":{"rendered":"<p style=\"text-align: justify;\">La austenita (\u03b3) es una soluci\u00f3n s\u00f3lida intersticial de carbono en hierro con estructura CCC. La austenita es la fase con mayor capacidad para disolver carbono, pudiendo incorporar hasta un 2.11% cuando se encuentra a 1148 \u00baC. La gran diferencia con respecto a la ferrita para captar carbono, se debe a la diferente estructura que el Fe adopta en ambas soluciones s\u00f3lidas.<\/p>\n<p style=\"text-align: justify;\">El nombre de austenita lo toma en reconocimiento al ilustre metalurgista brit\u00e1nico Roberts-Austen (1843-1902), entre cuyas muchas contribuciones destaca el realizar medidas cuantitativas de la difusi\u00f3n en estado s\u00f3lido, despu\u00e9s de que Fick estableciese sus leyes.<\/p>\n","protected":false},"excerpt":{"rendered":"<p>La austenita (\u03b3) es una soluci\u00f3n s\u00f3lida intersticial de carbono en hierro con estructura CCC. La austenita es la fase con mayor capacidad para disolver carbono, pudiendo incorporar hasta un 2.11% cuando se encuentra a 1148 \u00baC. La gran diferencia con respecto a la ferrita para captar carbono, se debe a la diferente estructura que [&hellip;]<\/p>\n","protected":false},"author":1,"featured_media":0,"parent":0,"menu_order":0,"comment_status":"closed","ping_status":"closed","template":"","meta":{"ngg_post_thumbnail":0,"footnotes":"","_mc_calendar":[]},"_links":{"self":[{"href":"https:\/\/grupo.us.es\/derematerialia\/practicas-metalograficas\/wp-json\/wp\/v2\/pages\/1121"}],"collection":[{"href":"https:\/\/grupo.us.es\/derematerialia\/practicas-metalograficas\/wp-json\/wp\/v2\/pages"}],"about":[{"href":"https:\/\/grupo.us.es\/derematerialia\/practicas-metalograficas\/wp-json\/wp\/v2\/types\/page"}],"author":[{"embeddable":true,"href":"https:\/\/grupo.us.es\/derematerialia\/practicas-metalograficas\/wp-json\/wp\/v2\/users\/1"}],"replies":[{"embeddable":true,"href":"https:\/\/grupo.us.es\/derematerialia\/practicas-metalograficas\/wp-json\/wp\/v2\/comments?post=1121"}],"version-history":[{"count":3,"href":"https:\/\/grupo.us.es\/derematerialia\/practicas-metalograficas\/wp-json\/wp\/v2\/pages\/1121\/revisions"}],"predecessor-version":[{"id":1329,"href":"https:\/\/grupo.us.es\/derematerialia\/practicas-metalograficas\/wp-json\/wp\/v2\/pages\/1121\/revisions\/1329"}],"wp:attachment":[{"href":"https:\/\/grupo.us.es\/derematerialia\/practicas-metalograficas\/wp-json\/wp\/v2\/media?parent=1121"}],"curies":[{"name":"wp","href":"https:\/\/api.w.org\/{rel}","templated":true}]}}