{"id":1115,"date":"2017-12-31T12:11:24","date_gmt":"2017-12-31T12:11:24","guid":{"rendered":"http:\/\/grupo.us.es\/derematerialia\/practicas-metalograficas\/?page_id=1115"},"modified":"2017-12-31T12:11:24","modified_gmt":"2017-12-31T12:11:24","slug":"fundiciones-aleadas","status":"publish","type":"page","link":"https:\/\/grupo.us.es\/derematerialia\/practicas-metalograficas\/fundiciones-aleadas\/","title":{"rendered":"Fundiciones aleadas"},"content":{"rendered":"<p style=\"text-align: justify;\">Las fundiciones aleadas son aquellas que contienen uno o m\u00e1s elementos de aleaci\u00f3n en cantidades suficientes para mejorar las propiedades f\u00edsicas o mec\u00e1nicas de las fundiciones ordinarias. Los elementos que normalmente se encuentran en las primeras materias, como el silicio, manganeso, f\u00f3sforo y azufre no se consideran como elementos de aleaci\u00f3n.<\/p>\n<p style=\"text-align: justify;\">Los elementos de aleaci\u00f3n se adicionan a las fundiciones ordinarias para comunicarles alguna propiedad especial, tal como resistencia a la corrosi\u00f3n, al desgaste o al calor, o para mejorar sus propiedades mec\u00e1nicas. La mayor\u00eda de los elementos de aleaci\u00f3n adicionados a las fundiciones aceleran o retardan la grafitizaci\u00f3n, y \u00e9sta es una de las principales razones de su empleo. Los elementos de aleaci\u00f3n m\u00e1s utilizados son el cromo, cobre, molibdeno, n\u00edquel y vanadio.<\/p>\n","protected":false},"excerpt":{"rendered":"<p>Las fundiciones aleadas son aquellas que contienen uno o m\u00e1s elementos de aleaci\u00f3n en cantidades suficientes para mejorar las propiedades f\u00edsicas o mec\u00e1nicas de las fundiciones ordinarias. Los elementos que normalmente se encuentran en las primeras materias, como el silicio, manganeso, f\u00f3sforo y azufre no se consideran como elementos de aleaci\u00f3n. Los elementos de aleaci\u00f3n [&hellip;]<\/p>\n","protected":false},"author":1,"featured_media":0,"parent":0,"menu_order":0,"comment_status":"closed","ping_status":"closed","template":"","meta":{"ngg_post_thumbnail":0,"footnotes":"","_mc_calendar":[]},"_links":{"self":[{"href":"https:\/\/grupo.us.es\/derematerialia\/practicas-metalograficas\/wp-json\/wp\/v2\/pages\/1115"}],"collection":[{"href":"https:\/\/grupo.us.es\/derematerialia\/practicas-metalograficas\/wp-json\/wp\/v2\/pages"}],"about":[{"href":"https:\/\/grupo.us.es\/derematerialia\/practicas-metalograficas\/wp-json\/wp\/v2\/types\/page"}],"author":[{"embeddable":true,"href":"https:\/\/grupo.us.es\/derematerialia\/practicas-metalograficas\/wp-json\/wp\/v2\/users\/1"}],"replies":[{"embeddable":true,"href":"https:\/\/grupo.us.es\/derematerialia\/practicas-metalograficas\/wp-json\/wp\/v2\/comments?post=1115"}],"version-history":[{"count":1,"href":"https:\/\/grupo.us.es\/derematerialia\/practicas-metalograficas\/wp-json\/wp\/v2\/pages\/1115\/revisions"}],"predecessor-version":[{"id":1116,"href":"https:\/\/grupo.us.es\/derematerialia\/practicas-metalograficas\/wp-json\/wp\/v2\/pages\/1115\/revisions\/1116"}],"wp:attachment":[{"href":"https:\/\/grupo.us.es\/derematerialia\/practicas-metalograficas\/wp-json\/wp\/v2\/media?parent=1115"}],"curies":[{"name":"wp","href":"https:\/\/api.w.org\/{rel}","templated":true}]}}