{"id":1113,"date":"2017-12-31T12:09:31","date_gmt":"2017-12-31T12:09:31","guid":{"rendered":"http:\/\/grupo.us.es\/derematerialia\/practicas-metalograficas\/?page_id=1113"},"modified":"2017-12-31T12:09:31","modified_gmt":"2017-12-31T12:09:31","slug":"fundiciones-en-coquilla","status":"publish","type":"page","link":"https:\/\/grupo.us.es\/derematerialia\/practicas-metalograficas\/fundiciones-en-coquilla\/","title":{"rendered":"Fundiciones en coquilla"},"content":{"rendered":"<p style=\"text-align: justify;\">Las fundiciones en coquilla, se obtienen colando el metal fundido en coquilla met\u00e1lica. De esta forma se obtienen piezas constituidas por una capa perif\u00e9rica dura y resistente a la abrasi\u00f3n de fundici\u00f3n blanca, que envuelve totalmente a un coraz\u00f3n m\u00e1s blando de fundici\u00f3n gris, siendo necesario para conseguir buenos resultados tener un control muy cuidadoso de la composici\u00f3n y de la velocidad de enfriamiento.<\/p>\n<p style=\"text-align: justify;\">Las fundiciones en coquilla pueden obtenerse ajustando la composici\u00f3n de la fundici\u00f3n de tal modo que la velocidad de enfriamiento del normal en la superficie sea la justa para que se forme fundici\u00f3n blanca, mientras que en el interior, al ser menor la velocidad, se obtiene fundiciones atruchadas y grises.<\/p>\n<p style=\"text-align: justify;\">Jugando con los espesores met\u00e1licos del molde y con algunos componentes de la aleaci\u00f3n como el silicio, manganeso, f\u00f3sforo etc. se puede controlar el espesor de la capa de fundici\u00f3n blanca que se desea obtener.<\/p>\n","protected":false},"excerpt":{"rendered":"<p>Las fundiciones en coquilla, se obtienen colando el metal fundido en coquilla met\u00e1lica. De esta forma se obtienen piezas constituidas por una capa perif\u00e9rica dura y resistente a la abrasi\u00f3n de fundici\u00f3n blanca, que envuelve totalmente a un coraz\u00f3n m\u00e1s blando de fundici\u00f3n gris, siendo necesario para conseguir buenos resultados tener un control muy cuidadoso [&hellip;]<\/p>\n","protected":false},"author":1,"featured_media":0,"parent":0,"menu_order":0,"comment_status":"closed","ping_status":"closed","template":"","meta":{"ngg_post_thumbnail":0,"footnotes":"","_mc_calendar":[]},"_links":{"self":[{"href":"https:\/\/grupo.us.es\/derematerialia\/practicas-metalograficas\/wp-json\/wp\/v2\/pages\/1113"}],"collection":[{"href":"https:\/\/grupo.us.es\/derematerialia\/practicas-metalograficas\/wp-json\/wp\/v2\/pages"}],"about":[{"href":"https:\/\/grupo.us.es\/derematerialia\/practicas-metalograficas\/wp-json\/wp\/v2\/types\/page"}],"author":[{"embeddable":true,"href":"https:\/\/grupo.us.es\/derematerialia\/practicas-metalograficas\/wp-json\/wp\/v2\/users\/1"}],"replies":[{"embeddable":true,"href":"https:\/\/grupo.us.es\/derematerialia\/practicas-metalograficas\/wp-json\/wp\/v2\/comments?post=1113"}],"version-history":[{"count":1,"href":"https:\/\/grupo.us.es\/derematerialia\/practicas-metalograficas\/wp-json\/wp\/v2\/pages\/1113\/revisions"}],"predecessor-version":[{"id":1114,"href":"https:\/\/grupo.us.es\/derematerialia\/practicas-metalograficas\/wp-json\/wp\/v2\/pages\/1113\/revisions\/1114"}],"wp:attachment":[{"href":"https:\/\/grupo.us.es\/derematerialia\/practicas-metalograficas\/wp-json\/wp\/v2\/media?parent=1113"}],"curies":[{"name":"wp","href":"https:\/\/api.w.org\/{rel}","templated":true}]}}