{"id":1093,"date":"2017-12-31T11:28:29","date_gmt":"2017-12-31T11:28:29","guid":{"rendered":"http:\/\/grupo.us.es\/derematerialia\/practicas-metalograficas\/?page_id=1093"},"modified":"2020-10-08T09:25:54","modified_gmt":"2020-10-08T09:25:54","slug":"fundiciones-blancas","status":"publish","type":"page","link":"https:\/\/grupo.us.es\/derematerialia\/practicas-metalograficas\/fundiciones-blancas\/","title":{"rendered":"Fundiciones Blancas"},"content":{"rendered":"<p>Las fundiciones blancas no se diferencian demasiado de un acero, puesto que en su microestructura no aparece grafito, y a menudo son consideradas como aceros hipereut\u00e9cticos. Para dificultar la presencia de grafito, se reduce el contenido en Si, y las aleaciones se enfr\u00edan con cierta rapidez.<\/p>\n<p style=\"text-align: justify;\">Durante su enfriamiento desde el estado l\u00edquido, comienza a solidificar la austenita (<em>\u03b3<\/em>) que, por formarse directamente a partir de l\u00edquido, adopta generalmente una morfolog\u00eda dendr\u00edtica (Figura 1).<\/p>\n<table style=\"border-collapse: collapse; width: 100%;\">\n<tbody>\n<tr>\n<td style=\"width: 68%;\"><img loading=\"lazy\" decoding=\"async\" class=\"alignnone size-full wp-image-1303\" src=\"http:\/\/grupo.us.es\/derematerialia\/practicas-metalograficas\/wp-content\/uploads\/sites\/2\/2020\/10\/Fig-12-32a-1.jpg\" alt=\"\" width=\"405\" height=\"415\" \/><\/td>\n<td style=\"width: 32%;\"><img loading=\"lazy\" decoding=\"async\" class=\"alignnone size-full wp-image-1302\" src=\"http:\/\/grupo.us.es\/derematerialia\/practicas-metalograficas\/wp-content\/uploads\/sites\/2\/2020\/10\/Fig-12-32a-2.jpg\" alt=\"\" width=\"169\" height=\"413\" \/><\/td>\n<\/tr>\n<tr>\n<td style=\"width: 50%; text-align: center;\" colspan=\"2\">Figura 1<\/td>\n<\/tr>\n<\/tbody>\n<\/table>\n<p style=\"text-align: justify;\">Una vez se alcanza la temperatura eut\u00e9ctica (1148\u00a0\u00baC) el l\u00edquido restante se transforma en el microconstituyente eut\u00e9ctico <em>\u03b3<\/em>\u00a0+\u00a0Fe<sub>3<\/sub>C, conocido como <em>ledeburita<\/em>. La elevada temperatura de formaci\u00f3n del eut\u00e9ctico favorece su divorcio, dando lugar a que la austenita eut\u00e9ctica se combine con la preeut\u00e9ctica, resultando una estructura formada por dendritas de austenita en una matriz de cementita. Posteriormente, durante la transformaci\u00f3n eutectoide (727\u00a0\u00baC), la austenita da lugar a perlita. De modo que, a temperatura ambiente, la estructura de las <em>fundiciones blancas perl\u00edticas<\/em> (nombradas, a menudo, simplemente como <em>fundiciones blancas<\/em>) consta de una matriz de cementita en la que se distribuye perlita, confinada en las regiones dendr\u00edticas de la austenita previa (Figuras 2 y 3).<\/p>\n<p><center><img decoding=\"async\" src=\"http:\/\/grupo.us.es\/derematerialia\/practicas-metalograficas\/wp-content\/uploads\/sites\/2\/2017\/12\/y1-x50_1-1024x759.jpg\" alt=\"Fundici\u00f3n blanca perl\u00edtica x50\" width=\"600\" \/> Figura 2<\/center><center><img decoding=\"async\" src=\"http:\/\/grupo.us.es\/derematerialia\/practicas-metalograficas\/wp-content\/uploads\/sites\/2\/2017\/12\/y1-x400_1-1024x759.jpg\" alt=\"Fundici\u00f3n blanca perl\u00edtica x400\" width=\"600\" \/>Figura 3<\/center><\/p>\n<p style=\"text-align: justify;\">En el caso de que se desee obtener un material con a\u00fan mayor dureza y resistencia al desgaste, la fundici\u00f3n puede someterse a un enfriamiento severo (temple) a partir de la regi\u00f3n II (Figuras 4 y 5), dando as\u00ed lugar a las conocidas como <em>fundiciones blancas martens\u00edticas<\/em>.<\/p>\n<p><center><img decoding=\"async\" src=\"http:\/\/grupo.us.es\/derematerialia\/practicas-metalograficas\/wp-content\/uploads\/sites\/2\/2017\/12\/y1A-x100_1-1024x759.jpg\" alt=\"Fundici\u00f3n blanca martens\u00edtica x100\" width=\"600\" \/>Figura 4<\/center><center><img decoding=\"async\" src=\"http:\/\/grupo.us.es\/derematerialia\/practicas-metalograficas\/wp-content\/uploads\/sites\/2\/2017\/12\/y1A-x400_1-1024x759.jpg\" alt=\"Fundici\u00f3n blanca martens\u00edtica x400\" width=\"600\" \/>Figura 5<\/center><\/p>\n","protected":false},"excerpt":{"rendered":"<p>Las fundiciones blancas no se diferencian demasiado de un acero, puesto que en su microestructura no aparece grafito, y a menudo son consideradas como aceros hipereut\u00e9cticos. Para dificultar la presencia de grafito, se reduce el contenido en Si, y las aleaciones se enfr\u00edan con cierta rapidez. Durante su enfriamiento desde el estado l\u00edquido, comienza a [&hellip;]<\/p>\n","protected":false},"author":1,"featured_media":0,"parent":0,"menu_order":0,"comment_status":"closed","ping_status":"closed","template":"","meta":{"ngg_post_thumbnail":0,"footnotes":"","_mc_calendar":[]},"_links":{"self":[{"href":"https:\/\/grupo.us.es\/derematerialia\/practicas-metalograficas\/wp-json\/wp\/v2\/pages\/1093"}],"collection":[{"href":"https:\/\/grupo.us.es\/derematerialia\/practicas-metalograficas\/wp-json\/wp\/v2\/pages"}],"about":[{"href":"https:\/\/grupo.us.es\/derematerialia\/practicas-metalograficas\/wp-json\/wp\/v2\/types\/page"}],"author":[{"embeddable":true,"href":"https:\/\/grupo.us.es\/derematerialia\/practicas-metalograficas\/wp-json\/wp\/v2\/users\/1"}],"replies":[{"embeddable":true,"href":"https:\/\/grupo.us.es\/derematerialia\/practicas-metalograficas\/wp-json\/wp\/v2\/comments?post=1093"}],"version-history":[{"count":6,"href":"https:\/\/grupo.us.es\/derematerialia\/practicas-metalograficas\/wp-json\/wp\/v2\/pages\/1093\/revisions"}],"predecessor-version":[{"id":1515,"href":"https:\/\/grupo.us.es\/derematerialia\/practicas-metalograficas\/wp-json\/wp\/v2\/pages\/1093\/revisions\/1515"}],"wp:attachment":[{"href":"https:\/\/grupo.us.es\/derematerialia\/practicas-metalograficas\/wp-json\/wp\/v2\/media?parent=1093"}],"curies":[{"name":"wp","href":"https:\/\/api.w.org\/{rel}","templated":true}]}}