{"id":26,"date":"2019-10-30T13:57:33","date_gmt":"2019-10-30T12:57:33","guid":{"rendered":"http:\/\/grupo.us.es\/derematerialia\/investigacion\/?page_id=26"},"modified":"2019-10-30T13:57:33","modified_gmt":"2019-10-30T12:57:33","slug":"contacto","status":"publish","type":"page","link":"https:\/\/grupo.us.es\/derematerialia\/investigacion\/contacto\/","title":{"rendered":"Contacto"},"content":{"rendered":"\n<p><em><strong>Datos de contacto<\/strong><\/em><\/p>\n<p><strong>Direcci\u00f3n<\/strong><br \/>Escuela T\u00e9cnica Superior de Ingenier\u00eda<br \/>Camino de los Descubrimientos, s\/n.<br \/>Isla de la Cartuja, 41092 Sevilla.<\/p>\n<p>\u00a0<\/p>\n<p><strong>Tel\u00e9fono<\/strong><br \/>954 48 73 05 \u2013 954 48 22 78<\/p>\n","protected":false},"excerpt":{"rendered":"<p>Datos de contacto Direcci\u00f3nEscuela T\u00e9cnica Superior de Ingenier\u00edaCamino de los Descubrimientos, s\/n.Isla de la Cartuja, 41092 Sevilla. \u00a0 Tel\u00e9fono954 48 73 05 \u2013 954 48 22 78<\/p>\n","protected":false},"author":1,"featured_media":0,"parent":0,"menu_order":0,"comment_status":"closed","ping_status":"closed","template":"","meta":{"ngg_post_thumbnail":0,"footnotes":"","_mc_calendar":[]},"_links":{"self":[{"href":"https:\/\/grupo.us.es\/derematerialia\/investigacion\/wp-json\/wp\/v2\/pages\/26"}],"collection":[{"href":"https:\/\/grupo.us.es\/derematerialia\/investigacion\/wp-json\/wp\/v2\/pages"}],"about":[{"href":"https:\/\/grupo.us.es\/derematerialia\/investigacion\/wp-json\/wp\/v2\/types\/page"}],"author":[{"embeddable":true,"href":"https:\/\/grupo.us.es\/derematerialia\/investigacion\/wp-json\/wp\/v2\/users\/1"}],"replies":[{"embeddable":true,"href":"https:\/\/grupo.us.es\/derematerialia\/investigacion\/wp-json\/wp\/v2\/comments?post=26"}],"version-history":[{"count":1,"href":"https:\/\/grupo.us.es\/derematerialia\/investigacion\/wp-json\/wp\/v2\/pages\/26\/revisions"}],"predecessor-version":[{"id":27,"href":"https:\/\/grupo.us.es\/derematerialia\/investigacion\/wp-json\/wp\/v2\/pages\/26\/revisions\/27"}],"wp:attachment":[{"href":"https:\/\/grupo.us.es\/derematerialia\/investigacion\/wp-json\/wp\/v2\/media?parent=26"}],"curies":[{"name":"wp","href":"https:\/\/api.w.org\/{rel}","templated":true}]}}