{"id":988,"date":"2019-08-21T11:29:04","date_gmt":"2019-08-21T09:29:04","guid":{"rendered":"http:\/\/grupo.us.es\/derematerialia\/estructuras-cristalinas\/?page_id=988"},"modified":"2019-12-12T17:02:27","modified_gmt":"2019-12-12T16:02:27","slug":"telurio","status":"publish","type":"page","link":"https:\/\/grupo.us.es\/derematerialia\/estructuras-cristalinas\/telurio\/","title":{"rendered":"Telurio"},"content":{"rendered":"\n<p style=\"text-align: justify;\">Los \u00e1tomos de los elementos S, Se y Te (grupo VI) forman mol\u00e9culas en forma de cadena o de anillos, de manera que cada \u00e1tomo tiene solamente dos vecinos inmediatos (acorde con su valencia 2) en posiciones dictadas por la direccionalidad del enlace covalente.<\/p>\n\n\n\n<table class=\"wp-block-table aligncenter\" style=\"width: 100%;\">\n<tbody>\n<tr>\n<td style=\"width: 50%;><a href=\"http:\/\/grupo.us.es\/derematerialia\/estructurascristalinas\/5-1-4_1_telurio.html\"><img decoding=\"async\" src=\"http:\/\/grupo.us.es\/derematerialia\/estructuras-cristalinas\/wp-content\/uploads\/sites\/4\/2019\/05\/5-1-4_1.jpg\" alt=\"\" width=\"400\" \/><\/a><\/td>\n<td style=\"width: 50%;\"><a href=\"http:\/\/grupo.us.es\/derematerialia\/estructurascristalinas\/5-1-4_2_telurio.html\"><img decoding=\"async\" src=\"http:\/\/grupo.us.es\/derematerialia\/estructuras-cristalinas\/wp-content\/uploads\/sites\/4\/2019\/05\/5-1-4_2.jpg\" alt=\"\" width=\"400\" \/><\/a><\/td>\n<\/tr>\n<tr>\n<td class=\"pie_img\" style=\"width: 50%;\" colspan=\"2\">Estructura cristalina del telurio, mostrando (izq) una cadena en espiral de \u00e1tomos de Te enmarcada en un prima de base triangular, y (dcha) los primas triangulares se ordenan a su vez dando lugar a una celdilla hexagonal. Las fuerzas que mantienen unidas las distintas espirales son de tipo secundario.<\/td>\n<\/tr>\n<\/tbody>\n<\/table>\n\n\n\n<p style=\"text-align: justify;\">Por otro lado, los \u00e1tomos de P, As, Sb y Bi (grupo V) tienen una tendencia a cristalizar en capas plegadas, d\u00e9bilmente unidas entre s\u00ed. Con esta ordenaci\u00f3n cada \u00e1tomo se une covalentemente a otros tres vecinos (acorde con su valencia 3), situados en las posiciones marcadas por la direccionalidad de los enlaces.<\/p>\n<center><a href=\"http:\/\/grupo.us.es\/derematerialia\/estructurascristalinas\/5-1-4_3_arsenico.html\"><img loading=\"lazy\" decoding=\"async\" class=\" wp-image-269 aligncenter\" src=\"http:\/\/grupo.us.es\/derematerialia\/estructuras-cristalinas\/wp-content\/uploads\/sites\/4\/2019\/05\/5-1-4_3.jpg\" alt=\"\" width=\"383\" height=\"293\" \/><\/a><\/center>\n<p style=\"text-align: justify;\">Estructura cristalina del ars\u00e9nico, mostrando las capas plegadas de \u00e1tomos agrupadas apiladas formando un prisma hexagonal (la celdilla rombo\u00e9drica se ha se\u00f1alado con l\u00ednea m\u00e1s gruesa).<\/p>\n","protected":false},"excerpt":{"rendered":"<p>Los \u00e1tomos de los elementos S, Se y Te (grupo VI) forman mol\u00e9culas en forma de cadena o de anillos, de manera que cada \u00e1tomo tiene solamente dos vecinos inmediatos (acorde con su valencia 2) en posiciones dictadas por la direccionalidad del enlace covalente.<\/p>\n","protected":false},"author":1,"featured_media":0,"parent":0,"menu_order":0,"comment_status":"closed","ping_status":"closed","template":"","meta":{"ngg_post_thumbnail":0,"footnotes":"","_mc_calendar":[]},"_links":{"self":[{"href":"https:\/\/grupo.us.es\/derematerialia\/estructuras-cristalinas\/wp-json\/wp\/v2\/pages\/988"}],"collection":[{"href":"https:\/\/grupo.us.es\/derematerialia\/estructuras-cristalinas\/wp-json\/wp\/v2\/pages"}],"about":[{"href":"https:\/\/grupo.us.es\/derematerialia\/estructuras-cristalinas\/wp-json\/wp\/v2\/types\/page"}],"author":[{"embeddable":true,"href":"https:\/\/grupo.us.es\/derematerialia\/estructuras-cristalinas\/wp-json\/wp\/v2\/users\/1"}],"replies":[{"embeddable":true,"href":"https:\/\/grupo.us.es\/derematerialia\/estructuras-cristalinas\/wp-json\/wp\/v2\/comments?post=988"}],"version-history":[{"count":3,"href":"https:\/\/grupo.us.es\/derematerialia\/estructuras-cristalinas\/wp-json\/wp\/v2\/pages\/988\/revisions"}],"predecessor-version":[{"id":1853,"href":"https:\/\/grupo.us.es\/derematerialia\/estructuras-cristalinas\/wp-json\/wp\/v2\/pages\/988\/revisions\/1853"}],"wp:attachment":[{"href":"https:\/\/grupo.us.es\/derematerialia\/estructuras-cristalinas\/wp-json\/wp\/v2\/media?parent=988"}],"curies":[{"name":"wp","href":"https:\/\/api.w.org\/{rel}","templated":true}]}}