{"id":982,"date":"2019-08-21T11:19:34","date_gmt":"2019-08-21T09:19:34","guid":{"rendered":"http:\/\/grupo.us.es\/derematerialia\/estructuras-cristalinas\/?page_id=982"},"modified":"2019-12-12T16:49:50","modified_gmt":"2019-12-12T15:49:50","slug":"agua","status":"publish","type":"page","link":"https:\/\/grupo.us.es\/derematerialia\/estructuras-cristalinas\/agua\/","title":{"rendered":"Agua"},"content":{"rendered":"<p style=\"text-align: justify;\">\u00bfC\u00f3mo se organizan las mol\u00e9culas de un material molecular en estado s\u00f3lido? La respuesta es previsible, pues, en general, adoptan un ordenamiento cristalino.<\/p>\n<p style=\"text-align: justify;\">El agua puede servirnos de ejemplo. En el agua las fuerzas secundarias entre mol\u00e9culas son originadas por la gran diferencia de electronegatividad entre el ox\u00edgeno y el hidr\u00f3geno. Cuando un \u00e1tomo de hidr\u00f3geno se une a un \u00e1tomo mucho m\u00e1s electronegativo que \u00e9l (como el ox\u00edgeno, el fl\u00faor o el nitr\u00f3geno), el par de electrones que forman el enlace se desplaza hacia el \u00e1tomo con mayor electronegatividad.<\/p>\n\n\n<center>\n<a href=\"http:\/\/grupo.us.es\/derematerialia\/estructurascristalinas\/5-1-1_1_agua.html\"><img loading=\"lazy\" decoding=\"async\" src=\"http:\/\/grupo.us.es\/derematerialia\/estructuras-cristalinas\/wp-content\/uploads\/sites\/4\/2019\/12\/agua.png\" alt=\"\" width=\"236\" height=\"177\"><\/a>\n<\/center>\n\n\n<p style=\"text-align: justify;\">El resultado es la aparici\u00f3n de una carga parcial positiva sobre el \u00e1tomo de hidr\u00f3geno y una carga parcial negativa sobre el otro \u00e1tomo. En virtud de estas cargas se establece una atracci\u00f3n electrost\u00e1tica entre los hidr\u00f3genos de una mol\u00e9cula y los ox\u00edgenos, en el caso del agua, de la mol\u00e9cula vecina. En esta situaci\u00f3n espec\u00edfica, las fuerzas secundarias suelen denominarse<em>\u00a0puentes de hidr\u00f3geno.<\/em><\/p>\n\n\n<table class=\"wp-block-table aligncenter\" style=\"width: 80%;\">\n<tbody>\n<tr>\n<td style=\"width: 33.3333%;\"><a href=\"http:\/\/grupo.us.es\/derematerialia\/estructurascristalinas\/5-1-1_2_agua.html\"><img decoding=\"async\" src=\"http:\/\/grupo.us.es\/derematerialia\/estructuras-cristalinas\/wp-content\/uploads\/sites\/4\/2019\/05\/5-1-1_2-150x150.jpg\" alt=\"\"><\/a><\/td>\n<td style=\"width: 33.3333%;\"><img decoding=\"async\" src=\"http:\/\/grupo.us.es\/derematerialia\/estructuras-cristalinas\/wp-content\/uploads\/sites\/4\/2019\/05\/5-1-1_3-150x150.jpg\" alt=\"\"><\/td>\n<td style=\"width: 33.3333%;\"><a href=\"http:\/\/grupo.us.es\/derematerialia\/estructurascristalinas\/5-1-1_4_agua.html\"><img decoding=\"async\" src=\"http:\/\/grupo.us.es\/derematerialia\/estructuras-cristalinas\/wp-content\/uploads\/sites\/4\/2019\/05\/5-1-1_4-150x150.jpg\" alt=\"\"><\/a><\/td>\n<\/tr>\n<tr>\n<td class=\"pie_img\" colspan=\"3\">(izq) Modelo de alambres de la estructura cristalina hexagonal del hielo, mostr\u00e1ndose en la imagen central una vista superior de la misma. (dcha) Modelo de esferas de la estructura cristalina hexagonal del hielo.<\/td>\n<\/tr>\n<\/tbody>\n<\/table>\n\n\n","protected":false},"excerpt":{"rendered":"<p>\u00bfC\u00f3mo se organizan las mol\u00e9culas de un material molecular en estado s\u00f3lido? La respuesta es previsible, pues, en general, adoptan un ordenamiento cristalino. El agua puede servirnos de ejemplo. En el agua las fuerzas secundarias entre mol\u00e9culas son originadas por la gran diferencia de electronegatividad entre el ox\u00edgeno y el hidr\u00f3geno. Cuando un \u00e1tomo de [&hellip;]<\/p>\n","protected":false},"author":1,"featured_media":0,"parent":0,"menu_order":0,"comment_status":"closed","ping_status":"closed","template":"","meta":{"ngg_post_thumbnail":0,"footnotes":"","_mc_calendar":[]},"_links":{"self":[{"href":"https:\/\/grupo.us.es\/derematerialia\/estructuras-cristalinas\/wp-json\/wp\/v2\/pages\/982"}],"collection":[{"href":"https:\/\/grupo.us.es\/derematerialia\/estructuras-cristalinas\/wp-json\/wp\/v2\/pages"}],"about":[{"href":"https:\/\/grupo.us.es\/derematerialia\/estructuras-cristalinas\/wp-json\/wp\/v2\/types\/page"}],"author":[{"embeddable":true,"href":"https:\/\/grupo.us.es\/derematerialia\/estructuras-cristalinas\/wp-json\/wp\/v2\/users\/1"}],"replies":[{"embeddable":true,"href":"https:\/\/grupo.us.es\/derematerialia\/estructuras-cristalinas\/wp-json\/wp\/v2\/comments?post=982"}],"version-history":[{"count":29,"href":"https:\/\/grupo.us.es\/derematerialia\/estructuras-cristalinas\/wp-json\/wp\/v2\/pages\/982\/revisions"}],"predecessor-version":[{"id":1850,"href":"https:\/\/grupo.us.es\/derematerialia\/estructuras-cristalinas\/wp-json\/wp\/v2\/pages\/982\/revisions\/1850"}],"wp:attachment":[{"href":"https:\/\/grupo.us.es\/derematerialia\/estructuras-cristalinas\/wp-json\/wp\/v2\/media?parent=982"}],"curies":[{"name":"wp","href":"https:\/\/api.w.org\/{rel}","templated":true}]}}