{"id":901,"date":"2019-08-19T11:44:26","date_gmt":"2019-08-19T09:44:26","guid":{"rendered":"http:\/\/grupo.us.es\/derematerialia\/estructuras-cristalinas\/?page_id=901"},"modified":"2019-12-03T11:58:48","modified_gmt":"2019-12-03T10:58:48","slug":"fluorita","status":"publish","type":"page","link":"https:\/\/grupo.us.es\/derematerialia\/estructuras-cristalinas\/fluorita\/","title":{"rendered":"Fluorita"},"content":{"rendered":"\n<p>Car\u00e1cter i\u00f3nico  \\(\\frac{r_{Ca^{2+}}}{r_{F^{-}}}= \\frac{0.099}{0.136}= 0.728\\Rightarrow\\) Cood. c\u00fabica<\/p>\n\n\n\n<table style=\"border-collapse: collapse; width: 100%; height: 77px;\">\n<tbody>\n<tr style=\"height: 51px;\">\n<td style=\"width: 40%; height: 51px;\">Estructura Cristalina<\/td>\n<td style=\"width: 60%; height: 51px;\">Red: <a href=\"http:\/\/grupo.us.es\/derematerialia\/estructuras-cristalinas\/redes-de-bravais\/\">CCC<\/a><\/td>\n<\/tr>\n<tr style=\"height: 26px;\">\n<td style=\"width: 40%; height: 26px;\">Base: 3 iones<\/td>\n<td style=\"width: 60%; height: 26px;\">\n<p>1 de Ca<sup>2+<\/sup> en posiciones N\u00a0<br \/>2 de F<sup>&#8211;<\/sup> en N+\\((\\frac{1}{4},\\frac{1}{4},\\frac{1}{4})\\) y N + \\((\\frac{1}{4},\\frac{3}{4},\\frac{1}{4})\\)<\/p>\n<\/td>\n<\/tr>\n<\/tbody>\n<\/table>\n\n\n\n<table class=\"wp-block-table aligncenter\" style=\"width: 50%;\">\n<tbody>\n<tr>\n<td style=\"width: 50%;\"><img decoding=\"async\" src=\"http:\/\/grupo.us.es\/derematerialia\/estructuras-cristalinas\/wp-content\/uploads\/sites\/4\/2019\/05\/fluorita_clip_image004.jpg\" alt=\"\" width=\"150\" \/><\/td>\n<td style=\"width: 50%;\"><a href=\"http:\/\/grupo.us.es\/derematerialia\/estructurascristalinas\/4-3_1_2_fluorita.html\"><img decoding=\"async\" src=\"http:\/\/grupo.us.es\/derematerialia\/estructuras-cristalinas\/wp-content\/uploads\/sites\/4\/2019\/05\/fluorita_clip_image005.jpg\" alt=\"\" width=\"150\" \/><\/a><\/td>\n<\/tr>\n<\/tbody>\n<\/table>\n\n\n\n<table class=\"wp-block-table aligncenter\" style=\"width: 100%;\">\n<tbody>\n<tr>\n<td style=\"width: 50%;\"><a href=\"http:\/\/grupo.us.es\/derematerialia\/estructurascristalinas\/4-3_1_1_fluorita.html\"><img decoding=\"async\" src=\"http:\/\/grupo.us.es\/derematerialia\/estructuras-cristalinas\/wp-content\/uploads\/sites\/4\/2019\/05\/4-3-1_1-CaF2-fluorita.jpg\" alt=\"\" width=\"300\" \/><\/a><\/td>\n<td style=\"width: 50%;\"><a href=\"http:\/\/grupo.us.es\/derematerialia\/estructurascristalinas\/4-3_1_3_fluorita.html\"><img decoding=\"async\" src=\"http:\/\/grupo.us.es\/derematerialia\/estructuras-cristalinas\/wp-content\/uploads\/sites\/4\/2019\/05\/4-3-1_3-CaF2-fluorita_celda.jpg\" alt=\"\" width=\"300\" \/><\/a><\/td>\n<\/tr>\n<\/tbody>\n<\/table>\n\n\n\n<p style=\"text-align: justify;\">Una descripci\u00f3n alternativa ser\u00eda:<br \/>Los Ca<sup>2+<\/sup>\u00a0ocupan las posiciones de la CCC<br \/>Los F<sup>&#8211;<\/sup>\u00a0se sit\u00faan en\u00a0<strong>todos<\/strong>\u00a0los I.T.<\/p>\n<p style=\"text-align: justify;\">N\u00famero iones\/celdilla 4 Ca<sup>2+<\/sup> 8 F<sup>&#8211;<\/sup><br \/>En estas estructuras, en las que el n\u00famero de cationes es distinto al de aniones, las coordinaciones ani\u00f3nica y cati\u00f3nica son diferentes<br \/>C. Ani\u00f3nica es 8 (c\u00fabica)<br \/>C. Cati\u00f3nica es 4 (tetra\u00e9drica)<br \/>Otros compuestos cristalizan seg\u00fan esta misma estructura<br \/>UO<sub>2<\/sub>, el ThO<sub>2<\/sub>\u00a0y TeO<sub>2<\/sub>.<\/p>\n","protected":false},"excerpt":{"rendered":"<p>Car\u00e1cter i\u00f3nico \\(\\frac{r_{Ca^{2+}}}{r_{F^{-}}}= \\frac{0.099}{0.136}= 0.728\\Rightarrow\\) Cood. c\u00fabica Estructura Cristalina Red: CCC Base: 3 iones 1 de Ca2+ en posiciones N\u00a02 de F&#8211; en N+\\((\\frac{1}{4},\\frac{1}{4},\\frac{1}{4})\\) y N + \\((\\frac{1}{4},\\frac{3}{4},\\frac{1}{4})\\) Una descripci\u00f3n alternativa ser\u00eda:Los Ca2+\u00a0ocupan las posiciones de la CCCLos F&#8211;\u00a0se sit\u00faan en\u00a0todos\u00a0los I.T. N\u00famero iones\/celdilla 4 Ca2+ 8 F&#8211;En estas estructuras, en las que el n\u00famero [&hellip;]<\/p>\n","protected":false},"author":1,"featured_media":0,"parent":0,"menu_order":0,"comment_status":"closed","ping_status":"closed","template":"","meta":{"ngg_post_thumbnail":0,"footnotes":"","_mc_calendar":[]},"_links":{"self":[{"href":"https:\/\/grupo.us.es\/derematerialia\/estructuras-cristalinas\/wp-json\/wp\/v2\/pages\/901"}],"collection":[{"href":"https:\/\/grupo.us.es\/derematerialia\/estructuras-cristalinas\/wp-json\/wp\/v2\/pages"}],"about":[{"href":"https:\/\/grupo.us.es\/derematerialia\/estructuras-cristalinas\/wp-json\/wp\/v2\/types\/page"}],"author":[{"embeddable":true,"href":"https:\/\/grupo.us.es\/derematerialia\/estructuras-cristalinas\/wp-json\/wp\/v2\/users\/1"}],"replies":[{"embeddable":true,"href":"https:\/\/grupo.us.es\/derematerialia\/estructuras-cristalinas\/wp-json\/wp\/v2\/comments?post=901"}],"version-history":[{"count":8,"href":"https:\/\/grupo.us.es\/derematerialia\/estructuras-cristalinas\/wp-json\/wp\/v2\/pages\/901\/revisions"}],"predecessor-version":[{"id":1805,"href":"https:\/\/grupo.us.es\/derematerialia\/estructuras-cristalinas\/wp-json\/wp\/v2\/pages\/901\/revisions\/1805"}],"wp:attachment":[{"href":"https:\/\/grupo.us.es\/derematerialia\/estructuras-cristalinas\/wp-json\/wp\/v2\/media?parent=901"}],"curies":[{"name":"wp","href":"https:\/\/api.w.org\/{rel}","templated":true}]}}