{"id":794,"date":"2019-07-19T07:41:08","date_gmt":"2019-07-19T05:41:08","guid":{"rendered":"http:\/\/grupo.us.es\/derematerialia\/estructuras-cristalinas\/?page_id=794"},"modified":"2019-12-03T08:33:57","modified_gmt":"2019-12-03T07:33:57","slug":"enlace-ionico","status":"publish","type":"page","link":"https:\/\/grupo.us.es\/derematerialia\/estructuras-cristalinas\/enlace-ionico\/","title":{"rendered":"Enlace i\u00f3nico"},"content":{"rendered":"\n<ul>\n<li style=\"text-align: justify;\">La&nbsp;<strong>valencia<\/strong>&nbsp;determina la proporci\u00f3n de los distintos iones intervinientes, para asegurar la&nbsp;<strong>electroneutralidad<\/strong>.<\/li>\n<li style=\"text-align: justify;\">Adem\u00e1s, los iones eligen la&nbsp;<strong>configuraci\u00f3n m\u00e1s estable<\/strong>&nbsp;(disposici\u00f3n de aniones y cationes que maximiza la atracci\u00f3n y minimiza la repulsi\u00f3n electrost\u00e1tica). Mayor&nbsp;<strong>estabilidad<\/strong>&nbsp;mientras mayor sea el n\u00famero de coordinaci\u00f3n. Para alcanzar la mayor estabilidad, debe existir \u00abcontacto real\u00bb entre los iones de distinto signo (la gran proximidad de iones del mismo signo genera fuerte repulsi\u00f3n).<\/li>\n<\/ul>\n\n\n\n<table class=\"wp-block-table aligncenter\" style=\"width: 80%;\">\n<tbody>\n<tr>\n<td style=\"width: 33.3333%;\"><img decoding=\"async\" src=\"http:\/\/grupo.us.es\/derematerialia\/estructuras-cristalinas\/wp-content\/uploads\/sites\/4\/2019\/11\/Fig-4-1c.png\" alt=\"\" width=\"200\"><\/td>\n<td style=\"width: 33.3333%;\"><img decoding=\"async\" src=\"http:\/\/grupo.us.es\/derematerialia\/estructuras-cristalinas\/wp-content\/uploads\/sites\/4\/2019\/11\/Fig-4-1b.png\" alt=\"\" width=\"200\"><\/td>\n<td style=\"width: 33.3333%;\"><img decoding=\"async\" src=\"http:\/\/grupo.us.es\/derematerialia\/estructuras-cristalinas\/wp-content\/uploads\/sites\/4\/2019\/11\/Fig-4-1a.png\" alt=\"\" width=\"200\"><\/td>\n<\/tr>\n<tr>\n<td class=\"pie_img\">Estable<\/td>\n<td class=\"pie_img\">Estable cr\u00edtica<\/td>\n<td class=\"pie_img\">Inestable<\/td>\n<\/tr>\n<\/tbody>\n<\/table>\n\n\n\n<p>La&nbsp;<em>relaci\u00f3n de radios<\/em>&nbsp;i\u00f3nicos determinar\u00e1 la configuraci\u00f3n m\u00e1s estable.<\/p>\n\n\n\n<table style=\"border-collapse: collapse; width: 100%; height: 393px;\">\n<tbody>\n<tr>\n<td style=\"text-align: center;\">Relaci\u00f3n de radios<\/td>\n<td style=\"text-align: center;\">N\u00famero de coordinaci\u00f3n<\/td>\n<td style=\"text-align: center;\">Tipo de coordinaci\u00f3n<\/td>\n<td style=\"text-align: center;\">Poliedro de coordinaci\u00f3n<\/td>\n<\/tr>\n<tr>\n<td style=\"text-align: center;\"> \\(x=\\frac{r_{\\texttt{A}}}{r_{\\texttt{B}}}\\)<\/td>\n<td style=\"text-align: center;\">(Z)<\/td>\n<td style=\"text-align: center;\">\u00a0<\/td>\n<td style=\"text-align: center;\">\u00a0<\/td>\n<\/tr>\n<tr>\n<td style=\"text-align: center;\"> \\(0&lt; x&lt; 0.155\\)<\/td>\n<td style=\"text-align: center;\">2<\/td>\n<td style=\"text-align: center;\">Lineal<\/td>\n<td style=\"text-align: center;\"><img decoding=\"async\" src=\"http:\/\/grupo.us.es\/derematerialia\/estructuras-cristalinas\/wp-content\/uploads\/sites\/4\/2019\/12\/Tabla-4-1-Coord-lineal.png\" alt=\"\" width=\"100\" \/><\/td>\n<\/tr>\n<tr>\n<td style=\"text-align: center;\"> \\(0.155\\leq x&lt; 0.225\\)<\/td>\n<td style=\"text-align: center;\">3<\/td>\n<td style=\"text-align: center;\">Triangular<\/td>\n<td style=\"text-align: center;\"><img decoding=\"async\" src=\"http:\/\/grupo.us.es\/derematerialia\/estructuras-cristalinas\/wp-content\/uploads\/sites\/4\/2019\/12\/Tabla-4-1-Coord-triangular.png\" alt=\"\" width=\"100\" \/><\/td>\n<\/tr>\n<tr>\n<td style=\"text-align: center;\"> \\(0.225\\leq x&lt; 0.414\\)<\/td>\n<td style=\"text-align: center;\">4<\/td>\n<td style=\"text-align: center;\">Tetra\u00e9drica<\/td>\n<td style=\"text-align: center;\"><img decoding=\"async\" src=\"http:\/\/grupo.us.es\/derematerialia\/estructuras-cristalinas\/wp-content\/uploads\/sites\/4\/2019\/12\/Tabla-4-1-Coord-tetraedrica.png\" alt=\"\" width=\"100\" \/><\/td>\n<\/tr>\n<tr>\n<td style=\"text-align: center;\"> \\(0.414\\leq x&lt; 0.732\\)<\/td>\n<td style=\"text-align: center;\">6<\/td>\n<td style=\"text-align: center;\">Octa\u00e9drica<\/td>\n<td style=\"text-align: center;\"><img decoding=\"async\" src=\"http:\/\/grupo.us.es\/derematerialia\/estructuras-cristalinas\/wp-content\/uploads\/sites\/4\/2019\/12\/Tabla-4-1-Coord-octaedrica.png\" alt=\"\" width=\"100\" \/><\/td>\n<\/tr>\n<tr>\n<td style=\"text-align: center;\"> \\(0.732\\leq x&lt; 1\\)<\/td>\n<td style=\"text-align: center;\">8<\/td>\n<td style=\"text-align: center;\">C\u00fabica<\/td>\n<td style=\"text-align: center;\"><img decoding=\"async\" src=\"http:\/\/grupo.us.es\/derematerialia\/estructuras-cristalinas\/wp-content\/uploads\/sites\/4\/2019\/12\/Tabla-4-1-Coord-cubica.png\" alt=\"\" width=\"100\" \/><\/td>\n<\/tr>\n<tr>\n<td style=\"text-align: center;\"> \\( x= 1\\)<\/td>\n<td style=\"text-align: center;\">12<\/td>\n<td style=\"text-align: center;\">Cubocta\u00e9drica<\/td>\n<td style=\"text-align: center;\"><img decoding=\"async\" src=\"http:\/\/grupo.us.es\/derematerialia\/estructuras-cristalinas\/wp-content\/uploads\/sites\/4\/2019\/12\/Tabla-4-1-Coord-cuboctaedrica.png\" alt=\"\" width=\"100\" \/><\/td>\n<\/tr>\n<\/tbody>\n<\/table>\n","protected":false},"excerpt":{"rendered":"<p>La&nbsp;valencia&nbsp;determina la proporci\u00f3n de los distintos iones intervinientes, para asegurar la&nbsp;electroneutralidad. Adem\u00e1s, los iones eligen la&nbsp;configuraci\u00f3n m\u00e1s estable&nbsp;(disposici\u00f3n de aniones y cationes que maximiza la atracci\u00f3n y minimiza la repulsi\u00f3n electrost\u00e1tica). Mayor&nbsp;estabilidad&nbsp;mientras mayor sea el n\u00famero de coordinaci\u00f3n. Para alcanzar la mayor estabilidad, debe existir \u00abcontacto real\u00bb entre los iones de distinto signo (la gran [&hellip;]<\/p>\n","protected":false},"author":1,"featured_media":0,"parent":0,"menu_order":0,"comment_status":"closed","ping_status":"closed","template":"","meta":{"ngg_post_thumbnail":0,"footnotes":"","_mc_calendar":[]},"_links":{"self":[{"href":"https:\/\/grupo.us.es\/derematerialia\/estructuras-cristalinas\/wp-json\/wp\/v2\/pages\/794"}],"collection":[{"href":"https:\/\/grupo.us.es\/derematerialia\/estructuras-cristalinas\/wp-json\/wp\/v2\/pages"}],"about":[{"href":"https:\/\/grupo.us.es\/derematerialia\/estructuras-cristalinas\/wp-json\/wp\/v2\/types\/page"}],"author":[{"embeddable":true,"href":"https:\/\/grupo.us.es\/derematerialia\/estructuras-cristalinas\/wp-json\/wp\/v2\/users\/1"}],"replies":[{"embeddable":true,"href":"https:\/\/grupo.us.es\/derematerialia\/estructuras-cristalinas\/wp-json\/wp\/v2\/comments?post=794"}],"version-history":[{"count":17,"href":"https:\/\/grupo.us.es\/derematerialia\/estructuras-cristalinas\/wp-json\/wp\/v2\/pages\/794\/revisions"}],"predecessor-version":[{"id":1788,"href":"https:\/\/grupo.us.es\/derematerialia\/estructuras-cristalinas\/wp-json\/wp\/v2\/pages\/794\/revisions\/1788"}],"wp:attachment":[{"href":"https:\/\/grupo.us.es\/derematerialia\/estructuras-cristalinas\/wp-json\/wp\/v2\/media?parent=794"}],"curies":[{"name":"wp","href":"https:\/\/api.w.org\/{rel}","templated":true}]}}